000
CXAK56 PAJK 281230
CF6AJN
PRELIMINARY LOCAL CLIMATOLOGICAL DATA (WS FORM: F-6)

                                          STATION:   JUNEAU
                                          MONTH:     APRIL
                                          YEAR:      2017
                                          LATITUDE:   58 22 N
                                          LONGITUDE: 134 35 W

  TEMPERATURE IN F:       :PCPN:    SNOW:  WIND      :SUNSHINE: SKY     :PK WND
================================================================================
1   2   3   4   5  6A  6B    7    8   9   10  11  12  13   14  15   16   17  18
                                     12Z  AVG MX 2MIN
DY MAX MIN AVG DEP HDD CDD  WTR  SNW DPTH SPD SPD DIR MIN PSBL S-S WX    SPD DR
================================================================================

 1  43  37  40   3  25   0 0.14  0.0    0 11.8 22 120   M    M  10 1      27 130
 2  42  35  39   1  26   0 0.08    T    0  8.3 22 120   M    M   9 1      27  90
 3  46  35  41   3  24   0 0.04    T    0  9.4 22 120   M    M  10 1      27 130
 4  54  34  44   6  21   0    T  0.0    0  7.2 26 100   M    M  10        31 100
 5  49  39  44   6  21   0 0.13  0.0    0 15.8 37 120   M    M  10 1      41 110
 6  50  29  40   2  25   0    T  0.0    0  7.8 21 130   M    M   7        25 120
 7  52  28  40   1  25   0 0.00  0.0    0  4.0 14 240   M    M   6        16 240
 8  48  32  40   1  25   0 0.11  0.0    0  6.5 22 120   M    M  10 1      27 120
 9  53  35  44   5  21   0    T  0.0    0  5.3 16 120   M    M   8        20 120
10  56  30  43   3  22   0 0.00  0.0    0  3.9 12 240   M    M   6        14 240
11  54  29  42   2  23   0 0.00  0.0    0  4.3 15 240   M    M   2        19 230
12  60  29  45   5  20   0 0.00  0.0    0  7.5 23  80   M    M   2        33  80
13  58  35  47   7  18   0 0.00  0.0    0  7.8 25  80   M    M   3        31  80
14  57  30  44   4  21   0 0.00  0.0    0  4.0 18  90   M    M   0        23  80
15  55  27  41   0  24   0    T  0.0    0  7.5 20 110   M    M   5        23 120
16  52  33  43   2  22   0 0.01  0.0    0  3.9 15 110   M    M   8        17 110
17  56  27  42   1  23   0 0.00  0.0    0 10.5 23  90   M    M   2 1      31  80
18  46  37  42   0  23   0 0.00  0.0    0 10.5 23  80   M    M   5        29  80
19  46  34  40  -2  25   0 0.05    T    0  3.0 10 290   M    M  10 1      14 290
20  49  38  44   2  21   0 0.08  0.0    0  2.8 10 250   M    M  10 1      13 250
21  53  33  43   1  22   0 0.01  0.0    0  3.7 13 230   M    M   8 1      15 230
22  62  29  46   4  19   0 0.00  0.0    0  5.0 20 100   M    M   4 1      28  80
23  62  30  46   3  19   0 0.00  0.0    0  4.4 13 240   M    M   2        14 250
24  56  37  47   4  18   0 0.04  0.0    0  7.8 18 130   M    M   8        23 140
25  60  38  49   6  16   0    T  0.0    0  5.0 15 110   M    M   8        19 110
26  57  33  45   1  20   0 0.01  0.0    0  6.7 20 120   M    M   7 8      23 130
27  49  42  46   2  19   0 0.74  0.0    0 19.3 30 120   M    M   9 1      35 130
================================================================================
SM 1425  895       588   0  1.44    T    193.7          M      179
================================================================================
AV 52.8 33.2                               7.2 FASTST   M    M   7    MAX(MPH)
                                 MISC ---->  # 37 120               # 41  110
================================================================================
NOTES:
# LAST OF SEVERAL OCCURRENCES

COLUMN 17 PEAK WIND IN M.P.H.

PRELIMINARY LOCAL CLIMATOLOGICAL DATA (WS FORM: F-6) , PAGE 2

                                          STATION:  JUNEAU
                                          MONTH:    APRIL
                                          YEAR:     2017
                                          LATITUDE:   58 22 N
                                          LONGITUDE: 134 35 W

[TEMPERATURE DATA]      [PRECIPITATION DATA]       SYMBOLS USED IN COLUMN 16

AVERAGE MONTHLY: 43.0   TOTAL FOR MONTH:   1.44    1 = FOG OR MIST
DPTR FM NORMAL:   2.4   DPTR FM NORMAL:   -1.21    2 = FOG REDUCING VISIBILITY
HIGHEST:    62 ON 23,22 GRTST 24HR  0.98 ON 31- 1      TO 1/4 MILE OR LESS
LOWEST:     27 ON 17,15                            3 = THUNDER
                        SNOW, ICE PELLETS, HAIL    4 = ICE PELLETS
                        TOTAL MONTH:    T          5 = HAIL
                        GRTST 24HR    T  ON 19-19  6 = FREEZING RAIN OR DRIZZLE
                        GRTST DEPTH:   0           7 = DUSTSTORM OR SANDSTORM:
                                                       VSBY 1/2 MILE OR LESS
                                                   8 = SMOKE OR HAZE
[NO. OF DAYS WITH]      [WEATHER - DAYS WITH]      9 = BLOWING SNOW
                                                   X = TORNADO
MAX 32 OR BELOW:   0    0.01 INCH OR MORE:  12
MAX 90 OR ABOVE:   0    0.10 INCH OR MORE:   4
MIN 32 OR BELOW:  11    0.50 INCH OR MORE:   1
MIN  0 OR BELOW:   0    1.00 INCH OR MORE:   0

[HDD (BASE 65) ]
TOTAL THIS MO.   588    CLEAR  (SCALE 0-3)   6
DPTR FM NORMAL   -77    PTCLDY (SCALE 4-7)  11
TOTAL FM JUL 1  7362    CLOUDY (SCALE 8-10) 10
DPTR FM NORMAL  -101

[CDD (BASE 65) ]
TOTAL THIS MO.     0
DPTR FM NORMAL     0    [PRESSURE DATA]
TOTAL FM JAN 1     0    HIGHEST SLP M ON M
DPTR FM NORMAL     0    LOWEST  SLP 29.03 ON  5

[REMARKS]
