000
CXUS54 KCRP 281300
CF6ALI
PRELIMINARY LOCAL CLIMATOLOGICAL DATA (WS FORM: F-6)

                                          STATION:   ALICE
                                          MONTH:     AUGUST
                                          YEAR:      2014
                                          LATITUDE:   27 44 N
                                          LONGITUDE:  98  1 W

  TEMPERATURE IN F:       :PCPN:    SNOW:  WIND      :SUNSHINE: SKY     :PK WND
================================================================================
1   2   3   4   5  6A  6B    7    8   9   10  11  12  13   14  15   16   17  18
                                     12Z  AVG MX 2MIN
DY MAX MIN AVG DEP HDD CDD  WTR  SNW DPTH SPD SPD DIR MIN PSBL S-S WX    SPD DR
================================================================================

 1 100  75  88   2   0  23 0.89  0.0    0  5.6 26  50   M    M   5 138    34  70
 2  90  72  81  -5   0  16 2.19  0.0    0  4.6 20  50   M    M   5 13     24  40
 3  95  73  84  -2   0  19 0.00  0.0    0  4.3 16 120   M    M   1 1      21 120
 4  98  74  86   0   0  21 0.00  0.0    0  4.4 17 140   M    M   2 8      21 140
 5  98  73  86   0   0  21 0.00  0.0    0  5.6 18 140   M    M   1 18     23 140
 6 100  74  87   1   0  22 0.00  0.0    0  8.9 23 130   M    M   1 1      30 130
 7 102  77  90   4   0  25 0.00  0.0    0 12.1 25 130   M    M   1 1      31 130
 8  99  76  88   2   0  23 0.00  0.0    0  9.2 26 170   M    M   1        33 160
 9  98  74  86   0   0  21 0.00  0.0    0  9.6 21 140   M    M   0 1      26 150
10  99  75  87   1   0  22 0.00  0.0    0  8.4 22 130   M    M   1 1      27 130
11 100  75  88   2   0  23 0.00  0.0    0  6.8 18 120   M    M   1 13     25 110
12 101  76  89   3   0  24 0.00  0.0    0  4.5 24 310   M    M   1 3      28 310
13 101  74  88   2   0  23 0.00  0.0    0  4.6 21 330   M    M   1 3      27 340
14 100  72  86   0   0  21 0.00  0.0    0  7.2 22 150   M    M   1        30 140
15 101  75  88   2   0  23    T  0.0    0 10.6 20 130   M    M   1        26 120
16 103  76  90   4   0  25 0.00  0.0    0 13.3 26 140   M    M   1        32 140
17 103  78  91   5   0  26 0.00  0.0    0 15.0 28 120   M    M   4        35 120
18 101  78  90   4   0  25 0.00  0.0    0 13.9 29 140   M    M   4 1      37 130
19 100  74  87   1   0  22 0.12  0.0    0 12.8 26 130   M    M   1        35 150
20 100  75  88   2   0  23 0.00  0.0    0 14.0 29 140   M    M   2 1      36 140
21 102  78  90   4   0  25 0.00  0.0    0 16.6 28 140   M    M   4 1      37 120
22 102  77  90   4   0  25 0.00  0.0    0 13.7 23 140   M    M   4        29 140
23 100  72  86   0   0  21 0.00  0.0    0  8.8 22 130   M    M   3 1      28 140
24 101  74  88   2   0  23 0.00  0.0    0  9.2 21 130   M    M   2 1      28 120
25 101  73  87   1   0  22 0.00  0.0    0  6.6 17 140   M    M   1 1      23 120
26 102  73  88   3   0  23 0.00  0.0    0  6.8 20 120   M    M   1        28 120
27 102  75  89   4   0  24 0.00  0.0    0 10.4 21  80   M    M   3 18     27  80
================================================================================
SM 2699 2018         0 611  3.20     0.0 247.5          M       53
================================================================================
AV100.0 74.7                               9.2 FASTST   M    M   2    MAX(MPH)
                                 MISC ---->  # 29 140               # 37  130
================================================================================
NOTES:
# LAST OF SEVERAL OCCURRENCES

COLUMN 17 PEAK WIND IN M.P.H.

PRELIMINARY LOCAL CLIMATOLOGICAL DATA (WS FORM: F-6) , PAGE 2

                                          STATION:  ALICE
                                          MONTH:    AUGUST
                                          YEAR:     2014
                                          LATITUDE:   27 44 N
                                          LONGITUDE:  98  1 W

[TEMPERATURE DATA]      [PRECIPITATION DATA]       SYMBOLS USED IN COLUMN 16

AVERAGE MONTHLY: 87.4   TOTAL FOR MONTH:   3.20    1 = FOG OR MIST
DPTR FM NORMAL:   1.4   DPTR FM NORMAL:    1.00    2 = FOG REDUCING VISIBILITY
HIGHEST:   103 ON 17,16 GRTST 24HR  3.08 ON  1- 2      TO 1/4 MILE OR LESS
LOWEST:     72 ON 23,14                            3 = THUNDER
                        SNOW, ICE PELLETS, HAIL    4 = ICE PELLETS
                        TOTAL MONTH:   0.0 INCH    5 = HAIL
                        GRTST 24HR     0.0         6 = FREEZING RAIN OR DRIZZLE
                        GRTST DEPTH:   0           7 = DUSTSTORM OR SANDSTORM:
                                                       VSBY 1/2 MILE OR LESS
                                                   8 = SMOKE OR HAZE
[NO. OF DAYS WITH]      [WEATHER - DAYS WITH]      9 = BLOWING SNOW
                                                   X = TORNADO
MAX 32 OR BELOW:   0    0.01 INCH OR MORE:   3
MAX 90 OR ABOVE:  27    0.10 INCH OR MORE:   3
MIN 32 OR BELOW:   0    0.50 INCH OR MORE:   2
MIN  0 OR BELOW:   0    1.00 INCH OR MORE:   1

[HDD (BASE 65) ]
TOTAL THIS MO.     0    CLEAR  (SCALE 0-3)  20
DPTR FM NORMAL     0    PTCLDY (SCALE 4-7)   7
TOTAL FM JUL 1     0    CLOUDY (SCALE 8-10)  0
DPTR FM NORMAL     0

[CDD (BASE 65) ]
TOTAL THIS MO.   611
DPTR FM NORMAL    46    [PRESSURE DATA]
TOTAL FM JAN 1  2688    HIGHEST SLP M ON M
DPTR FM NORMAL     4    LOWEST  SLP 29.72 ON 19

[REMARKS]
