000
CXUS54 KCRP 231300
CF6ALI
PRELIMINARY LOCAL CLIMATOLOGICAL DATA (WS FORM: F-6)

                                          STATION:   ALICE
                                          MONTH:     OCTOBER
                                          YEAR:      2014
                                          LATITUDE:   27 44 N
                                          LONGITUDE:  98  1 W

  TEMPERATURE IN F:       :PCPN:    SNOW:  WIND      :SUNSHINE: SKY     :PK WND
================================================================================
1   2   3   4   5  6A  6B    7    8   9   10  11  12  13   14  15   16   17  18
                                     12Z  AVG MX 2MIN
DY MAX MIN AVG DEP HDD CDD  WTR  SNW DPTH SPD SPD DIR MIN PSBL S-S WX    SPD DR
================================================================================

 1  93  72  83   6   0  18 0.00  0.0    0  7.2 21 130   M    M   4 12     43 100
 2  94  77  86   9   0  21 0.00  0.0    0 10.7 18 170   M    M   5 1      25 180
 3  88  64  76  -1   0  11 0.10  0.0    0 10.2 28 360   M    M   1 1      36 360
 4  86  60  73  -4   0   8 0.00  0.0    0  9.0 15  90   M    M   1        27  60
 5  89  63  76  -1   0  11 0.00  0.0    0  7.9 18 150   M    M   1 1      30  40
 6  92  71  82   6   0  17 0.00  0.0    0  6.5 18 140   M    M   4 12     24 140
 7  93  72  83   7   0  18 0.00  0.0    0  6.4 14 160   M    M   5 12     25 250
 8  93  70  82   6   0  17 0.00  0.0    0  8.3 18 140   M    M   4 12     27 170
 9  92  73  83   7   0  18 0.00  0.0    0 10.1 21 150   M    M   2 1      27 140
10  93  74  84   8   0  19 0.00  0.0    0 12.7 23 150   M    M   3        31 160
11  94  69  82   6   0  17    T  0.0    0  7.3 20 130   M    M   6 1      32 130
12  90  67  79   4   0  14    T  0.0    0 10.5 18 170   M    M   7        23 170
13  91  68  80   5   0  15 0.00  0.0    0 14.0 25 310   M    M   3        32 320
14  87  55  71  -4   0   6 0.00  0.0    0  8.0 20 330   M    M   0        24 340
15  88  50  69  -6   0   4 0.00  0.0    0  5.8 12 160   M    M   0        15 200
16  88  54  71  -4   0   6 0.00  0.0    0  9.1 17 160   M    M   0        23 120
17  90  56  73  -1   0   8 0.00  0.0    0  6.2 16 140   M    M   1 1      24 110
18  92  71  82   8   0  17    T  0.0    0  8.1 23  90   M    M   4 13     28  90
19  85  71  78   4   0  13 0.80  0.0    0  8.1 16  90   M    M   5 1      25 130
20  86  68  77   3   0  12 0.00  0.0    0  8.5 20  60   M    M   5 1      28  80
21  87  68  78   4   0  13 0.00  0.0    0 10.2 21  80   M    M   3 1      29 350
22  88  65  77   4   0  12 0.00  0.0    0  8.7 18  90   M    M   1        28  80
================================================================================
SM 1979 1458         0 295  0.90     0.0 193.5          M       65
================================================================================
AV 90.0 66.3                               8.8 FASTST   M    M   3    MAX(MPH)
                                 MISC ---->  # 28 360               # 43  100
================================================================================
NOTES:
# LAST OF SEVERAL OCCURRENCES

COLUMN 17 PEAK WIND IN M.P.H.

PRELIMINARY LOCAL CLIMATOLOGICAL DATA (WS FORM: F-6) , PAGE 2

                                          STATION:  ALICE
                                          MONTH:    OCTOBER
                                          YEAR:     2014
                                          LATITUDE:   27 44 N
                                          LONGITUDE:  98  1 W

[TEMPERATURE DATA]      [PRECIPITATION DATA]       SYMBOLS USED IN COLUMN 16

AVERAGE MONTHLY: 78.1   TOTAL FOR MONTH:   0.90    1 = FOG OR MIST
DPTR FM NORMAL:   2.7   DPTR FM NORMAL:   -1.47    2 = FOG REDUCING VISIBILITY
HIGHEST:    94 ON 11, 2 GRTST 24HR  0.80 ON 19-19      TO 1/4 MILE OR LESS
LOWEST:     50 ON 15                               3 = THUNDER
                        SNOW, ICE PELLETS, HAIL    4 = ICE PELLETS
                        TOTAL MONTH:   0.0 INCH    5 = HAIL
                        GRTST 24HR     0.0         6 = FREEZING RAIN OR DRIZZLE
                        GRTST DEPTH:   0           7 = DUSTSTORM OR SANDSTORM:
                                                       VSBY 1/2 MILE OR LESS
                                                   8 = SMOKE OR HAZE
[NO. OF DAYS WITH]      [WEATHER - DAYS WITH]      9 = BLOWING SNOW
                                                   X = TORNADO
MAX 32 OR BELOW:   0    0.01 INCH OR MORE:   2
MAX 90 OR ABOVE:  12    0.10 INCH OR MORE:   2
MIN 32 OR BELOW:   0    0.50 INCH OR MORE:   1
MIN  0 OR BELOW:   0    1.00 INCH OR MORE:   0

[HDD (BASE 65) ]
TOTAL THIS MO.     0    CLEAR  (SCALE 0-3)  12
DPTR FM NORMAL     0    PTCLDY (SCALE 4-7)  10
TOTAL FM JUL 1     0    CLOUDY (SCALE 8-10)  0
DPTR FM NORMAL     0

[CDD (BASE 65) ]
TOTAL THIS MO.   295
DPTR FM NORMAL    63    [PRESSURE DATA]
TOTAL FM JAN 1  3588    HIGHEST SLP M ON M
DPTR FM NORMAL   109    LOWEST  SLP 29.66 ON 13

[REMARKS]
