000
CXUS53 KDMX 250920
CF6ALO
PRELIMINARY LOCAL CLIMATOLOGICAL DATA (WS FORM: F-6)

                                          STATION:   WATERLOO IA
                                          MONTH:     MAY
                                          YEAR:      2016
                                          LATITUDE:   42 32 N
                                          LONGITUDE:  92 24 W

  TEMPERATURE IN F:       :PCPN:    SNOW:  WIND      :SUNSHINE: SKY     :PK WND
================================================================================
1   2   3   4   5  6A  6B    7    8   9   10  11  12  13   14  15   16   17  18
                                     12Z  AVG MX 2MIN
DY MAX MIN AVG DEP HDD CDD  WTR  SNW DPTH SPD SPD DIR MIN PSBL S-S WX    SPD DR
================================================================================

 1  49  43  46  -9  19   0 0.16  0.0    0 10.9 18  40   M    M  10 1      25  40
 2  64  35  50  -6  15   0 0.00  0.0    0  3.6 13  50   M    M   4 12     19  60
 3  69  37  53  -3  12   0 0.00  0.0    0  9.3 25 260   M    M   3        32 250
 4  66  40  53  -3  12   0 0.00  0.0    0 15.7 30 330   M    M   0        37 350
 5  70  33  52  -5  13   0 0.00  0.0    0  2.7 10 330   M    M   1        16 300
 6  87  50  69  12   0   4 0.00  0.0    0 12.6 24 240   M    M   0        29 240
 7  73  45  59   1   6   0    T  0.0    0 11.0 25 330   M    M   2 8      34 330
 8  72  38  55  -3  10   0    T  0.0    0  7.5 17 120   M    M   3        23 130
 9  61  54  58   0   7   0 0.45  0.0    0 16.2 26 120   M    M   9 138    32 120
10  64  53  59   1   6   0 0.02  0.0    0  9.4 17 100   M    M  10 1      21 110
11  64  52  58  -1   7   0 0.05  0.0    0  5.3 13 310   M    M   9 18     20 180
12  62  46  54  -5  11   0 0.00  0.0    0 10.5 22 270   M    M   5 1      29 260
13  67  39  53  -7  12   0 0.15  0.0    0 10.5 26 330   M    M   4 1      32 300
14  54  37  46 -14  19   0 0.00  0.0    0 15.9 30 310   M    M   4        36 320
15  65  32  49 -11  16   0 0.00  0.0    0  6.1 18 310   M    M   3        25 280
16  69  47  58  -3   7   0    T  0.0    0  9.8 24 220   M    M   5        32 220
17  68  42  55  -6  10   0 0.01  0.0    0  6.5 18  40   M    M   6 1      23  40
18  69  37  53  -8  12   0 0.00  0.0    0  2.3 12 160   M    M   0        15 140
19  72  39  56  -6   9   0 0.00  0.0    0  5.8 18 160   M    M   1        22 160
20  74  49  62   0   3   0 0.00  0.0    0  5.9 16 120   M    M   3        21 100
21  81  42  62   0   3   0 0.00  0.0    0  2.8 14 330   M    M   0 8      19 360
22  83  45  64   2   1   0 0.00  0.0    0  6.4 20 170   M    M   0 8      33 190
23  86  59  73  10   0   8 0.00  0.0    0 12.8 25 170   M    M   2        32 180
24  84  63  74  11   0   9 0.02  0.0    0  6.1 17 210   M    M   2        21 200
================================================================================
SM 1673 1057       210  21  0.86     0.0 205.6          M       86
================================================================================
AV 69.7 44.0                               8.6 FASTST   M    M   4    MAX(MPH)
                                 MISC ---->  # 30 330               # 37  350
================================================================================
NOTES:
# LAST OF SEVERAL OCCURRENCES

COLUMN 17 PEAK WIND IN M.P.H.

PRELIMINARY LOCAL CLIMATOLOGICAL DATA (WS FORM: F-6) , PAGE 2

                                          STATION:  WATERLOO IA
                                          MONTH:    MAY
                                          YEAR:     2016
                                          LATITUDE:   42 32 N
                                          LONGITUDE:  92 24 W

[TEMPERATURE DATA]      [PRECIPITATION DATA]       SYMBOLS USED IN COLUMN 16

AVERAGE MONTHLY: 56.9   TOTAL FOR MONTH:   0.86    1 = FOG OR MIST
DPTR FM NORMAL:  -2.5   DPTR FM NORMAL:   -2.60    2 = FOG REDUCING VISIBILITY
HIGHEST:    87 ON  6    GRTST 24HR  0.80 ON 30- 1      TO 1/4 MILE OR LESS
LOWEST:     32 ON 15                               3 = THUNDER
                        SNOW, ICE PELLETS, HAIL    4 = ICE PELLETS
                        TOTAL MONTH:   0.0 INCH    5 = HAIL
                        GRTST 24HR     0.0         6 = FREEZING RAIN OR DRIZZLE
                        GRTST DEPTH:   0           7 = DUSTSTORM OR SANDSTORM:
                                                       VSBY 1/2 MILE OR LESS
                                                   8 = SMOKE OR HAZE
[NO. OF DAYS WITH]      [WEATHER - DAYS WITH]      9 = BLOWING SNOW
                                                   X = TORNADO
MAX 32 OR BELOW:   0    0.01 INCH OR MORE:   7
MAX 90 OR ABOVE:   0    0.10 INCH OR MORE:   3
MIN 32 OR BELOW:   1    0.50 INCH OR MORE:   0
MIN  0 OR BELOW:   0    1.00 INCH OR MORE:   0

[HDD (BASE 65) ]
TOTAL THIS MO.   210    CLEAR  (SCALE 0-3)  13
DPTR FM NORMAL    45    PTCLDY (SCALE 4-7)   7
TOTAL FM JUL 1  6128    CLOUDY (SCALE 8-10)  4
DPTR FM NORMAL  -853

[CDD (BASE 65) ]
TOTAL THIS MO.    21
DPTR FM NORMAL   -11    [PRESSURE DATA]
TOTAL FM JAN 1    24    HIGHEST SLP M ON M
DPTR FM NORMAL   -16    LOWEST  SLP 29.64 ON  9

[REMARKS]
