000
CXUS55 KPUB 191210
CF6ALS
PRELIMINARY LOCAL CLIMATOLOGICAL DATA (WS FORM: F-6)
STATION: ALAMOSA CO
MONTH: APRIL
YEAR: 2024
LATITUDE: 37 27 N
LONGITUDE: 105 52 W
TEMPERATURE IN F: :PCPN: SNOW: WIND :SUNSHINE: SKY :PK WND
================================================================================
1 2 3 4 5 6A 6B 7 8 9 10 11 12 13 14 15 16 17 18
12Z AVG MX 2MIN
DY MAX MIN AVG DEP HDD CDD WTR SNW DPTH SPD SPD DIR MIN PSBL S-S WX SPD DR
================================================================================
1 43 30 37 -2 28 0 T T 0 7.1 17 170 M M 8 23 10
2 56 15 36 -4 29 0 0.00 0.0 0 8.7 20 330 M M 1 12 28 30
3 64 18 41 1 24 0 0.00 0.0 0 6.7 15 350 M M 0 21 320
4 67 19 43 3 22 0 0.00 0.0 0 8.4 23 230 M M 0 35 220
5 64 32 48 8 17 0 0.00 0.0 0 18.5 35 210 M M 2 8 51 190
6 48 24 36 -4 29 0 T T 0 19.5 40 270 M M 5 59 250
7 52 10 31 -10 34 0 0.00 0.0 0 7.1 23 270 M M 0 34 230
8 49 10 30 -11 35 0 0.00 0.0 0 4.2 14 330 M M 4 23 310
9 59 13 36 -5 29 0 0.00 0.0 0 6.5 18 350 M M 1 27 350
10 59 17 38 -3 27 0 0.00 0.0 0 9.8 23 350 M M 0 32 350
11 66 16 41 0 24 0 0.00 0.0 0 4.2 17 350 M M 1 22 10
12 72 17 45 3 20 0 0.00 0.0 0 7.0 25 240 M M 1 35 230
13 70 34 52 10 13 0 0.00 0.0 0 8.8 24 220 M M 0 32 200
14 70 20 45 3 20 0 0.00 0.0 0 6.9 22 210 M M 0 33 190
15 55 27 41 -1 24 0 0.00 0.0 0 15.2 35 230 M M 2 46 230
16 65 30 48 6 17 0 0.00 0.0 0 9.4 24 10 M M 2 33 20
17 69 18 44 1 21 0 0.00 0.0 0 10.6 29 240 M M 0 37 240
18 71 26 49 6 16 0 0.00 0.0 0 10.4 31 230 M M 0 41 230
================================================================================
SM 1099 376 429 0 T T 169.0 M 27
================================================================================
AV 61.1 20.9 9.4 FASTST M M 2 MAX(MPH)
MISC ----> 40 270 59 250
================================================================================
NOTES:
# LAST OF SEVERAL OCCURRENCES
COLUMN 17 PEAK WIND IN M.P.H.
PRELIMINARY LOCAL CLIMATOLOGICAL DATA (WS FORM: F-6) , PAGE 2
STATION: ALAMOSA CO
MONTH: APRIL
YEAR: 2024
LATITUDE: 37 27 N
LONGITUDE: 105 52 W
[TEMPERATURE DATA] [PRECIPITATION DATA] SYMBOLS USED IN COLUMN 16
AVERAGE MONTHLY: 41.0 TOTAL FOR MONTH: T 1 = FOG OR MIST
DPTR FM NORMAL: -0.1 DPTR FM NORMAL: -0.33 2 = FOG REDUCING VISIBILITY
HIGHEST: 72 ON 12 GRTST 24HR T ON 1- 1 TO 1/4 MILE OR LESS
LOWEST: 10 ON 8, 7 3 = THUNDER
SNOW, ICE PELLETS, HAIL 4 = ICE PELLETS
TOTAL MONTH: T 5 = HAIL
GRTST 24HR T ON 1- 1 6 = FREEZING RAIN OR DRIZZLE
GRTST DEPTH: 0 7 = DUSTSTORM OR SANDSTORM:
VSBY 1/2 MILE OR LESS
8 = SMOKE OR HAZE
[NO. OF DAYS WITH] [WEATHER - DAYS WITH] 9 = BLOWING SNOW
X = TORNADO
MAX 32 OR BELOW: 0 0.01 INCH OR MORE: 0
MAX 90 OR ABOVE: 0 0.10 INCH OR MORE: 0
MIN 32 OR BELOW: 17 0.50 INCH OR MORE: 0
MIN 0 OR BELOW: 0 1.00 INCH OR MORE: 0
[HDD (BASE 65) ]
TOTAL THIS MO. 429 CLEAR (SCALE 0-3) 15
DPTR FM NORMAL 0 PTCLDY (SCALE 4-7) 3
TOTAL FM JUL 1 6880 CLOUDY (SCALE 8-10) 0
DPTR FM NORMAL -642
[CDD (BASE 65) ]
TOTAL THIS MO. 0
DPTR FM NORMAL 0 [PRESSURE DATA]
TOTAL FM JAN 1 0 HIGHEST SLP M ON M
DPTR FM NORMAL 0 LOWEST SLP 29.36 ON 6
[REMARKS]