000
CXUS54 KAMA 291015
CF6AMA
PRELIMINARY LOCAL CLIMATOLOGICAL DATA (WS FORM: F-6)

                                          STATION:   AMARILLO
                                          MONTH:     JUNE
                                          YEAR:      2015
                                          LATITUDE:   35 13 N
                                          LONGITUDE: 101 42 W

  TEMPERATURE IN F:       :PCPN:    SNOW:  WIND      :SUNSHINE: SKY     :PK WND
================================================================================
1   2   3   4   5  6A  6B    7    8   9   10  11  12  13   14  15   16   17  18
                                     12Z  AVG MX 2MIN
DY MAX MIN AVG DEP HDD CDD  WTR  SNW DPTH SPD SPD DIR MIN PSBL S-S WX    SPD DR
================================================================================

 1  85  62  74   4   0   9 0.03  0.0    0 14.1 23 160   M    M   1        29 180
 2  87  58  73   2   0   8 0.00  0.0    0 14.2 24 180   M    M   0        29 170
 3  89  63  76   5   0  11 0.00  0.0    0 15.7 24 170   M    M   0        30 150
 4  91  65  78   7   0  13 0.00  0.0    0 18.6 32 160   M    M   0        38 160
 5  86  65  76   4   0  11 0.00  0.0    0 15.5 25 160   M    M   0        33 130
 6  84  63  74   2   0   9 0.00  0.0    0 13.3 24 170   M    M   0        31 150
 7  86  61  74   2   0   9 0.13  0.0    0 12.2 33 320   M    M   2 138    44 310
 8  86  63  75   3   0  10 0.01  0.0    0  6.0 14 360   M    M   2 3      16 360
 9  89  65  77   4   0  12 0.00  0.0    0  9.2 20 160   M    M   1        25 150
10  88  66  77   4   0  12 0.00  0.0    0 15.3 23 170   M    M   2        29 170
11  93  66  80   7   0  15 0.00  0.0    0 14.3 26 350   M    M   1        35 350
12  74  62  68  -6   0   3 0.99  0.0    0 13.3 38 350   M    M   9 13     44 350
13  79  60  70  -4   0   5 1.46  0.0    0  8.4 26 270   M    M   7 123    32 270
14  83  60  72  -2   0   7 1.27  0.0    0 11.1 29 190   M    M   2 138    42 200
15  78  60  69  -5   0   4 0.00  0.0    0  8.1 18  50   M    M   1        22  40
16  82  60  71  -4   0   6 0.00  0.0    0  6.9 12 150   M    M   2 1      17  80
17  84  64  74  -1   0   9 0.00  0.0    0  7.4 14 180   M    M   4 128    18 160
18  91  66  79   4   0  14 0.00  0.0    0  9.2 18 110   M    M   2 18     24 110
19  88  63  76   1   0  11 0.00  0.0    0 11.9 23 180   M    M   0        28 170
20  89  67  78   2   0  13 0.00  0.0    0 18.2 26 210   M    M   0        32 170
21  89  67  78   2   0  13 0.00  0.0    0 15.5 24 180   M    M   0        29 170
22  88  66  77   1   0  12 0.00  0.0    0 17.8 26 180   M    M   0        34 160
23  88  64  76   0   0  11 0.00  0.0    0 18.5 31 190   M    M   0        39 200
24  87  65  76  -1   0  11 0.00  0.0    0 17.2 25 200   M    M   0        31 180
25  89  66  78   1   0  13 0.00  0.0    0 13.6 25 210   M    M   0        30 210
26  85  66  76  -1   0  11 0.00  0.0    0 10.7 24  20   M    M   1        31  10
27  86  61  74  -3   0   9 0.00  0.0    0  5.8 12 160   M    M   0        16  10
28  94  65  80   3   0  15 0.00  0.0    0 10.7 20 230   M    M   2        25 230
================================================================================
SM 2418 1779         0 286  3.89     0.0 352.7          M       39
================================================================================
AV 86.4 63.5                              12.6 FASTST   M    M   1    MAX(MPH)
                                 MISC ---->  # 38 350               # 44  310
================================================================================
NOTES:
# LAST OF SEVERAL OCCURRENCES

COLUMN 17 PEAK WIND IN M.P.H.

PRELIMINARY LOCAL CLIMATOLOGICAL DATA (WS FORM: F-6) , PAGE 2

                                          STATION:  AMARILLO
                                          MONTH:    JUNE
                                          YEAR:     2015
                                          LATITUDE:   35 13 N
                                          LONGITUDE: 101 42 W

[TEMPERATURE DATA]      [PRECIPITATION DATA]       SYMBOLS USED IN COLUMN 16

AVERAGE MONTHLY: 74.9   TOTAL FOR MONTH:   3.89    1 = FOG OR MIST
DPTR FM NORMAL:   0.8   DPTR FM NORMAL:    0.91    2 = FOG REDUCING VISIBILITY
HIGHEST:    94 ON 28    GRTST 24HR  1.66 ON 13-14      TO 1/4 MILE OR LESS
LOWEST:     58 ON  2                               3 = THUNDER
                        SNOW, ICE PELLETS, HAIL    4 = ICE PELLETS
                        TOTAL MONTH:   0.0 INCH    5 = HAIL
                        GRTST 24HR     0.0         6 = FREEZING RAIN OR DRIZZLE
                        GRTST DEPTH:   0           7 = DUSTSTORM OR SANDSTORM:
                                                       VSBY 1/2 MILE OR LESS
                                                   8 = SMOKE OR HAZE
[NO. OF DAYS WITH]      [WEATHER - DAYS WITH]      9 = BLOWING SNOW
                                                   X = TORNADO
MAX 32 OR BELOW:   0    0.01 INCH OR MORE:   6
MAX 90 OR ABOVE:   4    0.10 INCH OR MORE:   4
MIN 32 OR BELOW:   0    0.50 INCH OR MORE:   3
MIN  0 OR BELOW:   0    1.00 INCH OR MORE:   2

[HDD (BASE 65) ]
TOTAL THIS MO.     0    CLEAR  (SCALE 0-3)  25
DPTR FM NORMAL    -5    PTCLDY (SCALE 4-7)   2
TOTAL FM JUL 1  3860    CLOUDY (SCALE 8-10)  1
DPTR FM NORMAL  -316

[CDD (BASE 65) ]
TOTAL THIS MO.   286
DPTR FM NORMAL    23    [PRESSURE DATA]
TOTAL FM JAN 1   335    HIGHEST SLP M ON M
DPTR FM NORMAL   -53    LOWEST  SLP 29.55 ON 11

[REMARKS]
