000
CXUS52 KGSP 270817
CF6AND
PRELIMINARY LOCAL CLIMATOLOGICAL DATA (WS FORM: F-6)

                                          STATION:   ANDERSON SC
                                          MONTH:     AUGUST
                                          YEAR:      2015
                                          LATITUDE:   34 30 N
                                          LONGITUDE:  82 43 W

  TEMPERATURE IN F:       :PCPN:    SNOW:  WIND      :SUNSHINE: SKY     :PK WND
================================================================================
1   2   3   4   5  6A  6B    7    8   9   10  11  12  13   14  15   16   17  18
                                     12Z  AVG MX 2MIN
DY MAX MIN AVG DEP HDD CDD  WTR  SNW DPTH SPD SPD DIR MIN PSBL S-S WX    SPD DR
================================================================================

 1  94  71  83   4   0  18 0.00    M    M  5.7 16  40   M    M   3        22  40
 2  95  64  80   1   0  15 0.00    M    M  4.6 15  70   M    M   1        20  70
 3  95  69  82   3   0  17 0.00    M    M  2.6 10 140   M    M   1        14 150
 4  99  70  85   6   0  20 0.00    M    M  2.7 13 280   M    M   0        17 260
 5 100  71  86   7   0  21 0.05    M    M  4.7 31 190   M    M   2 3      42 190
 6  91  71  81   2   0  16 0.24    M    M  6.7 32 220   M    M   3 138    43 230
 7  90  73  82   3   0  17    T    M    M  5.8 15 360   M    M   7        23 350
 8  89  71  80   1   0  15 0.00    M    M  5.0 13  80   M    M   3        18  80
 9  91  71  81   2   0  16 0.05    M    M  4.3 21 300   M    M   6        29 290
10  90  70  80   1   0  15 0.53    M    M  6.5 35 230   M    M   5 13     49 230
11  89  71  80   1   0  15 0.95    M    M  4.9 26 320   M    M   5 13     31 300
12  90  69  80   1   0  15    T    M    M  3.0 12 280   M    M   5 1      14 290
13  87  72  80   1   0  15 0.00    M    M  5.6 13  60   M    M   6        17  80
14  88  70  79   0   0  14 0.00    M    M  3.7 10 150   M    M   4        13 150
15  89  67  78  -1   0  13 0.00    M    M  2.9 12 350   M    M   2        14 350
16  88  68  78  -1   0  13 0.00    M    M  2.3 14 150   M    M   1        18 140
17  86  70  78  -1   0  13 0.50    M    M  3.3 18 210   M    M   6 13     21 210
18  82  71  77  -2   0  12 0.53    M    M  4.2 14 310   M    M   7 13     16 310
19  87  72  80   2   0  15 0.18    M    M  6.1 22 200   M    M   5 13     28 200
20  89  73  81   3   0  16 0.00    M    M  6.8 15 220   M    M   4        20 240
21  88  71  80   2   0  15 0.00    M    M  2.7 13  60   M    M   1        17  60
22  89  72  81   3   0  16    T    M    M  3.5 12  60   M    M   2        15  70
23  84  69  77  -1   0  12 0.52    M    M  2.3 13 220   M    M   4 13     16  20
24  89  69  79   1   0  14 0.00    M    M  3.1 12 260   M    M   1 12     14 220
25  88  68  78   0   0  13 0.00    M    M  3.4 12  60   M    M   0        18  40
26  86  66  76  -2   0  11 0.00    M    M  5.6 15  80   M    M   2        20  50
================================================================================
SM 2333 1819         0 392  3.55    M    112.0          M       86
================================================================================
AV 89.7 70.0                               4.3 FASTST   M    M   3    MAX(MPH)
                                 MISC ---->  # 35 230               # 49  230
================================================================================
NOTES:
# LAST OF SEVERAL OCCURRENCES

COLUMN 17 PEAK WIND IN M.P.H.

PRELIMINARY LOCAL CLIMATOLOGICAL DATA (WS FORM: F-6) , PAGE 2

                                          STATION:  ANDERSON SC
                                          MONTH:    AUGUST
                                          YEAR:     2015
                                          LATITUDE:   34 30 N
                                          LONGITUDE:  82 43 W

[TEMPERATURE DATA]      [PRECIPITATION DATA]       SYMBOLS USED IN COLUMN 16

AVERAGE MONTHLY: 79.8   TOTAL FOR MONTH:   3.55    1 = FOG OR MIST
DPTR FM NORMAL:   1.2   DPTR FM NORMAL:    0.38    2 = FOG REDUCING VISIBILITY
HIGHEST:   100 ON  5    GRTST 24HR  0.96 ON 17-18      TO 1/4 MILE OR LESS
LOWEST:     64 ON  2                               3 = THUNDER
                        SNOW, ICE PELLETS, HAIL    4 = ICE PELLETS
                        TOTAL MONTH:    M          5 = HAIL
                        GRTST 24HR    M  ON   M    6 = FREEZING RAIN OR DRIZZLE
                        GRTST DEPTH:  M  ON   M    7 = DUSTSTORM OR SANDSTORM:
                                                       VSBY 1/2 MILE OR LESS
                                                   8 = SMOKE OR HAZE
[NO. OF DAYS WITH]      [WEATHER - DAYS WITH]      9 = BLOWING SNOW
                                                   X = TORNADO
MAX 32 OR BELOW:   0    0.01 INCH OR MORE:   9
MAX 90 OR ABOVE:  10    0.10 INCH OR MORE:   7
MIN 32 OR BELOW:   0    0.50 INCH OR MORE:   5
MIN  0 OR BELOW:   0    1.00 INCH OR MORE:   0

[HDD (BASE 65) ]
TOTAL THIS MO.     0    CLEAR  (SCALE 0-3)  14
DPTR FM NORMAL     0    PTCLDY (SCALE 4-7)  12
TOTAL FM JUL 1     0    CLOUDY (SCALE 8-10)  0
DPTR FM NORMAL     0

[CDD (BASE 65) ]
TOTAL THIS MO.   392
DPTR FM NORMAL    36    [PRESSURE DATA]
TOTAL FM JAN 1  1646    HIGHEST SLP M ON M
DPTR FM NORMAL   315    LOWEST  SLP 29.74 ON  7

[REMARKS]
