000
CXAK56 PAJK 231230
CF6ANN
PRELIMINARY LOCAL CLIMATOLOGICAL DATA (WS FORM: F-6)

                                          STATION:   ANNETTE ISLAND
                                          MONTH:     OCTOBER
                                          YEAR:      2017
                                          LATITUDE:   55  1 N
                                          LONGITUDE: 131 34 W

  TEMPERATURE IN F:       :PCPN:    SNOW:  WIND      :SUNSHINE: SKY     :PK WND
================================================================================
1   2   3   4   5  6A  6B    7    8   9   10  11  12  13   14  15   16   17  18
                                     12Z  AVG MX 2MIN
DY MAX MIN AVG DEP HDD CDD  WTR  SNW DPTH SPD SPD DIR MIN PSBL S-S WX    SPD DR
================================================================================

 1  62  46  54   3  11   0 0.00  0.0    0  7.3 15 320   M    M   0        20 330
 2  63  42  53   3  12   0 0.00  0.0    0  3.4 13 120   M    M   0        18 130
 3  59  41  50   0  15   0 0.00  0.0    0  1.8  9 150   M    M   5        12 150
 4  59  38  49  -1  16   0 0.00  0.0    0  1.4  9 160   M    M   1 1      11 180
 5  53  39  46  -4  19   0 0.58  0.0    0   M  18 160   M    M   M 18     31 180
 6  57  44  51   2  14   0 0.43  0.0    0   M  32 160   M    M   M 1      21 180
 7  58  41  50   1  15   0 0.04  0.0    0   M  13 220   M    M   M        18 320
 8  53  40  47  -2  18   0 0.41  0.0    0   M  15 190   M    M   M 1      26 180
 9  53  38  46  -3  19   0 0.10  0.0    0   M   9 270   M    M   M        14 270
10  54  38  46  -2  19   0 0.00  0.0    0   M  15 330   M    M   M        21 320
11  53  38  46  -2  19   0    T  0.0    0   M   8 350   M    M   M        14  20
12   M   M   M   M   M   M    M    M    M  7.5 12 330   M    M   0         M  M
13   M   M   M   M   M   M 0.47    M    M  6.6 17 130   M    M   7 9      24 120
14   M   M   M   M   M   M 0.71  0.0    0  6.9 15 170   M    M   9 1      28 170
15   M   M   M   M   M   M 0.29  0.0    0  7.6 15 170   M    M   9        28 170
16  49  45  47   0  18   0 0.43  0.0    0  4.6  9 150   M    M   7        17 190
17  46  44  45  -2  20   0 0.16    M    M  7.3 29 130   M    M   7        39 120
18  47  42  45  -1  20   0 1.68  0.0    0 16.9 27 140   M    M  10        51 120
19  47  42  45  -1  20   0 0.78    M    0  5.1 16 120   M    M  10        24 120
20  47  43  45  -1  20   0 0.41    M    0  3.3  8 130   M    M   6 1       M  M
21  46  41  44  -1  21   0 0.35  0.0    0 12.8 21 110   M    M  10 1      35 120
22  54  44  49   4  16   0 0.39  0.0    0  7.2 15 130   M    M   7 1      22 180
================================================================================
SM  960  746       312   0  7.23     0.0  99.7          M       88
================================================================================
AV 53.3 41.4                               6.6 FASTST   M    M   6    MAX(MPH)
                                 MISC ---->  # 32 160               # 51  120
================================================================================
NOTES:
# LAST OF SEVERAL OCCURRENCES

COLUMN 17 PEAK WIND IN M.P.H.

PRELIMINARY LOCAL CLIMATOLOGICAL DATA (WS FORM: F-6) , PAGE 2

                                          STATION:  ANNETTE ISLAND
                                          MONTH:    OCTOBER
                                          YEAR:     2017
                                          LATITUDE:   55  1 N
                                          LONGITUDE: 131 34 W

[TEMPERATURE DATA]      [PRECIPITATION DATA]       SYMBOLS USED IN COLUMN 16

AVERAGE MONTHLY: 47.4   TOTAL FOR MONTH:   7.23    1 = FOG OR MIST
DPTR FM NORMAL:  -0.5   DPTR FM NORMAL:   -2.40    2 = FOG REDUCING VISIBILITY
HIGHEST:    63 ON  2    GRTST 24HR  1.68 ON 18-18      TO 1/4 MILE OR LESS
LOWEST:     38 ON 11,10                            3 = THUNDER
                        SNOW, ICE PELLETS, HAIL    4 = ICE PELLETS
                        TOTAL MONTH:   0.0 INCH    5 = HAIL
                        GRTST 24HR     0.0         6 = FREEZING RAIN OR DRIZZLE
                        GRTST DEPTH:   0           7 = DUSTSTORM OR SANDSTORM:
                                                       VSBY 1/2 MILE OR LESS
                                                   8 = SMOKE OR HAZE
[NO. OF DAYS WITH]      [WEATHER - DAYS WITH]      9 = BLOWING SNOW
                                                   X = TORNADO
MAX 32 OR BELOW:   0    0.01 INCH OR MORE:  15
MAX 90 OR ABOVE:   0    0.10 INCH OR MORE:  14
MIN 32 OR BELOW:   0    0.50 INCH OR MORE:   4
MIN  0 OR BELOW:   0    1.00 INCH OR MORE:   1

[HDD (BASE 65) ]
TOTAL THIS MO.   312    CLEAR  (SCALE 0-3)   4
DPTR FM NORMAL   -63    PTCLDY (SCALE 4-7)   6
TOTAL FM JUL 1   909    CLOUDY (SCALE 8-10)  5
DPTR FM NORMAL  -202

[CDD (BASE 65) ]
TOTAL THIS MO.     0
DPTR FM NORMAL     0    [PRESSURE DATA]
TOTAL FM JAN 1    44    HIGHEST SLP M ON M
DPTR FM NORMAL    27    LOWEST  SLP 28.83 ON M

[REMARKS]
