000
CXAK56 PANT 011251
CF6ANN

PRELIMINARY LOCAL CLIMATOLOGICAL DATA (WS FORM: F-6)

                                          STATION:   ANNETTE
                                          MONTH:     05
                                          YEAR:      2015
                                          LATITUDE:   55 02 N
                                          LONGITUDE: 131 34 W

  TEMPERATURE IN F:       :PCPN:    SNOW:  WIND      :SUNSHINE: SKY     :PK WND
================================================================================
1   2   3   4   5  6A  6B    7     8   9   10  11  12  13   14  15   16  17  18
                                      12Z  AVG MX 2MIN
DY MAX MIN AVG DEP HDD CDD  WTR   SNW DPTH SPD SPD DIR MIN PSBL S-S WX   SPD DR
================================================================================

 1  51  38  45  -2  20   0  0.17  0.0   0  2.8 13  180   M    M   M 1    19 230
 2  54  36  45  -2  20   0  0.00  0.0   0  1.9  9  190   M    M   M 1    13 200
 3  57  38  48   1  17   0  0.00  0.0   0  2.2  8  130   M    M   M 1    11 160
 4  60  46  53   5  12   0  0.00  0.0   0  3.2 10  320   M    M   M      13 300
 5  60  44  52   4  13   0  0.00  0.0   0  4.5 10  180   M    M   M      14 230
 6  57  41  49   1  16   0  0.00  0.0   0  4.4 14  130   M    M   M 1    19 130
 7  60  43  52   4  13   0  0.00  0.0   0  2.6 12  130   M    M   M      14 120
 8  72  45  59  10   6   0  0.00  0.0   0  3.8 10  130   M    M   M      13 190
 9  61  48  55   6  10   0     T  0.0   0  3.3  9  160   M    M   M      12 170
10  56  45  51   2  14   0     T  0.0   0  4.2 10  330   M    M   M      13 340
11  59  43  51   2  14   0  0.00  0.0   0  3.3  9  160   M    M   M      12 140
12  66  40  53   4  12   0  0.00  0.0   0  2.7  9  150   M    M   M 2    13 210
13  65  46  56   6   9   0  0.00  0.0   0  3.4 10  220   M    M   M 1    14 210
14  71  44  58   8   7   0  0.00  0.0   0  3.3  9  280   M    M   M 1    13 290
15  67  48  58   8   7   0  0.00  0.0   0  4.3 10  130   M    M   M      13 150
16  66  50  58   8   7   0  0.00  0.0   0  2.9  8  290   M    M   M      12 260
17  75  48  62  12   3   0  0.00  0.0   0  2.3  9  140   M    M   M 1    12 140
18  60  48  54   3  11   0     T  0.0   0  5.1 12  180   M    M   M 2    16 180
19  64  49  57   6   8   0     T  0.0   0  2.5  7  160   M    M   M 1    10 220
20  61  47  54   3  11   0  0.11  0.0   0  4.2 12  140   M    M   M 23   15 130
21  70  51  61  10   4   0  0.09  0.0   0  2.9  9  320   M    M   M 23   12 320
22  65  49  57   6   8   0  0.02  0.0   0  4.9 16  130   M    M   M 2    24 130
23  61  51  56   4   9   0  0.11  0.0   0  6.6 14  140   M    M   M 1    20 120
24  66  50  58   6   7   0  0.00  0.0   0  3.6 12  180   M    M   M 1    18 150
25  73  51  62  10   3   0  0.00  0.0   0  5.6 13  330   M    M   M      17 320
26  68  50  59   7   6   0  0.00  0.0   0  3.8  9  150   M    M   M 12   12 150
27  70  51  61   9   4   0  0.00  0.0   0  9.7 17  330   M    M   M      25 340
28  65  50  58   5   7   0     T  0.0   0  6.1 17  320   M    M   M      22 320
29  75  46  61   8   4   0  0.00  0.0   0  3.8  9  310   M    M   M 1    15 290
30  66  50  58   5   7   0  0.00  0.0   0  6.7 16  140   M    M   M 1    21 150
31  62  48  55   2  10   0  0.00  0.0   0  5.4 15  130   M    M   M 1    20 130
================================================================================
SM 1983 1434       299   0  0.50  0.0    126.0           M        M
================================================================================
AV 64.0 46.3                              4.1 FASTST  PSBL  %   M    MAX(MPH)
                                 MISC ---->  #  17  320                 25 340
================================================================================
NOTES:
# LAST OF SEVERAL OCCURRENCES

COLUMN 17 PEAK WIND IN M.P.H.

PRELIMINARY LOCAL CLIMATOLOGICAL DATA (WS FORM: F-6) , PAGE 2

                                          STATION:   ANNETTE
                                          MONTH:     05
                                          YEAR:      2015
                                          LATITUDE:  55 02 N
                                          LONGITUDE: 131 34 W

[TEMPERATURE DATA]      [PRECIPITATION DATA]       SYMBOLS USED IN COLUMN 16

AVERAGE MONTHLY:55.1   TOTAL FOR MONTH: 0.50       1 = FOG
DPTR FM NORMAL:  4.9   DPTR FM NORMAL: -5.06       2 = FOG REDUCING VISIBILITY
HIGHEST:    75 ON 29    GRTST 24HR   0.17 ON  1        TO 1/4 MILE OR LESS
LOWEST:     36 ON  2                               3 = THUNDER
                        SNOW, ICE PELLETS, HAIL    4 = ICE PELLETS
                        TOTAL MONTH:  0.0         5 = HAIL
                        GRTST 24HR   0.0           6 = GLAZE OR RIME
                        GRTST DEPTH:    0          7 = BLOWING DUST OR SAND:
                                                       VSBY 1/2 MILE OR LESS
                                                   8 = SMOKE OR HAZE
[NO. OF DAYS WITH]      [WEATHER - DAYS WITH]      9 = BLOWING SNOW
                                                   X = TORNADO
MAX 32 OR BELOW:   0    0.01 INCH OR MORE:   5
MAX 70 OR ABOVE:   7    0.10 INCH OR MORE:   3
MIN 32 OR BELOW:   0    0.50 INCH OR MORE:   0
MIN  0 OR BELOW:   0    1.00 INCH OR MORE:   0

[HDD (BASE 65) ]
TOTAL THIS MO.   299    CLEAR  (SCALE 0-3)   M
DPTR FM NORMAL  -162    PTCLDY (SCALE 4-7)   M
SEASONAL TOTAL  5619    CLOUDY (SCALE 8-10)  M
DPTR FM NORMAL  -787

[CDD (BASE 65) ]
TOTAL THIS MO.     0
DPTR FM NORMAL     0    [PRESSURE DATA]
SEASONAL TOTAL     0    HIGHEST SLP     M
DPTR FM NORMAL     0    LOWEST  SLP     M

[REMARKS]
#FINAL-05-15#
