000
CXUS53 KIWX 270800
CF6AOH
PRELIMINARY LOCAL CLIMATOLOGICAL DATA (WS FORM: F-6)

                                          STATION:   LIMA
                                          MONTH:     MAY
                                          YEAR:      2015
                                          LATITUDE:   40 42 N
                                          LONGITUDE:  84  1 W

  TEMPERATURE IN F:       :PCPN:    SNOW:  WIND      :SUNSHINE: SKY     :PK WND
================================================================================
1   2   3   4   5  6A  6B    7    8   9   10  11  12  13   14  15   16   17  18
                                     12Z  AVG MX 2MIN
DY MAX MIN AVG DEP HDD CDD  WTR  SNW DPTH SPD SPD DIR MIN PSBL S-S WX    SPD DR
================================================================================

 1  72  45  59   3   6   0    T  0.0    0  7.7 16  30   M    M   3 8      23  20
 2  73  46  60   3   5   0 0.00  0.0    0  5.4 18 270   M    M   1 8      23 270
 3  77  50  64   7   1   0 0.00  0.0    0  8.6 20 230   M    M   2        28 260
 4  73  58  66   9   0   1 0.03  0.0    0  8.3 25 260   M    M   5 1      30 270
 5  79  54  67   9   0   2 0.19  0.0    0  7.2 18 260   M    M   6 18     22 260
 6  80  53  67   9   0   2 0.00  0.0    0  5.6 12 360   M    M   4 128    15  20
 7  86  57  72  14   0   7 0.00  0.0    0  6.8 13 160   M    M   1 18     17 180
 8  87  62  75  17   0  10 0.00  0.0    0  8.6 18 200   M    M   0        22 190
 9  84  64  74  15   0   9 0.41  0.0    0  8.1 21 230   M    M   4 13     27 220
10  81  65  73  14   0   8 0.17  0.0    0  6.4 15 190   M    M   4 1       M  M
11  84  64  74  15   0   9 0.28  0.0    0 12.4 41 240   M    M   3 138    50 240
12  65  50  58  -2   7   0    T  0.0    0 18.7 31 250   M    M   6        38 240
13  60  43  52  -8  13   0 0.00  0.0    0 10.1 17 350   M    M   2        23 350
14  64  39  52  -8  13   0 0.00  0.0    0  8.4 15 120   M    M   0        23 120
15  80  54  67   6   0   2 0.10  0.0    0 11.2 23 230   M    M   6 1      27 230
16  73  64  69   8   0   4 0.70  0.0    0  7.1 17 240   M    M   5 18     22 230
17  82  66  74  13   0   9 0.00  0.0    0  9.3 17 220   M    M   7 18     25 210
18  80  66  73  11   0   8 0.00  0.0    0 10.9 18 220   M    M   3        24 240
19  67  44  56  -6   9   0 0.00  0.0    0 13.6 18 320   M    M   6        26 280
20  56  38  47 -15  18   0 0.03    M    0  7.5 16  20   M    M   3        19  30
21  59  44  52 -10  13   0    T  0.0    0  8.5 18 300   M    M   7        24 280
22  71  47  59  -4   6   0 0.00  0.0    0  6.3 15 340   M    M   0        18 340
23  78  43  61  -2   4   0 0.00  0.0    0  5.5 15 220   M    M   0        21 210
24  82  55  69   6   0   4 0.00  0.0    0  9.9 18 180   M    M   1        24 160
25  79  66  73   9   0   8    T  0.0    0 14.5 29 220   M    M   3        38 200
26  87  66  77  13   0  12 0.67  0.0    0 12.6 36 240   M    M   4 138    41 230
================================================================================
SM 1959 1403        95  95  2.58     0.0 239.2          M       86
================================================================================
AV 75.3 54.0                               9.2 FASTST   M    M   3    MAX(MPH)
                                 MISC ---->  # 41 240               # 50  240
================================================================================
NOTES:
# LAST OF SEVERAL OCCURRENCES

COLUMN 17 PEAK WIND IN M.P.H.

PRELIMINARY LOCAL CLIMATOLOGICAL DATA (WS FORM: F-6) , PAGE 2

                                          STATION:  LIMA
                                          MONTH:    MAY
                                          YEAR:     2015
                                          LATITUDE:   40 42 N
                                          LONGITUDE:  84  1 W

[TEMPERATURE DATA]      [PRECIPITATION DATA]       SYMBOLS USED IN COLUMN 16

AVERAGE MONTHLY: 64.7   TOTAL FOR MONTH:   2.58    1 = FOG OR MIST
DPTR FM NORMAL:   4.5   DPTR FM NORMAL:   -0.68    2 = FOG REDUCING VISIBILITY
HIGHEST:    87 ON 26, 8 GRTST 24HR  0.70 ON 16-16      TO 1/4 MILE OR LESS
LOWEST:     38 ON 20                               3 = THUNDER
                        SNOW, ICE PELLETS, HAIL    4 = ICE PELLETS
                        TOTAL MONTH:   0.0 INCH    5 = HAIL
                        GRTST 24HR     0.0         6 = FREEZING RAIN OR DRIZZLE
                        GRTST DEPTH:   0           7 = DUSTSTORM OR SANDSTORM:
                                                       VSBY 1/2 MILE OR LESS
                                                   8 = SMOKE OR HAZE
[NO. OF DAYS WITH]      [WEATHER - DAYS WITH]      9 = BLOWING SNOW
                                                   X = TORNADO
MAX 32 OR BELOW:   0    0.01 INCH OR MORE:   9
MAX 90 OR ABOVE:   0    0.10 INCH OR MORE:   7
MIN 32 OR BELOW:   0    0.50 INCH OR MORE:   2
MIN  0 OR BELOW:   0    1.00 INCH OR MORE:   0

[HDD (BASE 65) ]
TOTAL THIS MO.    95    CLEAR  (SCALE 0-3)  10
DPTR FM NORMAL   -69    PTCLDY (SCALE 4-7)  16
TOTAL FM JUL 1  6023    CLOUDY (SCALE 8-10)  0
DPTR FM NORMAL   214

[CDD (BASE 65) ]
TOTAL THIS MO.    95
DPTR FM NORMAL    56    [PRESSURE DATA]
TOTAL FM JAN 1    98    HIGHEST SLP M ON M
DPTR FM NORMAL    49    LOWEST  SLP 29.77 ON 11

[REMARKS]
