000
CXUS55 KCTP 231131
CF6AOO
PRELIMINARY LOCAL CLIMATOLOGICAL DATA (WS FORM: F-6)

                                          STATION:   ALTOONA
                                          MONTH:     JANUARY
                                          YEAR:      2017
                                          LATITUDE:   40 17 N
                                          LONGITUDE:  78 19 W

  TEMPERATURE IN F:       :PCPN:    SNOW:  WIND      :SUNSHINE: SKY     :PK WND
================================================================================
1   2   3   4   5  6A  6B    7    8   9   10  11  12  13   14  15   16   17  18
                                     12Z  AVG MX 2MIN
DY MAX MIN AVG DEP HDD CDD  WTR  SNW DPTH SPD SPD DIR MIN PSBL S-S WX    SPD DR
================================================================================

 1  44  33  39  12  26   0    T    M    M  6.7 24 260   M    M   5        30 250
 2  39  34  37  10  28   0 0.13    M    M  5.0 12 150   M    M  10 1      14 150
 3  41  38  40  13  25   0 0.62    M    M  2.2  8 140   M    M  10 1      10 150
 4  47  23  35   8  30   0 0.02    M    M 17.6 31 270   M    M   8 1      44 260
 5  28  19  24  -3  41   0 0.01    M    M  9.7 23 280   M    M   7 1      31 280
 6  23  10  17 -10  48   0    T    M    M  7.8 16 330   M    M   4 1      22 330
 7  18  10  14 -13  51   0    T    M    M 11.5 25 300   M    M   6        35 320
 8  17   8  13 -14  52   0    T    M    M 14.0 22 290   M    M   7        32 290
 9  25   6  16 -11  49   0 0.00  0.0    M  7.6 18 220   M    M   4        24 220
10  35  16  26  -1  39   0 0.15    M    M  6.9 21 210   M    M   8 1268   28 180
11  52  35  44  17  21   0 0.29    M    M  9.8 20 160   M    M   4 1      26 160
12  66  45  56  29   9   0 0.23    M    M 12.4 28 230   M    M   9 1      38 220
13  49  29  39  12  26   0 0.00    M    M  9.5 15 310   M    M   3        19 330
14  31  26  29   2  36   0 0.02    M    M  3.9 10 150   M    M   7 16     12 160
15  36  25  31   4  34   0 0.00    M    M  3.4  8 310   M    M   1 1      10 320
16  37  22  30   3  35   0 0.03    M    M  0.6  6 170   M    M   8 1       7 160
17  41  33  37  10  28   0 0.18    M    M  1.7 10 350   M    M  10 12     12 350
18  48  36  42  15  23   0    T    M    M  9.7 24 290   M    M  10 12     32 280
19  45  30  38  11  27   0 0.00    M    M  4.4 13 290   M    M   6 1      17 290
20  44  29  37  10  28   0 0.13    M    M  1.7  8 180   M    M   7 12     10 180
21  50  35  43  16  22   0 0.00    M    M  1.4  8  10   M    M   9 12      9  50
22  46  41  44  17  21   0 0.05    M    M  2.9 13  80   M    M  10 12     18  80
================================================================================
SM  862  583       699   0  1.86     0.0 150.4          M      153
================================================================================
AV 39.2 26.5                               6.8 FASTST   M    M   7    MAX(MPH)
                                 MISC ---->    31   M                 44    M
================================================================================
NOTES:
# LAST OF SEVERAL OCCURRENCES

COLUMN 17 PEAK WIND IN M.P.H.

PRELIMINARY LOCAL CLIMATOLOGICAL DATA (WS FORM: F-6) , PAGE 2

                                          STATION:  ALTOONA
                                          MONTH:    JANUARY
                                          YEAR:     2017
                                          LATITUDE:   40 17 N
                                          LONGITUDE:  78 19 W

[TEMPERATURE DATA]      [PRECIPITATION DATA]       SYMBOLS USED IN COLUMN 16

AVERAGE MONTHLY: 32.8   TOTAL FOR MONTH:   1.86    1 = FOG OR MIST
DPTR FM NORMAL:   5.8   DPTR FM NORMAL:    0.34    2 = FOG REDUCING VISIBILITY
HIGHEST:    66 ON 12    GRTST 24HR  0.63 ON  3- 4      TO 1/4 MILE OR LESS
LOWEST:      6 ON  9                               3 = THUNDER
                        SNOW, ICE PELLETS, HAIL    4 = ICE PELLETS
                        TOTAL MONTH:   0.0 INCH    5 = HAIL
                        GRTST 24HR     0.0         6 = FREEZING RAIN OR DRIZZLE
                        GRTST DEPTH:  M  ON   M    7 = DUSTSTORM OR SANDSTORM:
                                                       VSBY 1/2 MILE OR LESS
                                                   8 = SMOKE OR HAZE
[NO. OF DAYS WITH]      [WEATHER - DAYS WITH]      9 = BLOWING SNOW
                                                   X = TORNADO
MAX 32 OR BELOW:   6    0.01 INCH OR MORE:  12
MAX 90 OR ABOVE:   0    0.10 INCH OR MORE:   7
MIN 32 OR BELOW:  13    0.50 INCH OR MORE:   1
MIN  0 OR BELOW:   0    1.00 INCH OR MORE:   0

[HDD (BASE 65) ]
TOTAL THIS MO.   699    CLEAR  (SCALE 0-3)   1
DPTR FM NORMAL  -137    PTCLDY (SCALE 4-7)  13
TOTAL FM JUL 1  2689    CLOUDY (SCALE 8-10)  8
DPTR FM NORMAL  -522

[CDD (BASE 65) ]
TOTAL THIS MO.     0
DPTR FM NORMAL     0    [PRESSURE DATA]
TOTAL FM JAN 1     0    HIGHEST SLP M ON M
DPTR FM NORMAL     0    LOWEST  SLP 29.49 ON  3

[REMARKS]
