000
CXUS55 KBOU 240758
CF6APA
PRELIMINARY LOCAL CLIMATOLOGICAL DATA (WS FORM: F-6)

                                          STATION:   CENTENNIAL CO
                                          MONTH:     MAY
                                          YEAR:      2016
                                          LATITUDE:   39 33 N
                                          LONGITUDE: 104 51 W

  TEMPERATURE IN F:       :PCPN:    SNOW:  WIND      :SUNSHINE: SKY     :PK WND
================================================================================
1   2   3   4   5  6A  6B    7    8   9   10  11  12  13   14  15   16   17  18
                                     12Z  AVG MX 2MIN
DY MAX MIN AVG DEP HDD CDD  WTR  SNW DPTH SPD SPD DIR MIN PSBL S-S WX    SPD DR
================================================================================

 1  38  29  34 -17  31   0 0.05    M    M  8.3 20 340   M    M   9 1      24 350
 2  56  23  40 -11  25   0 0.00    M    M  2.6  8 200   M    M   2        10  40
 3  64  36  50  -1  15   0 0.00    M    M  9.0 23 350   M    M   2        28 360
 4  73  37  55   3  10   0 0.00    M    M  6.1 15 130   M    M   1        18 130
 5  79  47  63  11   2   0 0.00    M    M  8.7 22 110   M    M   5        27 110
 6  78  48  63  11   2   0    T    M    M  8.7 28 170   M    M   6 3      37 250
 7  55  37  46  -7  19   0 0.06    M    M 10.7 23  20   M    M   8 13     28  10
 8  63  36  50  -3  15   0    T    M    M  6.9 25 260   M    M   6 3      33 250
 9  66  42  54   0  11   0    T    M    M  7.6 36 300   M    M   7        52 310
10  63  44  54   0  11   0    T    M    M  7.2 20 110   M    M   6 3      26  50
11  58  36  47  -7  18   0    T    M    M  8.8 21 110   M    M   5        25 100
12  70  35  53  -1  12   0 0.00    M    M  6.5 16 150   M    M   2        21 150
13  72  44  58   3   7   0 0.00    M    M 10.0 23 340   M    M   6        27  90
14  54  43  49  -6  16   0    T    M    M  7.8 18 360   M    M   9        23 350
15  60  40  50  -6  15   0    T    M    M  6.0 25 330   M    M   9        32 310
16  47  38  43 -13  22   0 0.48    M    M  7.5 18 350   M    M   9 128    22 330
17  47  37  42 -14  23   0 0.22    M    M  5.0 15 150   M    M  10 1      21 140
18  65  40  53  -3  12   0 0.00    M    M  8.6 20 160   M    M   3        23 170
19  72  39  56  -1   9   0 0.00    M    M  6.7 18 150   M    M   4        23 150
20  77  45  61   4   4   0 0.00    M    M 10.4 25 170   M    M   6        34 170
21  82  53  68  11   0   3 0.00    M    M 14.0 28 200   M    M   6        33 150
22  77  51  64   6   1   0    T    M    M 10.3 25 360   M    M   4        31 360
23  69  43  56  -2   9   0    T    M    M 10.4 26 150   M    M   6 38     37 130
================================================================================
SM 1485  923       289   3  0.81    M    187.8          M      131
================================================================================
AV 64.6 40.1                               8.2 FASTST   M    M   6    MAX(MPH)
                                 MISC ---->  # 36 300               # 52  310
================================================================================
NOTES:
# LAST OF SEVERAL OCCURRENCES

COLUMN 17 PEAK WIND IN M.P.H.

PRELIMINARY LOCAL CLIMATOLOGICAL DATA (WS FORM: F-6) , PAGE 2

                                          STATION:  CENTENNIAL CO
                                          MONTH:    MAY
                                          YEAR:     2016
                                          LATITUDE:   39 33 N
                                          LONGITUDE: 104 51 W

[TEMPERATURE DATA]      [PRECIPITATION DATA]       SYMBOLS USED IN COLUMN 16

AVERAGE MONTHLY: 52.3   TOTAL FOR MONTH:   0.81    1 = FOG OR MIST
DPTR FM NORMAL:  -2.1   DPTR FM NORMAL:   -0.96    2 = FOG REDUCING VISIBILITY
HIGHEST:    82 ON 21    GRTST 24HR  0.52 ON 16-17      TO 1/4 MILE OR LESS
LOWEST:     23 ON  2                               3 = THUNDER
                        SNOW, ICE PELLETS, HAIL    4 = ICE PELLETS
                        TOTAL MONTH:    M          5 = HAIL
                        GRTST 24HR    M  ON   M    6 = FREEZING RAIN OR DRIZZLE
                        GRTST DEPTH:  M  ON   M    7 = DUSTSTORM OR SANDSTORM:
                                                       VSBY 1/2 MILE OR LESS
                                                   8 = SMOKE OR HAZE
[NO. OF DAYS WITH]      [WEATHER - DAYS WITH]      9 = BLOWING SNOW
                                                   X = TORNADO
MAX 32 OR BELOW:   0    0.01 INCH OR MORE:   4
MAX 90 OR ABOVE:   0    0.10 INCH OR MORE:   2
MIN 32 OR BELOW:   2    0.50 INCH OR MORE:   0
MIN  0 OR BELOW:   0    1.00 INCH OR MORE:   0

[HDD (BASE 65) ]
TOTAL THIS MO.   289    CLEAR  (SCALE 0-3)   4
DPTR FM NORMAL    43    PTCLDY (SCALE 4-7)  14
TOTAL FM JUL 1  5598    CLOUDY (SCALE 8-10)  5
DPTR FM NORMAL  -465

[CDD (BASE 65) ]
TOTAL THIS MO.     3
DPTR FM NORMAL     3    [PRESSURE DATA]
TOTAL FM JAN 1     3    HIGHEST SLP M ON M
DPTR FM NORMAL     3    LOWEST  SLP 29.46 ON  9

[REMARKS]
