000
CXUS55 KBOU 010731
CF6APA
PRELIMINARY LOCAL CLIMATOLOGICAL DATA (WS FORM: F-6)

                                          STATION:   CENTENNIAL CO
                                          MONTH:     APRIL
                                          YEAR:      2016
                                          LATITUDE:   39 33 N
                                          LONGITUDE: 104 51 W

  TEMPERATURE IN F:       :PCPN:    SNOW:  WIND      :SUNSHINE: SKY     :PK WND
================================================================================
1   2   3   4   5  6A  6B    7    8   9   10  11  12  13   14  15   16   17  18
                                     12Z  AVG MX 2MIN
DY MAX MIN AVG DEP HDD CDD  WTR  SNW DPTH SPD SPD DIR MIN PSBL S-S WX    SPD DR
================================================================================

 1  48  21  35  -8  30   0 0.00    M    M  6.0 17 350   M    M   2        21  20
 2  62  32  47   4  18   0 0.00    M    M  8.1 17 150   M    M   2        21 140
 3  67  34  51   8  14   0 0.00    M    M  6.9 18 320   M    M   3        23 320
 4  71  37  54  11  11   0 0.00    M    M  5.5 15 200   M    M   5        18 200
 5  67  35  51   7  14   0 0.00    M    M 13.8 43 310   M    M   5        54 320
 6  43  32  38  -6  27   0 0.00    M    M  8.6 14 300   M    M   3         M  M
 7  62  37  50   6  15   0 0.00    M    M  6.5 17 100   M    M   5        22 100
 8  62  37  50   6  15   0 0.00    M    M  6.8 15 160   M    M   6        18 160
 9  70  42  56  12   9   0 0.02    M    M  8.3 21 310   M    M   6        32 310
10  65  37  51   6  14   0 0.20    M    M  8.1 33  10   M    M   7 13     42  10
11  58  37  48   3  17   0 0.00    M    M  5.5 15 170   M    M   7        17 170
12  69  36  53   8  12   0 0.21    M    M  7.4 20 210   M    M   4 38     35 320
13  70  38  54   9  11   0    T    M    M  6.0 32 200   M    M   4        42 200
14  73  45  59  13   6   0 0.00    M    M  9.1 31 230   M    M   7        37 230
15  54  33  44  -2  21   0 0.12    M    M 11.0 26 360   M    M   8 1      33 360
16  33  30  32 -14  33   0 0.63    M    M 18.1 33 350   M    M  10 129    40 350
17  35  29  32 -14  33   0 0.06    M    M 13.7 29 350   M    M  10 18     36  10
18  39  29  34 -13  31   0 0.00    M    M  4.6 12 210   M    M   8        15 210
19  46  31  39  -8  26   0 0.10    M    M  4.7 14 170   M    M   7 1      16 180
20  51  30  41  -6  24   0    T    M    M  5.2 12 200   M    M   6        14  90
21  60  35  48   0  17   0 0.00    M    M  5.4 15 160   M    M   2        18 170
22  75  43  59  11   6   0 0.00    M    M 11.5 21 200   M    M   3 8      26 150
23  75  43  59  11   6   0 0.00    M    M 13.8 40 230   M    M   6        51 240
24  66  40  53   5  12   0 0.00    M    M  7.8 26 230   M    M   5        34 230
25  69  44  57   8   8   0 0.09    M    M 13.9 37 170   M    M   6 35     44 170
26  51  33  42  -7  23   0 0.01    M    M  9.7 26 230   M    M   7        33 220
27  54  28  41  -8  24   0    T    M    M  6.2 15  80   M    M   6        19  90
28  40  33  37 -13  28   0 0.06    M    M  7.3 15 100   M    M   9 18     19 110
29  34  32  33 -17  32   0 0.65    M    M  4.6 12 350   M    M  10 1      14 160
================================================================================
SM 1669 1013       537   0  2.15    M    244.1          M      169
================================================================================
AV 57.6 34.9                               8.4 FASTST   M    M   6    MAX(MPH)
                                 MISC ---->  # 43 310               # 54  320
================================================================================
NOTES:
# LAST OF SEVERAL OCCURRENCES

COLUMN 17 PEAK WIND IN M.P.H.

PRELIMINARY LOCAL CLIMATOLOGICAL DATA (WS FORM: F-6) , PAGE 2

                                          STATION:  CENTENNIAL CO
                                          MONTH:    APRIL
                                          YEAR:     2016
                                          LATITUDE:   39 33 N
                                          LONGITUDE: 104 51 W

[TEMPERATURE DATA]      [PRECIPITATION DATA]       SYMBOLS USED IN COLUMN 16

AVERAGE MONTHLY: 46.2   TOTAL FOR MONTH:   2.15    1 = FOG OR MIST
DPTR FM NORMAL:   0.2   DPTR FM NORMAL:    0.10    2 = FOG REDUCING VISIBILITY
HIGHEST:    75 ON 23,22 GRTST 24HR  0.69 ON 15-16      TO 1/4 MILE OR LESS
LOWEST:     21 ON  1                               3 = THUNDER
                        SNOW, ICE PELLETS, HAIL    4 = ICE PELLETS
                        TOTAL MONTH:    M          5 = HAIL
                        GRTST 24HR    M  ON   M    6 = FREEZING RAIN OR DRIZZLE
                        GRTST DEPTH:  M  ON   M    7 = DUSTSTORM OR SANDSTORM:
                                                       VSBY 1/2 MILE OR LESS
                                                   8 = SMOKE OR HAZE
[NO. OF DAYS WITH]      [WEATHER - DAYS WITH]      9 = BLOWING SNOW
                                                   X = TORNADO
MAX 32 OR BELOW:   0    0.01 INCH OR MORE:  11
MAX 90 OR ABOVE:   0    0.10 INCH OR MORE:   6
MIN 32 OR BELOW:  10    0.50 INCH OR MORE:   2
MIN  0 OR BELOW:   0    1.00 INCH OR MORE:   0

[HDD (BASE 65) ]
TOTAL THIS MO.   537    CLEAR  (SCALE 0-3)   6
DPTR FM NORMAL   -13    PTCLDY (SCALE 4-7)  17
TOTAL FM JUL 1  5277    CLOUDY (SCALE 8-10)  6
DPTR FM NORMAL  -526

[CDD (BASE 65) ]
TOTAL THIS MO.     0
DPTR FM NORMAL     0    [PRESSURE DATA]
TOTAL FM JAN 1     0    HIGHEST SLP M ON M
DPTR FM NORMAL     0    LOWEST  SLP 29.43 ON 26

[REMARKS]
