000
CXUS56 KMTR 261000
CF6APC
PRELIMINARY LOCAL CLIMATOLOGICAL DATA (WS FORM: F-6)

                                          STATION:   NAPA AIRPORT
                                          MONTH:     FEBRUARY
                                          YEAR:      2017
                                          LATITUDE:   38 13 N
                                          LONGITUDE: 122 17 W

  TEMPERATURE IN F:       :PCPN:    SNOW:  WIND      :SUNSHINE: SKY     :PK WND
================================================================================
1   2   3   4   5  6A  6B    7    8   9   10  11  12  13   14  15   16   17  18
                                     12Z  AVG MX 2MIN
DY MAX MIN AVG DEP HDD CDD  WTR  SNW DPTH SPD SPD DIR MIN PSBL S-S WX    SPD DR
================================================================================

 1  56  42  49   2  16   0 0.00  0.0    0  4.9 16  80   M    M   2 18     22  90
 2  62  49  56   8   9   0 0.33  0.0    0  6.7 15  90   M    M  10 18     20 100
 3  61  55  58  10   7   0 1.06  0.0    0 10.7 23 210   M    M  10 1      27 220
 4  62  47  55   7  10   0 0.17  0.0    0  7.6 16 190   M    M   5 18     19 200
 5  61  47  54   6  11   0 0.52    M    0  6.6 20 210   M    M   7 1      24 180
 6  60  56  58  10   7   0 0.80  0.0    0 11.0 18 190   M    M   9 1      23 200
 7  63  57  60  12   5   0 0.86  0.0    0 12.6 29 190   M    M  10 1      39 190
 8  64  57  61  13   4   0 0.62  0.0    0  6.2 16 200   M    M  10 1      21 200
 9  62  57  60  12   5   0 0.95  0.0    0  9.2 22 190   M    M  10 1      29 200
10  63  48  56   8   9   0    T    M    0  7.6 16 260   M    M   3 1      21 260
11  65  39  52   3  13   0 0.00  0.0    0  3.1 12 290   M    M   0        13 270
12  67  40  54   5  11   0 0.00  0.0    0  4.7 10 230   M    M   0        11 220
13  65  40  53   4  12   0 0.00  0.0    0  2.3 10 110   M    M   0        13 120
14  69  41  55   6  10   0 0.00  0.0    0  5.4 15  90   M    M   0 1      18  90
15  64  49  57   8   8   0 0.00  0.0    0  7.5 20 220   M    M   5 18     24 220
16  66  50  58   9   7   0 0.34  0.0    0  9.4 24 210   M    M   5 1      31 210
17  58  52  55   6  10   0 0.77  0.0    0 15.9 33 100   M    M   9 1      44 100
18  61  50  56   6   9   0 0.04  0.0    0 12.3 26 260   M    M   5 1      31 250
19  58  49  54   4  11   0 0.18  0.0    0  7.0 16 100   M    M  10 18     20 140
20  60  54  57   7   8   0 2.07  0.0    0 11.7 32 200   M    M  10 18     43 200
21  61  46  54   4  11   0 0.22    M    0  8.3 28 200   M    M   6 1      35 220
22  58  37  48  -2  17   0    T  0.0    0  9.2 28 280   M    M   2 12     31 280
23  55  32  44  -6  21   0 0.00  0.0    0  5.3 14 270   M    M   1        17 280
24  55  32  44  -6  21   0 0.00  0.0    0  4.9 15 280   M    M   1        18 270
25  58  36  47  -3  18   0 0.00  0.0    0  3.8 13 100   M    M   4        15  90
================================================================================
SM 1534 1162       270   0  8.93     0.0 193.9          M      134
================================================================================
AV 61.4 46.5                               7.8 FASTST   M    M   5    MAX(MPH)
                                 MISC ---->  # 33 100               # 44  100
================================================================================
NOTES:
# LAST OF SEVERAL OCCURRENCES

COLUMN 17 PEAK WIND IN M.P.H.

PRELIMINARY LOCAL CLIMATOLOGICAL DATA (WS FORM: F-6) , PAGE 2

                                          STATION:  NAPA AIRPORT
                                          MONTH:    FEBRUARY
                                          YEAR:     2017
                                          LATITUDE:   38 13 N
                                          LONGITUDE: 122 17 W

[TEMPERATURE DATA]      [PRECIPITATION DATA]       SYMBOLS USED IN COLUMN 16

AVERAGE MONTHLY: 53.9   TOTAL FOR MONTH:   8.93    1 = FOG OR MIST
DPTR FM NORMAL:   5.0   DPTR FM NORMAL:    5.55    2 = FOG REDUCING VISIBILITY
HIGHEST:    69 ON 14    GRTST 24HR  2.07 ON 20-20      TO 1/4 MILE OR LESS
LOWEST:     32 ON 24,23                            3 = THUNDER
                        SNOW, ICE PELLETS, HAIL    4 = ICE PELLETS
                        TOTAL MONTH:   0.0 INCH    5 = HAIL
                        GRTST 24HR     0.0         6 = FREEZING RAIN OR DRIZZLE
                        GRTST DEPTH:   0           7 = DUSTSTORM OR SANDSTORM:
                                                       VSBY 1/2 MILE OR LESS
                                                   8 = SMOKE OR HAZE
[NO. OF DAYS WITH]      [WEATHER - DAYS WITH]      9 = BLOWING SNOW
                                                   X = TORNADO
MAX 32 OR BELOW:   0    0.01 INCH OR MORE:  14
MAX 90 OR ABOVE:   0    0.10 INCH OR MORE:  13
MIN 32 OR BELOW:   2    0.50 INCH OR MORE:   8
MIN  0 OR BELOW:   0    1.00 INCH OR MORE:   2

[HDD (BASE 65) ]
TOTAL THIS MO.   270    CLEAR  (SCALE 0-3)   9
DPTR FM NORMAL  -133    PTCLDY (SCALE 4-7)   7
TOTAL FM JUL 1  1825    CLOUDY (SCALE 8-10)  9
DPTR FM NORMAL  -518

[CDD (BASE 65) ]
TOTAL THIS MO.     0
DPTR FM NORMAL     0    [PRESSURE DATA]
TOTAL FM JAN 1     0    HIGHEST SLP M ON M
DPTR FM NORMAL     0    LOWEST  SLP 29.14 ON 17

[REMARKS]
