000
CXUS56 KMTR 261000
CF6APC
PRELIMINARY LOCAL CLIMATOLOGICAL DATA (WS FORM: F-6)

                                          STATION:   NAPA AIRPORT
                                          MONTH:     MARCH
                                          YEAR:      2015
                                          LATITUDE:   38 13 N
                                          LONGITUDE: 122 17 W

  TEMPERATURE IN F:       :PCPN:    SNOW:  WIND      :SUNSHINE: SKY     :PK WND
================================================================================
1   2   3   4   5  6A  6B    7    8   9   10  11  12  13   14  15   16   17  18
                                     12Z  AVG MX 2MIN
DY MAX MIN AVG DEP HDD CDD  WTR  SNW DPTH SPD SPD DIR MIN PSBL S-S WX    SPD DR
================================================================================

 1  62  33  48  -3  17   0 0.00  0.0    0  4.2 15 280   M    M   0        19 280
 2  59  37  48  -3  17   0    T  0.0    0  5.4 17 200   M    M   3 1      21 200
 3  62  35  49  -2  16   0 0.00  0.0    0  4.3 12 270   M    M   0        15 270
 4  65  33  49  -2  16   0 0.00  0.0    0  3.7 10 280   M    M   0         M  M
 5  68  36  52   1  13   0 0.00  0.0    0  5.0  9 130   M    M   0         M  M
 6  69  33  51   0  14   0 0.00  0.0    0  3.9  7 180   M    M   0         M  M
 7  71  34  53   1  12   0 0.00  0.0    0  3.7 10 130   M    M   0        13 150
 8  69  37  53   1  12   0 0.00  0.0    0  4.1  9 200   M    M   2 12     12 270
 9  66  41  54   2  11   0 0.00  0.0    0  4.1 10 200   M    M   5 12     12 210
10  66  46  56   4   9   0 0.00  0.0    0  5.2 17 200   M    M   5 128    21 210
11  65  46  56   4   9   0 0.02  0.0    0  5.4 14 280   M    M   6 1      17 220
12  71  41  56   4   9   0 0.00  0.0    0  3.7 10 210   M    M   0 1      13 210
13  75  43  59   7   6   0 0.00  0.0    0  3.2 12 110   M    M   0 1      16 120
14  78  47  63  11   2   0 0.00  0.0    0  5.9 17  90   M    M   0        22  90
15  69  47  58   6   7   0 0.00  0.0    0  4.6 15 270   M    M   0        18 280
16  65  48  57   5   8   0    T  0.0    0  2.6 10 280   M    M   3        11 270
17  69  45  57   5   8   0 0.00  0.0    0  5.5 16 270   M    M   1        20 260
18  70  41  56   4   9   0 0.00  0.0    0  4.6 14 200   M    M   0        17 200
19  73  38  56   4   9   0 0.00  0.0    0  4.5 14 200   M    M   0 1      16 200
20  70  38  54   2  11   0 0.00  0.0    0  6.6 20 270   M    M   1 1      24 270
21  69  46  58   6   7   0 0.00  0.0    0  7.2 18 280   M    M   3 12     21 280
22  65  53  59   6   6   0 0.05  0.0    0 10.8 20 200   M    M   8 13     24 200
23  64  47  56   3   9   0    T    M    0  9.2 22 270   M    M   3        26 280
24  69  47  58   5   7   0 0.00  0.0    0  6.9 17 280   M    M   5        22 270
25  73  40  57   4   8   0 0.00  0.0    0  4.4 10 270   M    M   0 1      14 280
================================================================================
SM 1702 1032       252   0  0.07     0.0 128.7          M       45
================================================================================
AV 68.1 41.3                               5.1 FASTST   M    M   2    MAX(MPH)
                                 MISC ---->  # 22 270               # 26  280
================================================================================
NOTES:
# LAST OF SEVERAL OCCURRENCES

COLUMN 17 PEAK WIND IN M.P.H.

PRELIMINARY LOCAL CLIMATOLOGICAL DATA (WS FORM: F-6) , PAGE 2

                                          STATION:  NAPA AIRPORT
                                          MONTH:    MARCH
                                          YEAR:     2015
                                          LATITUDE:   38 13 N
                                          LONGITUDE: 122 17 W

[TEMPERATURE DATA]      [PRECIPITATION DATA]       SYMBOLS USED IN COLUMN 16

AVERAGE MONTHLY: 54.7   TOTAL FOR MONTH:   0.07    1 = FOG OR MIST
DPTR FM NORMAL:   2.8   DPTR FM NORMAL:   -2.08    2 = FOG REDUCING VISIBILITY
HIGHEST:    78 ON 14    GRTST 24HR  0.05 ON 22-22      TO 1/4 MILE OR LESS
LOWEST:     33 ON  6, 4                            3 = THUNDER
                        SNOW, ICE PELLETS, HAIL    4 = ICE PELLETS
                        TOTAL MONTH:   0.0 INCH    5 = HAIL
                        GRTST 24HR     0.0         6 = FREEZING RAIN OR DRIZZLE
                        GRTST DEPTH:   0           7 = DUSTSTORM OR SANDSTORM:
                                                       VSBY 1/2 MILE OR LESS
                                                   8 = SMOKE OR HAZE
[NO. OF DAYS WITH]      [WEATHER - DAYS WITH]      9 = BLOWING SNOW
                                                   X = TORNADO
MAX 32 OR BELOW:   0    0.01 INCH OR MORE:   2
MAX 90 OR ABOVE:   0    0.10 INCH OR MORE:   0
MIN 32 OR BELOW:   0    0.50 INCH OR MORE:   0
MIN  0 OR BELOW:   0    1.00 INCH OR MORE:   0

[HDD (BASE 65) ]
TOTAL THIS MO.   252    CLEAR  (SCALE 0-3)  18
DPTR FM NORMAL   -75    PTCLDY (SCALE 4-7)   7
TOTAL FM JUL 1  1980    CLOUDY (SCALE 8-10)  0
DPTR FM NORMAL  -732

[CDD (BASE 65) ]
TOTAL THIS MO.     0
DPTR FM NORMAL     0    [PRESSURE DATA]
TOTAL FM JAN 1     0    HIGHEST SLP M ON M
DPTR FM NORMAL     0    LOWEST  SLP 29.80 ON  2

[REMARKS]
