000
CXUS56 KMTR 281000
CF6APC
PRELIMINARY LOCAL CLIMATOLOGICAL DATA (WS FORM: F-6)

                                          STATION:   NAPA AIRPORT
                                          MONTH:     JULY
                                          YEAR:      2015
                                          LATITUDE:   38 13 N
                                          LONGITUDE: 122 17 W

  TEMPERATURE IN F:       :PCPN:    SNOW:  WIND      :SUNSHINE: SKY     :PK WND
================================================================================
1   2   3   4   5  6A  6B    7    8   9   10  11  12  13   14  15   16   17  18
                                     12Z  AVG MX 2MIN
DY MAX MIN AVG DEP HDD CDD  WTR  SNW DPTH SPD SPD DIR MIN PSBL S-S WX    SPD DR
================================================================================

 1  83  55  69   3   0   4 0.00  0.0    0  7.7 21 230   M    M   0        24 240
 2  75  61  68   2   0   3    T  0.0    0 12.6 23 200   M    M   0        27 170
 3  79  58  69   3   0   4 0.00  0.0    0  9.7 18 200   M    M   0        22 200
 4  78  56  67   1   0   2 0.00  0.0    0 12.2 22 190   M    M   2        25 200
 5  75  58  67   1   0   2 0.00  0.0    0 15.8 24 200   M    M   5        31 190
 6  83  58  71   5   0   6 0.00  0.0    0 14.7 22 260   M    M   4        28 260
 7  81  57  69   3   0   4 0.00  0.0    0 14.3 22 260   M    M   0        29 180
 8  76  57  67   1   0   2 0.00  0.0    0 14.2 23 270   M    M   6        28 250
 9  65  58  62  -4   3   0 0.03  0.0    0 10.1 16 270   M    M  10 1      19 270
10  75  58  67   1   0   2    T  0.0    0 11.1 18 270   M    M   6        24 260
11  79  57  68   2   0   3 0.00  0.0    0 10.9 21 270   M    M   2        25 280
12  80  58  69   3   0   4 0.00  0.0    0 11.3 20 260   M    M   0        26 270
13  83  53  68   2   0   3 0.00  0.0    0  8.9 20 220   M    M   1 1      24 220
14  78  53  66   0   0   1 0.00  0.0    0 10.5 21 190   M    M   3        25 210
15  77  60  69   4   0   4 0.00  0.0    0 11.6 21 200   M    M   4        27 310
16  75  56  66   1   0   1 0.00  0.0    0 11.3 23 200   M    M   5        27 190
17  78  58  68   3   0   3 0.00  0.0    0 10.9 21 190   M    M   3        24 190
18  78  54  66   1   0   1 0.00  0.0    0 11.4 24 200   M    M   1        30 200
19  91  59  75  10   0  10 0.00  0.0    0  7.5 18 280   M    M   3        23 280
20  86  59  73   8   0   8 0.00  0.0    0  9.4 20 210   M    M   0        24 230
21  78  56  67   2   0   2 0.00  0.0    0 11.7 23 200   M    M   3        27 180
22  77  55  66   1   0   1 0.00  0.0    0 12.6 24 200   M    M   2        29 190
23  76  56  66   1   0   1 0.00  0.0    0 10.7 22 200   M    M   5        25 200
24  80  47  64  -1   1   0 0.00  0.0    0  6.8 20 190   M    M   0 1      24 210
25  77  48  63  -2   2   0 0.00  0.0    0  8.7 21 200   M    M   2        25 200
26  76  58  67   2   0   2 0.00  0.0    0 11.3 23 200   M    M   5        27 190
27  89  49  69   4   0   4 0.00  0.0    0  7.3 18 200   M    M   0        23 210
================================================================================
SM 2128 1512         6  77  0.03     0.0 295.2          M       72
================================================================================
AV 78.8 56.0                              10.9 FASTST   M    M   3    MAX(MPH)
                                 MISC ---->  # 24 200               # 31  190
================================================================================
NOTES:
# LAST OF SEVERAL OCCURRENCES

COLUMN 17 PEAK WIND IN M.P.H.

PRELIMINARY LOCAL CLIMATOLOGICAL DATA (WS FORM: F-6) , PAGE 2

                                          STATION:  NAPA AIRPORT
                                          MONTH:    JULY
                                          YEAR:     2015
                                          LATITUDE:   38 13 N
                                          LONGITUDE: 122 17 W

[TEMPERATURE DATA]      [PRECIPITATION DATA]       SYMBOLS USED IN COLUMN 16

AVERAGE MONTHLY: 67.4   TOTAL FOR MONTH:   0.03    1 = FOG OR MIST
DPTR FM NORMAL:   1.9   DPTR FM NORMAL:    0.03    2 = FOG REDUCING VISIBILITY
HIGHEST:    91 ON 19    GRTST 24HR  0.03 ON  9- 9      TO 1/4 MILE OR LESS
LOWEST:     47 ON 24                               3 = THUNDER
                        SNOW, ICE PELLETS, HAIL    4 = ICE PELLETS
                        TOTAL MONTH:   0.0 INCH    5 = HAIL
                        GRTST 24HR     0.0         6 = FREEZING RAIN OR DRIZZLE
                        GRTST DEPTH:   0           7 = DUSTSTORM OR SANDSTORM:
                                                       VSBY 1/2 MILE OR LESS
                                                   8 = SMOKE OR HAZE
[NO. OF DAYS WITH]      [WEATHER - DAYS WITH]      9 = BLOWING SNOW
                                                   X = TORNADO
MAX 32 OR BELOW:   0    0.01 INCH OR MORE:   1
MAX 90 OR ABOVE:   1    0.10 INCH OR MORE:   0
MIN 32 OR BELOW:   0    0.50 INCH OR MORE:   0
MIN  0 OR BELOW:   0    1.00 INCH OR MORE:   0

[HDD (BASE 65) ]
TOTAL THIS MO.     6    CLEAR  (SCALE 0-3)  16
DPTR FM NORMAL   -23    PTCLDY (SCALE 4-7)  10
TOTAL FM JUL 1     6    CLOUDY (SCALE 8-10)  1
DPTR FM NORMAL   -23

[CDD (BASE 65) ]
TOTAL THIS MO.    77
DPTR FM NORMAL    26    [PRESSURE DATA]
TOTAL FM JAN 1   122    HIGHEST SLP M ON M
DPTR FM NORMAL    14    LOWEST  SLP 29.77 ON 17

[REMARKS]
