000
CXUS52 KMFL 241000
CF6APF
PRELIMINARY LOCAL CLIMATOLOGICAL DATA (WS FORM: F-6)

                                          STATION:   NAPLES
                                          MONTH:     MARCH
                                          YEAR:      2017
                                          LATITUDE:   26  8 N
                                          LONGITUDE:  81 46 W

  TEMPERATURE IN F:       :PCPN:    SNOW:  WIND      :SUNSHINE: SKY     :PK WND
================================================================================
1   2   3   4   5  6A  6B    7    8   9   10  11  12  13   14  15   16   17  18
                                     12Z  AVG MX 2MIN
DY MAX MIN AVG DEP HDD CDD  WTR  SNW DPTH SPD SPD DIR MIN PSBL S-S WX    SPD DR
================================================================================

 1  86  66  76   7   0  11 0.00  0.0    0  7.4 18 220   M    M   2        24 140
 2  81  68  75   6   0  10 0.00  0.0    0  6.3 15 300   M    M   4        19 270
 3  80  63  72   3   0   7 0.00  0.0    0 14.4 24  40   M    M   5        30  60
 4  81  58  70   1   0   5 0.00  0.0    0 13.6 25  70   M    M   1        34  60
 5  80  58  69   0   0   4 0.00  0.0    0 13.8 28  90   M    M   4        36  80
 6  78  61  70   1   0   5 0.00  0.0    0 12.6 23  90   M    M   3 8      31  70
 7  84  61  73   4   0   8 0.00  0.0    0  9.4 15 140   M    M   5 8      22 100
 8  83  61  72   3   0   7 0.00  0.0    0  5.9 14 140   M    M   7 18     17 130
 9  80  63  72   3   0   7 0.00  0.0    0  4.6 13 270   M    M   3 8      16 260
10  81  64  73   3   0   8 0.00  0.0    0  6.3 18 290   M    M   1 1      22 290
11  87  66  77   7   0  12 0.00  0.0    0  8.4 18  50   M    M   2        23  50
12  81  65  73   3   0   8    T  0.0    0  6.1 14 260   M    M   3        20 260
13  84  63  74   4   0   9 0.10  0.0    0 11.0 22 230   M    M   5 1      29 230
14  73  64  69  -1   0   4 0.00  0.0    0 14.8 22 310   M    M   5        32 260
15  67  52  60 -10   5   0 0.00  0.0    0 10.1 22 300   M    M   1        29 290
16  72  47  60 -10   5   0 0.00  0.0    0  8.6 17  40   M    M   0        24  40
17  79  48  64  -6   1   0 0.00  0.0    0  8.4 16  40   M    M   1        21  70
18  77  54  66  -4   0   1 0.00  0.0    0  7.2 16 300   M    M   0        20  20
19  76  55  66  -4   0   1 0.00  0.0    0  9.2 23 300   M    M   1        29 290
20  78  54  66  -4   0   1 0.00  0.0    0  7.8 18 300   M    M   0        24 300
21  77  56  67  -3   0   2 0.00  0.0    0  6.1 15 290   M    M   1 18     20 260
22  77  57  67  -3   0   2 0.00  0.0    0  5.9 16 280   M    M   0 1      21 290
23  87  65  76   6   0  11 0.01  0.0    0  8.7 21  70   M    M   4 138    27  60
================================================================================
SM 1829 1369        11 123  0.11     0.0 206.6          M       58
================================================================================
AV 79.5 59.5                               9.0 FASTST   M    M   3    MAX(MPH)
                                 MISC ---->  # 28  90               # 36   80
================================================================================
NOTES:
# LAST OF SEVERAL OCCURRENCES

COLUMN 17 PEAK WIND IN M.P.H.

PRELIMINARY LOCAL CLIMATOLOGICAL DATA (WS FORM: F-6) , PAGE 2

                                          STATION:  NAPLES
                                          MONTH:    MARCH
                                          YEAR:     2017
                                          LATITUDE:   26  8 N
                                          LONGITUDE:  81 46 W

[TEMPERATURE DATA]      [PRECIPITATION DATA]       SYMBOLS USED IN COLUMN 16

AVERAGE MONTHLY: 69.5   TOTAL FOR MONTH:   0.11    1 = FOG OR MIST
DPTR FM NORMAL:  -0.1   DPTR FM NORMAL:   -1.54    2 = FOG REDUCING VISIBILITY
HIGHEST:    87 ON 23,11 GRTST 24HR  0.10 ON 13-13      TO 1/4 MILE OR LESS
LOWEST:     47 ON 16                               3 = THUNDER
                        SNOW, ICE PELLETS, HAIL    4 = ICE PELLETS
                        TOTAL MONTH:   0.0 INCH    5 = HAIL
                        GRTST 24HR     0.0         6 = FREEZING RAIN OR DRIZZLE
                        GRTST DEPTH:   0           7 = DUSTSTORM OR SANDSTORM:
                                                       VSBY 1/2 MILE OR LESS
                                                   8 = SMOKE OR HAZE
[NO. OF DAYS WITH]      [WEATHER - DAYS WITH]      9 = BLOWING SNOW
                                                   X = TORNADO
MAX 32 OR BELOW:   0    0.01 INCH OR MORE:   2
MAX 90 OR ABOVE:   0    0.10 INCH OR MORE:   1
MIN 32 OR BELOW:   0    0.50 INCH OR MORE:   0
MIN  0 OR BELOW:   0    1.00 INCH OR MORE:   0

[HDD (BASE 65) ]
TOTAL THIS MO.    11    CLEAR  (SCALE 0-3)  14
DPTR FM NORMAL    -8    PTCLDY (SCALE 4-7)   9
TOTAL FM JUL 1    67    CLOUDY (SCALE 8-10)  0
DPTR FM NORMAL  -185

[CDD (BASE 65) ]
TOTAL THIS MO.   123
DPTR FM NORMAL     0    [PRESSURE DATA]
TOTAL FM JAN 1   446    HIGHEST SLP M ON M
DPTR FM NORMAL   132    LOWEST  SLP 29.86 ON 14

[REMARKS]
