000
CXUS53 KAPX 180730
CF6APX
PRELIMINARY LOCAL CLIMATOLOGICAL DATA (WS FORM: F-6)
STATION: GAYLORD WFO
MONTH: APRIL
YEAR: 2024
LATITUDE: 45 4 N
LONGITUDE: 84 43 W
TEMPERATURE IN F: :PCPN: SNOW: WIND :SUNSHINE: SKY :PK WND
================================================================================
1 2 3 4 5 6A 6B 7 8 9 10 11 12 13 14 15 16 17 18
12Z AVG MX 2MIN
DY MAX MIN AVG DEP HDD CDD WTR SNW DPTH SPD SPD DIR MIN PSBL S-S WX SPD DR
================================================================================
1 45 30 38 4 27 0 0.00 0.0 0 M M M M M M M M
2 42 31 37 2 28 0 0.72 1.8 0 M M M M M M 4 M M
3 41 34 38 3 27 0 0.10 T 2 M M M M M M M M
4 39 31 35 -1 30 0 0.17 1.0 1 M M M M M M M M
5 47 28 38 2 27 0 T T 0 M M M M M M M M
6 54 30 42 5 23 0 0.00 0.0 0 M M M M M M M M
7 58 32 45 8 20 0 T 0.0 0 M M M M M M M M
8 68 39 54 17 11 0 T 0.0 0 M M M M M M M M
9 67 41 54 16 11 0 T 0.0 0 M M M M M M M M
10 65 38 52 14 13 0 0.00 0.0 0 M M M M M M M M
11 53 42 48 9 17 0 0.28 0.0 0 M M M M M M M M
12 43 34 39 0 26 0 0.90 T 0 M M M M M M M M
13 51 35 43 3 22 0 0.00 0.0 0 M M M M M M M M
14 63 40 52 12 13 0 0.77 0.0 0 M M M M M M M M
15 61 35 48 8 17 0 0.00 0.0 0 M M M M M M M M
16 62 34 48 7 17 0 0.08 0.0 0 M M M M M M M M
17 50 39 45 4 20 0 0.43 0.0 0 M M M M M M M M
================================================================================
SM 909 593 349 0 3.45 2.8 M M M
================================================================================
AV 53.5 34.9 M FASTST M M M MAX(MPH)
MISC ----> M M M M
================================================================================
NOTES:
# LAST OF SEVERAL OCCURRENCES
COLUMN 17 PEAK WIND IN M.P.H.
PRELIMINARY LOCAL CLIMATOLOGICAL DATA (WS FORM: F-6) , PAGE 2
STATION: GAYLORD WFO
MONTH: APRIL
YEAR: 2024
LATITUDE: 45 4 N
LONGITUDE: 84 43 W
[TEMPERATURE DATA] [PRECIPITATION DATA] SYMBOLS USED IN COLUMN 16
AVERAGE MONTHLY: 44.2 TOTAL FOR MONTH: 3.45 1 = FOG OR MIST
DPTR FM NORMAL: 6.4 DPTR FM NORMAL: 1.63 2 = FOG REDUCING VISIBILITY
HIGHEST: 68 ON 8 GRTST 24HR 0.90 ON 12-12 TO 1/4 MILE OR LESS
LOWEST: 28 ON 5 3 = THUNDER
SNOW, ICE PELLETS, HAIL 4 = ICE PELLETS
TOTAL MONTH: 2.8 INCHES 5 = HAIL
GRTST 24HR 1.8 ON 2- 2 6 = FREEZING RAIN OR DRIZZLE
GRTST DEPTH: 2 ON 3 7 = DUSTSTORM OR SANDSTORM:
VSBY 1/2 MILE OR LESS
8 = SMOKE OR HAZE
[NO. OF DAYS WITH] [WEATHER - DAYS WITH] 9 = BLOWING SNOW
X = TORNADO
MAX 32 OR BELOW: 0 0.01 INCH OR MORE: 8
MAX 90 OR ABOVE: 0 0.10 INCH OR MORE: 7
MIN 32 OR BELOW: 6 0.50 INCH OR MORE: 3
MIN 0 OR BELOW: 0 1.00 INCH OR MORE: 0
[HDD (BASE 65) ]
TOTAL THIS MO. 349 CLEAR (SCALE 0-3) 0
DPTR FM NORMAL -111 PTCLDY (SCALE 4-7) 0
TOTAL FM JUL 1 6222 CLOUDY (SCALE 8-10) 17
DPTR FM NORMAL -1186
[CDD (BASE 65) ]
TOTAL THIS MO. 0
DPTR FM NORMAL 0 [PRESSURE DATA]
TOTAL FM JAN 1 0 HIGHEST SLP M ON M
DPTR FM NORMAL -1 LOWEST SLP M ON M
[REMARKS]