000
CXUS54 KEWX 190910
CF6AQO
PRELIMINARY LOCAL CLIMATOLOGICAL DATA (WS FORM: F-6)

                                          STATION:   Llano Municipal Airport
                                          MONTH:     SEPTEMBER
                                          YEAR:      2014
                                          LATITUDE:   30 47 N
                                          LONGITUDE:  98 40 W

  TEMPERATURE IN F:       :PCPN:    SNOW:  WIND      :SUNSHINE: SKY     :PK WND
================================================================================
1   2   3   4   5  6A  6B    7    8   9   10  11  12  13   14  15   16   17  18
                                     12Z  AVG MX 2MIN
DY MAX MIN AVG DEP HDD CDD  WTR  SNW DPTH SPD SPD DIR MIN PSBL S-S WX    SPD DR
================================================================================

 1 100  75  88   M   0  23    M    M    M  7.9 13 180   M    M   1        21 200
 2 100  77  89   M   0  24    M    M    M  8.1 14 140   M    M   2        21 140
 3  97  73  85   M   0  20    M    M    M  7.4 16 200   M    M   2        25 200
 4  97  72  85   M   0  20    M  0.0    M  7.5 15 160   M    M   1        23 180
 5  99  72  86   M   0  21    M    M    M  4.8 10 140   M    M   3 1       M  M
 6  97  70  84   M   0  19    M    M    M  3.4  9  30   M    M   2 3      16  30
 7  90  72  81   M   0  16    M    M    M  3.4 13  10   M    M   5 3      17  10
 8  99  68  84   M   0  19    M    M    M  3.3  8 200   M    M   1         M  M
 9  99  73  86   M   0  21    M    M    M  5.6 14 200   M    M   1        18 190
10 100  77  89   M   0  24    M    M    M  8.3 13 200   M    M   0        18 200
11 100  79  90   M   0  25    M    M    M  5.3 15  50   M    M   3        24  50
12  88  63  76   M   0  11    M    M    M  8.2 16  50   M    M   5        24  30
13  72  59  66   M   0   1    M    M    M  5.7 12  20   M    M   9 18     17  20
14  84  66  75   M   0  10    M    M    M  2.5  6 110   M    M   5         M  M
15  90  68  79   M   0  14    M    M    M  3.8 10  60   M    M   3        17  60
16  97  72  85   M   0  20    M    M    M  3.5 14  50   M    M   2        18  50
17  93  73  83   M   0  18    M    M    M  3.2  8 170   M    M   4         M  M
18  93  72  83   M   0  18    M    M    M  4.6 14  50   M    M   6 138    20  50
================================================================================
SM 1695 1281         0 324    M      0.0  96.5          M       55
================================================================================
AV 94.2 71.2                               5.4 FASTST   M    M   3    MAX(MPH)
                                 MISC ---->    16   M                 25    M
================================================================================
NOTES:
# LAST OF SEVERAL OCCURRENCES

COLUMN 17 PEAK WIND IN M.P.H.

PRELIMINARY LOCAL CLIMATOLOGICAL DATA (WS FORM: F-6) , PAGE 2

                                          STATION:  Llano Municipal Airport
                                          MONTH:    SEPTEMBER
                                          YEAR:     2014
                                          LATITUDE:   30 47 N
                                          LONGITUDE:  98 40 W

[TEMPERATURE DATA]      [PRECIPITATION DATA]       SYMBOLS USED IN COLUMN 16

AVERAGE MONTHLY: 82.7   TOTAL FOR MONTH:      M    1 = FOG OR MIST
DPTR FM NORMAL:     M   DPTR FM NORMAL:       M    2 = FOG REDUCING VISIBILITY
HIGHEST:   100 ON 11,10 GRTST 24HR    M  ON   M        TO 1/4 MILE OR LESS
LOWEST:     59 ON 13                               3 = THUNDER
                        SNOW, ICE PELLETS, HAIL    4 = ICE PELLETS
                        TOTAL MONTH:   0.0 INCH    5 = HAIL
                        GRTST 24HR     0.0         6 = FREEZING RAIN OR DRIZZLE
                        GRTST DEPTH:  M  ON   M    7 = DUSTSTORM OR SANDSTORM:
                                                       VSBY 1/2 MILE OR LESS
                                                   8 = SMOKE OR HAZE
[NO. OF DAYS WITH]      [WEATHER - DAYS WITH]      9 = BLOWING SNOW
                                                   X = TORNADO
MAX 32 OR BELOW:   0    0.01 INCH OR MORE:   0
MAX 90 OR ABOVE:  15    0.10 INCH OR MORE:   0
MIN 32 OR BELOW:   0    0.50 INCH OR MORE:   0
MIN  0 OR BELOW:   0    1.00 INCH OR MORE:   0

[HDD (BASE 65) ]
TOTAL THIS MO.     0    CLEAR  (SCALE 0-3)  11
DPTR FM NORMAL     M    PTCLDY (SCALE 4-7)   6
TOTAL FM JUL 1     0    CLOUDY (SCALE 8-10)  1
DPTR FM NORMAL     M

[CDD (BASE 65) ]
TOTAL THIS MO.   324
DPTR FM NORMAL     M    [PRESSURE DATA]
TOTAL FM JAN 1  2497    HIGHEST SLP M ON M
DPTR FM NORMAL     M    LOWEST  SLP M ON M

[REMARKS]
