475
CXUS54 KHGX 011415
CF6ARM
PRELIMINARY LOCAL CLIMATOLOGICAL DATA (WS FORM: F-6)

                                          STATION:   Wharton
                                          MONTH:     APRIL
                                          YEAR:      2016
                                          LATITUDE:   29 15 N
                                          LONGITUDE:  96  9 W

  TEMPERATURE IN F:       :PCPN:    SNOW:  WIND      :SUNSHINE: SKY     :PK WND
================================================================================
1   2   3   4   5  6A  6B    7    8   9   10  11  12  13   14  15   16   17  18
                                     12Z  AVG MX 2MIN
DY MAX MIN AVG DEP HDD CDD  WTR  SNW DPTH SPD SPD DIR MIN PSBL S-S WX    SPD DR
================================================================================

 1  72  52  62   M   3   0 0.00  0.0    0 14.3 21 360   M    M   4 3      30 360
 2  74  45  60   M   5   0 0.00  0.0    0  7.8 15 330   M    M   0        24 330
 3  81  41  61   M   4   0 0.00  0.0    0  2.2 10 140   M    M   0         M  M
 4  82  47  65   M   0   0 0.00  0.0    0  4.2 12 250   M    M   0 1       M  M
 5  82  46  64   M   1   0 0.00  0.0    0  5.8 16 130   M    M   1 128    21 120
 6  80  51  66   M   0   1 0.00  0.0    0  6.2 13 310   M    M   2         M  M
 7  87  46  67   M   0   2 0.00  0.0    0  3.8 13 150   M    M   0        22 140
 8  84  47  66   M   0   1 0.00  0.0    0  5.5 15  70   M    M   0        22  70
 9  83  53  68   M   0   3 0.00  0.0    0  9.6 22 150   M    M   1 3      28 150
10  81  57  69   M   0   4    T  0.0    0 12.1 25 140   M    M   6 1      33 140
11  79  71  75   M   0  10 0.01  0.0    0 12.0 18 170   M    M   8 1      25 180
12  85  69  77   M   0  12 0.08  0.0    0  7.0 15 290   M    M   6 13     21 290
13  77  64  71   M   0   6 0.50  0.0    0  6.5 15 120   M    M   8 3      22 120
14  78  58  68   M   0   3 0.00  0.0    0  7.9 15 350   M    M   5 1      18 340
15  84  55  70   M   0   5 0.00  0.0    0  4.4 14 150   M    M   4 12      M  M
16  81  62  72   M   0   7 0.00  0.0    0 11.1 20 100   M    M   8 1      25 100
17  82  71  77   M   0  12 0.33  0.0    0 14.1 21 130   M    M   9 13     29 120
18  74  65  70   M   0   5 1.95  0.0    0  9.8 20 140   M    M   8 13     27 140
19  85  64  75   M   0  10 0.01  0.0    0  4.3 10 170   M    M   5 13      M  M
20  83  64  74   M   0   9 0.30  0.0    0  4.5 16 350   M    M   5 1       M  M
21  77  62  70   M   0   5 0.32  0.0    0  4.8 21 360   M    M   4 123    28 360
22  82  62  72   M   0   7 0.00  0.0    0  5.1 14 340   M    M   0 1      17 330
23  86  57  72   M   0   7 0.00  0.0    0  2.4  8 140   M    M   1         M  M
24  79  60  70   M   0   5 0.09  0.0    0  5.7 13 130   M    M   3 3      17 140
25  86  66  76   M   0  11 0.00  0.0    0  8.9 16 140   M    M   5 1      20 170
26  84  72  78   M   0  13 0.00  0.0    0 11.6 18 140   M    M   8 18     23 140
27  87  64  76   M   0  11 0.23  0.0    0  7.4 15 340   M    M   3 13     21 340
28  85  69  77   M   0  12 0.01  0.0    0  7.5 12 110   M    M   7 128    18 110
29  84  75  80   M   0  15 0.00  0.0    0 14.5 21 170   M    M   8 138    25 160
30  91  72  82   M   0  17 0.00  0.0    0  6.6 16 160   M    M   6 1      22 160
================================================================================
SM 2455 1787        13 193  3.83     0.0 227.6          M      125
================================================================================
AV 81.8 59.6                               7.6 FASTST   M    M   4    MAX(MPH)
                                 MISC ---->    25   M                 33    M
================================================================================
NOTES:
# LAST OF SEVERAL OCCURRENCES

COLUMN 17 PEAK WIND IN M.P.H.

PRELIMINARY LOCAL CLIMATOLOGICAL DATA (WS FORM: F-6) , PAGE 2

                                          STATION:  Wharton
                                          MONTH:    APRIL
                                          YEAR:     2016
                                          LATITUDE:   29 15 N
                                          LONGITUDE:  96  9 W

[TEMPERATURE DATA]      [PRECIPITATION DATA]       SYMBOLS USED IN COLUMN 16

AVERAGE MONTHLY: 70.7   TOTAL FOR MONTH:   3.83    1 = FOG OR MIST
DPTR FM NORMAL:     M   DPTR FM NORMAL:       M    2 = FOG REDUCING VISIBILITY
HIGHEST:    91 ON 30    GRTST 24HR  1.95 ON 18-18      TO 1/4 MILE OR LESS
LOWEST:     41 ON  3                               3 = THUNDER
                        SNOW, ICE PELLETS, HAIL    4 = ICE PELLETS
                        TOTAL MONTH:   0.0 INCH    5 = HAIL
                        GRTST 24HR     0.0         6 = FREEZING RAIN OR DRIZZLE
                        GRTST DEPTH:   0           7 = DUSTSTORM OR SANDSTORM:
                                                       VSBY 1/2 MILE OR LESS
                                                   8 = SMOKE OR HAZE
[NO. OF DAYS WITH]      [WEATHER - DAYS WITH]      9 = BLOWING SNOW
                                                   X = TORNADO
MAX 32 OR BELOW:   0    0.01 INCH OR MORE:  11
MAX 90 OR ABOVE:   1    0.10 INCH OR MORE:   6
MIN 32 OR BELOW:   0    0.50 INCH OR MORE:   2
MIN  0 OR BELOW:   0    1.00 INCH OR MORE:   1

[HDD (BASE 65) ]
TOTAL THIS MO.    13    CLEAR  (SCALE 0-3)  10
DPTR FM NORMAL     M    PTCLDY (SCALE 4-7)  17
TOTAL FM JUL 1   957    CLOUDY (SCALE 8-10)  3
DPTR FM NORMAL     M

[CDD (BASE 65) ]
TOTAL THIS MO.   193
DPTR FM NORMAL     M    [PRESSURE DATA]
TOTAL FM JAN 1   343    HIGHEST SLP M ON M
DPTR FM NORMAL     M    LOWEST  SLP M ON M

[REMARKS]
#FINAL-04-16#
