000
CXUS55 KGJT 011000
CF6ASE
PRELIMINARY LOCAL CLIMATOLOGICAL DATA (WS FORM: F-6)

                                          STATION:   ASPEN CO
                                          MONTH:     AUGUST
                                          YEAR:      2014
                                          LATITUDE:   39 13 N
                                          LONGITUDE: 106 52 W

  TEMPERATURE IN F:       :PCPN:    SNOW:  WIND      :SUNSHINE: SKY     :PK WND
================================================================================
1   2   3   4   5  6A  6B    7    8   9   10  11  12  13   14  15   16   17  18
                                     12Z  AVG MX 2MIN
DY MAX MIN AVG DEP HDD CDD  WTR  SNW DPTH SPD SPD DIR MIN PSBL S-S WX    SPD DR
================================================================================

 1  70  50  60  -4   5   0 0.18    M    M  5.8 17 330   M    M   6 13     26 330
 2  79  43  61  -2   4   0 0.00    M    M  5.5 12 210   M    M   0        17 360
 3  83  49  66   3   0   1 0.10    M    M  7.8 36 180   M    M   4 3      43 180
 4  69  51  60  -3   5   0 0.15    M    M  5.8 17 130   M    M   6 13     24 110
 5  75  51  63   0   2   0 0.04    M    M  4.9 12 320   M    M   5 13     16 270
 6  77  50  64   1   1   0 0.03    M    M  5.7 16 310   M    M   4 3      21 310
 7  77  47  62  -1   3   0 0.02    M    M  6.2 20 330   M    M   2        30 330
 8  77  41  59  -4   6   0 0.00    M    M  6.6 18 330   M    M   1        28 330
 9  75  44  60  -3   5   0 0.03    M    M  6.5 20 320   M    M   1 3      28 320
10  79  41  60  -2   5   0 0.03    M    M  5.0 14 290   M    M   2 38     20 320
11  82  42  62   0   3   0    T    M    M  6.0 12 210   M    M   0        21 330
12  81  46  64   2   1   0 0.00    M    M  6.8 28 160   M    M   2        34 160
13  79  48  64   2   1   0    T    M    M  3.5 18 140   M    M   6 3      25 140
14  72  52  62   0   3   0 0.12    M    M  3.7 12 320   M    M   7 1      17 330
15  79  47  63   1   2   0    T    M    M  6.1 17 270   M    M   1 3      27 260
16  82  47  65   3   0   0 0.00    M    M  6.3 15 340   M    M   1        21 310
17  82  47  65   4   0   0    T    M    M  7.1 25 190   M    M   1 3      31 190
18  82  46  64   3   1   0 0.00    M    M  7.4 15 170   M    M   1        20 170
19  77  53  65   4   0   0 0.14    M    M  5.1 20 140   M    M   5 3      27 130
20  70  50  60  -1   5   0 0.10    M    M  4.7 23 320   M    M   6 1      28 320
21  73  44  59  -2   6   0 0.00    M    M  6.7 22 320   M    M   3        32 330
22  67  51  59  -1   6   0 0.05    M    M  5.7 22 180   M    M   8 3      26 180
23  56  47  52  -8  13   0 0.34    M    M  4.3 13 360   M    M   9 1      23 360
24  70  43  57  -3   8   0 0.00    M    M  4.1 12 330   M    M   5        20 340
25  75  45  60   0   5   0    T    M    M  6.2 28 130   M    M   4 3      36 130
26  72  46  59  -1   6   0 0.10    M    M  4.7 18 310   M    M   4        32 310
27  66  49  58  -1   7   0 0.24    M    M  3.7 21 320   M    M   8 13     32 360
28  65  44  55  -4  10   0 0.06    M    M  4.3  9 220   M    M   7 1      13 330
29  74  41  58  -1   7   0 0.00    M    M  6.5 15 360   M    M   1        21 350
30  77  42  60   1   5   0 0.01    M    M  6.0 24 320   M    M   2 3      34 340
31  75  48  62   4   3   0 0.03    M    M  7.4 22 260   M    M   5 3      36 270
================================================================================
SM 2317 1445       128   1  1.77    M    176.1          M      117
================================================================================
AV 74.7 46.6                               5.7 FASTST   M    M   4    MAX(MPH)
                                 MISC ---->  # 36 180               # 43  180
================================================================================
NOTES:
# LAST OF SEVERAL OCCURRENCES

COLUMN 17 PEAK WIND IN M.P.H.

PRELIMINARY LOCAL CLIMATOLOGICAL DATA (WS FORM: F-6) , PAGE 2

                                          STATION:  ASPEN CO
                                          MONTH:    AUGUST
                                          YEAR:     2014
                                          LATITUDE:   39 13 N
                                          LONGITUDE: 106 52 W

[TEMPERATURE DATA]      [PRECIPITATION DATA]       SYMBOLS USED IN COLUMN 16

AVERAGE MONTHLY: 60.7   TOTAL FOR MONTH:   1.77    1 = FOG OR MIST
DPTR FM NORMAL:  -0.6   DPTR FM NORMAL:    0.09    2 = FOG REDUCING VISIBILITY
HIGHEST:    83 ON  3    GRTST 24HR  0.34 ON 22-23      TO 1/4 MILE OR LESS
LOWEST:     41 ON 29,10                            3 = THUNDER
                        SNOW, ICE PELLETS, HAIL    4 = ICE PELLETS
                        TOTAL MONTH:    M          5 = HAIL
                        GRTST 24HR    M  ON   M    6 = FREEZING RAIN OR DRIZZLE
                        GRTST DEPTH:  M  ON   M    7 = DUSTSTORM OR SANDSTORM:
                                                       VSBY 1/2 MILE OR LESS
                                                   8 = SMOKE OR HAZE
[NO. OF DAYS WITH]      [WEATHER - DAYS WITH]      9 = BLOWING SNOW
                                                   X = TORNADO
MAX 32 OR BELOW:   0    0.01 INCH OR MORE:  18
MAX 90 OR ABOVE:   0    0.10 INCH OR MORE:   9
MIN 32 OR BELOW:   0    0.50 INCH OR MORE:   0
MIN  0 OR BELOW:   0    1.00 INCH OR MORE:   0

[HDD (BASE 65) ]
TOTAL THIS MO.   128    CLEAR  (SCALE 0-3)  14
DPTR FM NORMAL     3    PTCLDY (SCALE 4-7)  15
TOTAL FM JUL 1   153    CLOUDY (SCALE 8-10)  2
DPTR FM NORMAL   -43

[CDD (BASE 65) ]
TOTAL THIS MO.     1
DPTR FM NORMAL    -9    [PRESSURE DATA]
TOTAL FM JAN 1    56    HIGHEST SLP 30.21 ON 11
DPTR FM NORMAL    17    LOWEST  SLP 29.66 ON 31

[REMARKS]
#FINAL-08-14#
