000
CXUS56 KPQR 221200
CF6AST
PRELIMINARY LOCAL CLIMATOLOGICAL DATA (WS FORM: F-6)

                                          STATION:   ASTORIA OR
                                          MONTH:     JULY
                                          YEAR:      2017
                                          LATITUDE:   46  9 N
                                          LONGITUDE: 123 53 W

  TEMPERATURE IN F:       :PCPN:    SNOW:  WIND      :SUNSHINE: SKY     :PK WND
================================================================================
1   2   3   4   5  6A  6B    7    8   9   10  11  12  13   14  15   16   17  18
                                     12Z  AVG MX 2MIN
DY MAX MIN AVG DEP HDD CDD  WTR  SNW DPTH SPD SPD DIR MIN PSBL S-S WX    SPD DR
================================================================================

 1  64  53  59   0   6   0 0.00  0.0    0  7.1 15 310   M    M   7        18 310
 2  67  56  62   3   3   0    T  0.0    0 10.6 20 310   M    M   8 1      23 310
 3  64  51  58  -1   7   0 0.00  0.0    0 13.7 22 330   M    M   5        26 330
 4  66  47  57  -2   8   0 0.00  0.0    0  9.2 20 310   M    M   3        26 310
 5  69  48  59   0   6   0 0.00  0.0    0  5.9 17 250   M    M   5 1      20 250
 6  66  54  60   0   5   0 0.00  0.0    0  9.4 15 320   M    M   5 8      19 300
 7  66  53  60   0   5   0 0.00    M    M  8.1 15 320   M    M   7        18 310
 8  69  48  59  -1   6   0 0.00    M    M  9.2 23 300   M    M   2 1      28 300
 9  68  54  61   1   4   0 0.00    M    M  7.9 16 330   M    M   9        22 320
10  65  56  61   1   4   0 0.00  0.0    0 11.5 18 310   M    M   7        23 320
11  66  55  61   1   4   0 0.00  0.0    0 12.1 21 320   M    M   1        24 330
12  67  51  59  -1   6   0 0.00  0.0    0  5.6 15 300   M    M   6 1      19 310
13  67  52  60   0   5   0 0.02  0.0    0  8.3 16 330   M    M   6 1      21 320
14  69  47  58  -2   7   0 0.00  0.0    0  6.9 17 310   M    M   1        20 310
15  67  51  59  -1   6   0 0.00  0.0    0  6.9 16 320   M    M   7        21 300
16  68  51  60   0   5   0 0.00  0.0    0  9.1 21 310   M    M   4        25 300
17  68  48  58  -2   7   0 0.00  0.0    0 10.4 21 310   M    M   0        25 320
18  69  50  60  -1   5   0 0.00  0.0    0  6.5 15 310   M    M   3 12     19 290
19  69  49  59  -2   6   0 0.00  0.0    0  5.6 14 260   M    M   3        17 240
20  67  54  61   0   4   0 0.08  0.0    0  6.2 14 240   M    M   7 1      16 170
21  69  50  60  -1   5   0 0.00  0.0    0  5.0 14 260   M    M   2        18 250
================================================================================
SM 1410 1078       114   0  0.10     0.0 175.2          M       98
================================================================================
AV 67.1 51.3                               8.3 FASTST   M    M   5    MAX(MPH)
                                 MISC ---->  # 23 300               # 28  300
================================================================================
NOTES:
# LAST OF SEVERAL OCCURRENCES

COLUMN 17 PEAK WIND IN M.P.H.

PRELIMINARY LOCAL CLIMATOLOGICAL DATA (WS FORM: F-6) , PAGE 2

                                          STATION:  ASTORIA OR
                                          MONTH:    JULY
                                          YEAR:     2017
                                          LATITUDE:   46  9 N
                                          LONGITUDE: 123 53 W

[TEMPERATURE DATA]      [PRECIPITATION DATA]       SYMBOLS USED IN COLUMN 16

AVERAGE MONTHLY: 59.2   TOTAL FOR MONTH:   0.10    1 = FOG OR MIST
DPTR FM NORMAL:  -0.7   DPTR FM NORMAL:   -0.68    2 = FOG REDUCING VISIBILITY
HIGHEST:    69 ON 21,19 GRTST 24HR  0.08 ON 20-20      TO 1/4 MILE OR LESS
LOWEST:     47 ON 14, 4                            3 = THUNDER
                        SNOW, ICE PELLETS, HAIL    4 = ICE PELLETS
                        TOTAL MONTH:   0.0 INCH    5 = HAIL
                        GRTST 24HR     0.0         6 = FREEZING RAIN OR DRIZZLE
                        GRTST DEPTH:   0           7 = DUSTSTORM OR SANDSTORM:
                                                       VSBY 1/2 MILE OR LESS
                                                   8 = SMOKE OR HAZE
[NO. OF DAYS WITH]      [WEATHER - DAYS WITH]      9 = BLOWING SNOW
                                                   X = TORNADO
MAX 32 OR BELOW:   0    0.01 INCH OR MORE:   2
MAX 90 OR ABOVE:   0    0.10 INCH OR MORE:   0
MIN 32 OR BELOW:   0    0.50 INCH OR MORE:   0
MIN  0 OR BELOW:   0    1.00 INCH OR MORE:   0

[HDD (BASE 65) ]
TOTAL THIS MO.   114    CLEAR  (SCALE 0-3)   8
DPTR FM NORMAL     6    PTCLDY (SCALE 4-7)  12
TOTAL FM JUL 1   114    CLOUDY (SCALE 8-10)  1
DPTR FM NORMAL     6

[CDD (BASE 65) ]
TOTAL THIS MO.     0
DPTR FM NORMAL     0    [PRESSURE DATA]
TOTAL FM JAN 1    12    HIGHEST SLP M ON M
DPTR FM NORMAL    12    LOWEST  SLP 29.91 ON  4

[REMARKS]
