000
CXUS54 KMAF 241100
CF6ATS
PRELIMINARY LOCAL CLIMATOLOGICAL DATA (WS FORM: F-6)

                                          STATION:   Artesia
                                          MONTH:     AUGUST
                                          YEAR:      2016
                                          LATITUDE:   32 54 N
                                          LONGITUDE: 104 30 W

  TEMPERATURE IN F:       :PCPN:    SNOW:  WIND      :SUNSHINE: SKY     :PK WND
================================================================================
1   2   3   4   5  6A  6B    7    8   9   10  11  12  13   14  15   16   17  18
                                     12Z  AVG MX 2MIN
DY MAX MIN AVG DEP HDD CDD  WTR  SNW DPTH SPD SPD DIR MIN PSBL S-S WX    SPD DR
================================================================================

 1  99  70  85   M   0  20 0.00  0.0    0  7.8 20 190   M    M   0 3      25 190
 2  97  72  85   M   0  20 0.00  0.0    0  8.1 27 300   M    M   0 3      33 300
 3  97  70  84   M   0  19 0.00  0.0    0  8.4 21 190   M    M   0        28 190
 4  97  70  84   M   0  19 0.01  0.0    0  8.7 28 210   M    M   1 3      25 270
 5 100  70  85   M   0  20 0.00  0.0    0  9.0 20 140   M    M   0        17 150
 6  99  70  85   M   0  20 0.00  0.0    0  8.0 13 160   M    M   0        20 150
 7  99  70  85   M   0  20 0.00  0.0    0  8.2 14 120   M    M   0        20 120
 8 100  73  87   M   0  22 0.00  0.0    0  7.3 21 320   M    M   2        38 320
 9  95  72  84   M   0  19 0.15  0.0    0 10.7 25 150   M    M   2 3      36 150
10  95  70  83   M   0  18 0.08  0.0    0 11.3 27 170   M    M   2        41 170
11  91  72  82   M   0  17 0.36  0.0    0  8.1 17 310   M    M   3 3      24 160
12  97  66  82   M   0  17 1.15  0.0    0 13.0 23 330   M    M   1 3      29 360
13  82  66  74   M   0   9 0.05  0.0    0  9.8 24  10   M    M   4 3      31 360
14  82  64  73   M   0   8 0.00  0.0    0  8.4 16 350   M    M   2        14  50
15  88  59  74   M   0   9 0.00  0.0    0  4.9  9 270   M    M   0         M  M
16  90  63  77   M   0  12 0.00  0.0    0  6.2 16 140   M    M   0        14  99
17  90  63  77   M   0  12 0.00  0.0    0  5.2 13 140   M    M   0        16 140
18  91  63  77   M   0  12 0.00  0.0    0  7.1 28 150   M    M   0        33 150
19  93  66  80   M   0  15 0.00  0.0    0  7.4 14 190   M    M   0        22  10
20  86  68  77   M   0  12 0.00  0.0    0 10.7 17  30   M    M   3        22 360
21  72  63  68   M   0   3 1.33  0.0    0  9.3 16 300   M    M   9 3      15 360
22  82  66  74   M   0   9 0.00  0.0    M 12.1 16 150   M    M   3        21 140
23  88  64  76   M   0  11 0.16  0.0    0 11.0 24 170   M    M   1 3      28 170
================================================================================
SM 2110 1550         0 343  3.29     0.0 200.7          M       33
================================================================================
AV 91.7 67.4                               8.7 FASTST   M    M   1    MAX(MPH)
                                 MISC ---->    28   M                 41    M
================================================================================
NOTES:
# LAST OF SEVERAL OCCURRENCES

COLUMN 17 PEAK WIND IN M.P.H.

PRELIMINARY LOCAL CLIMATOLOGICAL DATA (WS FORM: F-6) , PAGE 2

                                          STATION:  Artesia
                                          MONTH:    AUGUST
                                          YEAR:     2016
                                          LATITUDE:   32 54 N
                                          LONGITUDE: 104 30 W

[TEMPERATURE DATA]      [PRECIPITATION DATA]       SYMBOLS USED IN COLUMN 16

AVERAGE MONTHLY: 79.6   TOTAL FOR MONTH:   3.29    1 = FOG OR MIST
DPTR FM NORMAL:     M   DPTR FM NORMAL:       M    2 = FOG REDUCING VISIBILITY
HIGHEST:   100 ON  8, 5 GRTST 24HR  1.33 ON 21-21      TO 1/4 MILE OR LESS
LOWEST:     59 ON 15                               3 = THUNDER
                        SNOW, ICE PELLETS, HAIL    4 = ICE PELLETS
                        TOTAL MONTH:   0.0 INCH    5 = HAIL
                        GRTST 24HR     0.0         6 = FREEZING RAIN OR DRIZZLE
                        GRTST DEPTH:   0           7 = DUSTSTORM OR SANDSTORM:
                                                       VSBY 1/2 MILE OR LESS
                                                   8 = SMOKE OR HAZE
[NO. OF DAYS WITH]      [WEATHER - DAYS WITH]      9 = BLOWING SNOW
                                                   X = TORNADO
MAX 32 OR BELOW:   0    0.01 INCH OR MORE:   8
MAX 90 OR ABOVE:  16    0.10 INCH OR MORE:   5
MIN 32 OR BELOW:   0    0.50 INCH OR MORE:   2
MIN  0 OR BELOW:   0    1.00 INCH OR MORE:   2

[HDD (BASE 65) ]
TOTAL THIS MO.     0    CLEAR  (SCALE 0-3)  21
DPTR FM NORMAL     M    PTCLDY (SCALE 4-7)   1
TOTAL FM JUL 1     0    CLOUDY (SCALE 8-10)  1
DPTR FM NORMAL     M

[CDD (BASE 65) ]
TOTAL THIS MO.   343
DPTR FM NORMAL     M    [PRESSURE DATA]
TOTAL FM JAN 1  1662    HIGHEST SLP M ON M
DPTR FM NORMAL     M    LOWEST  SLP M ON M

[REMARKS]
