000
CXUS55 KABR 291524
CF6ATY
PRELIMINARY LOCAL CLIMATOLOGICAL DATA (WS FORM: F-6)

                                          STATION:   WATERTOWN SD
                                          MONTH:     OCTOBER
                                          YEAR:      2014
                                          LATITUDE:   44 55 N
                                          LONGITUDE:  97  9 W

  TEMPERATURE IN F:       :PCPN:    SNOW:  WIND      :SUNSHINE: SKY     :PK WND
================================================================================
1   2   3   4   5  6A  6B    7    8   9   10  11  12  13   14  15   16   17  18
                                     12Z  AVG MX 2MIN
DY MAX MIN AVG DEP HDD CDD  WTR  SNW DPTH SPD SPD DIR MIN PSBL S-S WX    SPD DR
================================================================================

 1  71  49  60   8   5   0 0.00  0.0    0  9.1 18 270   M    M   4 1      26 190
 2  65  45  55   3  10   0 0.02  0.0    0  9.8 33 320   M    M   5        42 330
 3  45  36  41 -10  24   0 0.00  0.0    0 25.3 38 320   M    M  10        50 320
 4  47  30  39 -12  26   0 0.00  0.0    0 14.6 29 330   M    M   5        34 330
 5  54  39  47  -3  18   0    T  0.0    0 13.4 28 320   M    M   8        35 310
 6  63  30  47  -3  18   0 0.00  0.0    0 13.8 30 300   M    M   2        40 300
 7  59  37  48  -1  17   0    T  0.0    0 14.3 26 320   M    M   5        35 330
 8  60  34  47  -2  18   0 0.01  0.0    0  7.3 15 310   M    M   2        19 340
 9  55  31  43  -5  22   0    T  0.0    0  4.9 13 350   M    M   6        16 320
10  55  24  40  -8  25   0 0.00  0.0    0  3.4 10 360   M    M   0        15 340
11  61  31  46  -2  19   0    T  0.0    0 12.7 24 170   M    M   0        30 180
12  63  44  54   7  11   0    T  0.0    0 14.1 29 200   M    M   4        36 210
13  62  36  49   2  16   0 0.09  0.0    0 13.0 26  10   M    M   4 1      35 360
14  65  32  49   3  16   0 0.00  0.0    0  6.1 18  20   M    M   0        25 350
15  69  31  50   4  15   0    T  0.0    0 10.0 21 160   M    M   0        28 160
16  66  46  56  10   9   0 0.00  0.0    0 19.2 30 300   M    M   3        41 300
17  50  41  46   1  19   0 0.00  0.0    0 19.0 29 330   M    M  10        39 330
18  50  38  44  -1  21   0 0.00  0.0    0  8.5 15 170   M    M   6        20 170
19  71  41  56  12   9   0 0.00  0.0    0  9.9 18 310   M    M   0        23 310
20  70  33  52   8  13   0 0.00  0.0    0  3.1 13 350   M    M   0        21 310
21  74  39  57  14   8   0 0.00  0.0    0 14.7 24 170   M    M   0        32 170
22  68  44  56  13   9   0 0.19  0.0    0 15.0 28 170   M    M   3 12     35 170
23  69  36  53  11  12   0 0.00  0.0    0  7.3 17 220   M    M   2 12     23 220
24  74  39  57  15   8   0 0.00  0.0    0  5.9 13 310   M    M   0 12     16 300
25  64  38  51   9  14   0 0.00  0.0    0  6.6 16 360   M    M   1        22 340
26  65  40  53  12  12   0 0.00  0.0    0 11.0 28 170   M    M   1        37 160
27  52  37  45   4  20   0 0.29  0.0    0  8.3 24 270   M    M   6 1      30 280
28  41  37  39  -1  26   0    T  0.0    0 18.9 28 310   M    M  10        35 310
================================================================================
SM 1708 1038       440   0  0.60     0.0 319.2          M       97
================================================================================
AV 61.0 37.1                              11.4 FASTST   M    M   3    MAX(MPH)
                                 MISC ---->  # 38 320               # 50  320
================================================================================
NOTES:
# LAST OF SEVERAL OCCURRENCES

COLUMN 17 PEAK WIND IN M.P.H.

PRELIMINARY LOCAL CLIMATOLOGICAL DATA (WS FORM: F-6) , PAGE 2

                                          STATION:  WATERTOWN SD
                                          MONTH:    OCTOBER
                                          YEAR:     2014
                                          LATITUDE:   44 55 N
                                          LONGITUDE:  97  9 W

[TEMPERATURE DATA]      [PRECIPITATION DATA]       SYMBOLS USED IN COLUMN 16

AVERAGE MONTHLY: 49.0   TOTAL FOR MONTH:   0.60    1 = FOG OR MIST
DPTR FM NORMAL:   2.9   DPTR FM NORMAL:   -1.19    2 = FOG REDUCING VISIBILITY
HIGHEST:    74 ON 24,21 GRTST 24HR  0.29 ON 27-27      TO 1/4 MILE OR LESS
LOWEST:     24 ON 10                               3 = THUNDER
                        SNOW, ICE PELLETS, HAIL    4 = ICE PELLETS
                        TOTAL MONTH:   0.0 INCH    5 = HAIL
                        GRTST 24HR     0.0         6 = FREEZING RAIN OR DRIZZLE
                        GRTST DEPTH:   0           7 = DUSTSTORM OR SANDSTORM:
                                                       VSBY 1/2 MILE OR LESS
                                                   8 = SMOKE OR HAZE
[NO. OF DAYS WITH]      [WEATHER - DAYS WITH]      9 = BLOWING SNOW
                                                   X = TORNADO
MAX 32 OR BELOW:   0    0.01 INCH OR MORE:   5
MAX 90 OR ABOVE:   0    0.10 INCH OR MORE:   2
MIN 32 OR BELOW:   7    0.50 INCH OR MORE:   0
MIN  0 OR BELOW:   0    1.00 INCH OR MORE:   0

[HDD (BASE 65) ]
TOTAL THIS MO.   440    CLEAR  (SCALE 0-3)  14
DPTR FM NORMAL   -91    PTCLDY (SCALE 4-7)  11
TOTAL FM JUL 1   685    CLOUDY (SCALE 8-10)  3
DPTR FM NORMAL  -122

[CDD (BASE 65) ]
TOTAL THIS MO.     0
DPTR FM NORMAL     0    [PRESSURE DATA]
TOTAL FM JAN 1   369    HIGHEST SLP M ON M
DPTR FM NORMAL  -144    LOWEST  SLP 29.50 ON  6

[REMARKS]
