000
CXUS53 KGID 230730
CF6AUH
PRELIMINARY LOCAL CLIMATOLOGICAL DATA (WS FORM: F-6)

                                          STATION:   AURORA
                                          MONTH:     JANUARY
                                          YEAR:      2017
                                          LATITUDE:   40 54 N
                                          LONGITUDE:  97 59 W

  TEMPERATURE IN F:       :PCPN:    SNOW:  WIND      :SUNSHINE: SKY     :PK WND
================================================================================
1   2   3   4   5  6A  6B    7    8   9   10  11  12  13   14  15   16   17  18
                                     12Z  AVG MX 2MIN
DY MAX MIN AVG DEP HDD CDD  WTR  SNW DPTH SPD SPD DIR MIN PSBL S-S WX    SPD DR
================================================================================

 1  38  23  31   6  34   0 0.00    M    M  9.4 15 120   M    M   6        16 170
 2  35  22  29   4  36   0 0.00    M    M 10.6 23 340   M    M  10 12     31 340
 3  22   7  15 -10  50   0 0.00    M    M 19.6 27 340   M    M   3        33 340
 4  13   0   7 -17  58   0    M    M    M  8.8 17 340   M    M   9 1      18 340
 5  11  -9   1 -23  64   0    T    M    M 10.8 20 340   M    M   2         M  M
 6  17 -13   2 -22  63   0 0.00    M    M  6.8 10 260   M    M   0         M  M
 7  17   2  10 -14  55   0 0.00    M    M  5.9 12 340   M    M   0         M  M
 8  31   5  18  -6  47   0 0.00    M    M 12.0 21 220   M    M   1        25 220
 9  39  16  28   4  37   0 0.00    M    M  8.2 17 150   M    M   3        20 140
10  40  24  32   8  33   0    T    M    M 12.3 31 320   M    M   2        38 320
11  40  10  25   1  40   0    M    M    M 17.0 33  10   M    M   2        39  10
12  21   2  12 -12  53   0    M    M    M  6.4 14  20   M    M   3         M  M
13  26  12  19  -5  46   0 0.00    M    M  5.3 12  50   M    M   5         M  M
14  37  16  27   3  38   0 0.00    M    M  1.3  5 190   M    M   2         M  M
15  31  27  29   5  36   0    M    M    M  3.5  6 120   M    M  10 1       M  M
16  32  30  31   7  34   0    M    M    M  5.5 13  40   M    M  10 1       M  M
17  38  22  30   6  35   0 0.00    M    M  3.3  8 210   M    M   1         M  M
18  48  32  40  16  25   0 0.00    M    M  9.9 15 200   M    M   0        20 210
19  41  34  38  14  27   0 0.00    M    M  7.0 13 200   M    M   9 12     10 170
20  42  36  39  15  26   0 0.03    M    M  4.4  9 150   M    M  10 12      M  M
21  50  31  41  17  24   0 0.00    M    M  4.8  9 250   M    M   3 1       M  M
22  46  28  37  12  28   0 0.00    M    M  9.4 15 350   M    M   0        20 350
================================================================================
SM  715  357       889   0  0.03    M    182.2          M       91
================================================================================
AV 32.5 16.2                               8.3 FASTST   M    M   4    MAX(MPH)
                                 MISC ---->    33   M                 39    M
================================================================================
NOTES:
# LAST OF SEVERAL OCCURRENCES

COLUMN 17 PEAK WIND IN M.P.H.

PRELIMINARY LOCAL CLIMATOLOGICAL DATA (WS FORM: F-6) , PAGE 2

                                          STATION:  AURORA
                                          MONTH:    JANUARY
                                          YEAR:     2017
                                          LATITUDE:   40 54 N
                                          LONGITUDE:  97 59 W

[TEMPERATURE DATA]      [PRECIPITATION DATA]       SYMBOLS USED IN COLUMN 16

AVERAGE MONTHLY: 24.4   TOTAL FOR MONTH:   0.03    1 = FOG OR MIST
DPTR FM NORMAL:   0.2   DPTR FM NORMAL:   -0.36    2 = FOG REDUCING VISIBILITY
HIGHEST:    50 ON 21    GRTST 24HR  0.03 ON 20-20      TO 1/4 MILE OR LESS
LOWEST:    -13 ON  6                               3 = THUNDER
                        SNOW, ICE PELLETS, HAIL    4 = ICE PELLETS
                        TOTAL MONTH:    M          5 = HAIL
                        GRTST 24HR    M  ON   M    6 = FREEZING RAIN OR DRIZZLE
                        GRTST DEPTH:  M  ON   M    7 = DUSTSTORM OR SANDSTORM:
                                                       VSBY 1/2 MILE OR LESS
                                                   8 = SMOKE OR HAZE
[NO. OF DAYS WITH]      [WEATHER - DAYS WITH]      9 = BLOWING SNOW
                                                   X = TORNADO
MAX 32 OR BELOW:  10    0.01 INCH OR MORE:   1
MAX 90 OR ABOVE:   0    0.10 INCH OR MORE:   0
MIN 32 OR BELOW:  20    0.50 INCH OR MORE:   0
MIN  0 OR BELOW:   3    1.00 INCH OR MORE:   0

[HDD (BASE 65) ]
TOTAL THIS MO.   889    CLEAR  (SCALE 0-3)  13
DPTR FM NORMAL    -5    PTCLDY (SCALE 4-7)   3
TOTAL FM JUL 1  3030    CLOUDY (SCALE 8-10)  6
DPTR FM NORMAL  -385

[CDD (BASE 65) ]
TOTAL THIS MO.     0
DPTR FM NORMAL     0    [PRESSURE DATA]
TOTAL FM JAN 1     0    HIGHEST SLP M ON M
DPTR FM NORMAL     0    LOWEST  SLP M ON M

[REMARKS]
