924
CXUS53 KGRB 230645
CF6AUW
PRELIMINARY LOCAL CLIMATOLOGICAL DATA (WS FORM: F-6)

                                          STATION:   WAUSAU WI
                                          MONTH:     JANUARY
                                          YEAR:      2018
                                          LATITUDE:   44 55 N
                                          LONGITUDE:  89 37 W

  TEMPERATURE IN F:       :PCPN:    SNOW:  WIND      :SUNSHINE: SKY     :PK WND
================================================================================
1   2   3   4   5  6A  6B    7    8   9   10  11  12  13   14  15   16   17  18
                                     12Z  AVG MX 2MIN
DY MAX MIN AVG DEP HDD CDD  WTR  SNW DPTH SPD SPD DIR MIN PSBL S-S WX    SPD DR
================================================================================

 1  -3 -17 -10 -25  75   0 0.00  0.0    M  8.8 15 270   M    M   2        17 270
 2  11  -8   2 -13  63   0 0.01  0.3    4  9.0 18 230   M    M   2 1      25 220
 3  10  -6   2 -13  63   0    T    T    4  9.9 17 310   M    M   7 1      24 320
 4   8  -8   0 -15  65   0 0.00  0.0    4  7.1 14 360   M    M   8        20 360
 5   7  -6   1 -14  64   0 0.00  0.0    4  7.4 14 350   M    M   4 8      19 360
 6   8 -13  -2 -17  67   0 0.00  0.0    4  7.0 17 170   M    M   1 1      23 170
 7  27   8  18   4  47   0    T    T    4 10.8 20 190   M    M   6 8      24 230
 8  33  22  28  14  37   0    T    T    4 11.9 21 290   M    M   4 18     27 290
 9  33  15  24  10  41   0 0.00  0.0    3  6.9 15 160   M    M   6 8      18 160
10  35  29  32  18  33   0    T  0.0    3 10.0 18 190   M    M   8 18     24 190
11  38  12  25  11  40   0 0.25  0.6    3  9.0 21 340   M    M  10 12     31 340
12  13  -4   5  -9  60   0    T    T    3 11.0 21 360   M    M   4        32 350
13   4 -10  -3 -17  68   0 0.00  0.0    3  6.2 12 310   M    M   0        13 310
14  13 -14   0 -14  65   0 0.03  0.5    3  7.9 18 170   M    M   5 18     23 180
15  21  10  16   2  49   0 0.17  2.9    4  6.3 10  40   M    M   9 128    14  50
16  22   1  12  -2  53   0    T    T    4  7.4 14 340   M    M   3 1      19 340
17  23  -3  10  -4  55   0 0.00  0.0    4  8.7 20 240   M    M   1        25 240
18  34  17  26  12  39   0 0.00  0.0    4  7.6 17 250   M    M   0        23 250
19  37  21  29  15  36   0 0.00  0.0    M  5.7 14 170   M    M   0        19 210
20  42  27  35  21  30   0 0.00  0.0    4  2.3  9 300   M    M   2 1      14 290
21  44  27  36  22  29   0 0.00  0.0    4  3.2 16  80   M    M   9 18     20  90
22  35  26  31  17  34   0 0.50  4.7    M 10.7 20  60   M    M  10 12     29  60
================================================================================
SM  495  126      1113   0  0.96     9.0 174.8          M      101
================================================================================
AV 22.5  5.7                               7.9 FASTST   M    M   5    MAX(MPH)
                                 MISC ---->  # 21 290               # 32  350
================================================================================
NOTES:
# LAST OF SEVERAL OCCURRENCES

COLUMN 17 PEAK WIND IN M.P.H.

PRELIMINARY LOCAL CLIMATOLOGICAL DATA (WS FORM: F-6) , PAGE 2

                                          STATION:  WAUSAU WI
                                          MONTH:    JANUARY
                                          YEAR:     2018
                                          LATITUDE:   44 55 N
                                          LONGITUDE:  89 37 W

[TEMPERATURE DATA]      [PRECIPITATION DATA]       SYMBOLS USED IN COLUMN 16

AVERAGE MONTHLY: 14.1   TOTAL FOR MONTH:   0.96    1 = FOG OR MIST
DPTR FM NORMAL:  -0.2   DPTR FM NORMAL:    0.22    2 = FOG REDUCING VISIBILITY
HIGHEST:    44 ON 21    GRTST 24HR  0.50 ON 22-22      TO 1/4 MILE OR LESS
LOWEST:    -17 ON  1                               3 = THUNDER
                        SNOW, ICE PELLETS, HAIL    4 = ICE PELLETS
                        TOTAL MONTH:   9.0 INCHES  5 = HAIL
                        GRTST 24HR   4.7 ON 22-22  6 = FREEZING RAIN OR DRIZZLE
                        GRTST DEPTH:   4 ON 21,20  7 = DUSTSTORM OR SANDSTORM:
                                                       VSBY 1/2 MILE OR LESS
                                                   8 = SMOKE OR HAZE
[NO. OF DAYS WITH]      [WEATHER - DAYS WITH]      9 = BLOWING SNOW
                                                   X = TORNADO
MAX 32 OR BELOW:  13    0.01 INCH OR MORE:   5
MAX 90 OR ABOVE:   0    0.10 INCH OR MORE:   3
MIN 32 OR BELOW:  22    0.50 INCH OR MORE:   1
MIN  0 OR BELOW:  10    1.00 INCH OR MORE:   0

[HDD (BASE 65) ]
TOTAL THIS MO.  1113    CLEAR  (SCALE 0-3)   9
DPTR FM NORMAL    -3    PTCLDY (SCALE 4-7)   9
TOTAL FM JUL 1  4328    CLOUDY (SCALE 8-10)  4
DPTR FM NORMAL   -74

[CDD (BASE 65) ]
TOTAL THIS MO.     0
DPTR FM NORMAL     0    [PRESSURE DATA]
TOTAL FM JAN 1     0    HIGHEST SLP M ON M
DPTR FM NORMAL     0    LOWEST  SLP 29.53 ON 19

[REMARKS]
