000
CXUS53 KGRB 240644
CF6AUW
PRELIMINARY LOCAL CLIMATOLOGICAL DATA (WS FORM: F-6)

                                          STATION:   WAUSAU WI
                                          MONTH:     MARCH
                                          YEAR:      2017
                                          LATITUDE:   44 55 N
                                          LONGITUDE:  89 37 W

  TEMPERATURE IN F:       :PCPN:    SNOW:  WIND      :SUNSHINE: SKY     :PK WND
================================================================================
1   2   3   4   5  6A  6B    7    8   9   10  11  12  13   14  15   16   17  18
                                     12Z  AVG MX 2MIN
DY MAX MIN AVG DEP HDD CDD  WTR  SNW DPTH SPD SPD DIR MIN PSBL S-S WX    SPD DR
================================================================================

 1  33  18  26   2  39   0 0.26  2.6    3 11.3 21 330   M    M   9 1      30 350
 2  27  12  20  -4  45   0 0.00  0.0    3 10.1 24 280   M    M   5        30 280
 3  20   3  12 -13  53   0 0.00  0.0    2  5.5 13 270   M    M   0        17 220
 4  32  11  22  -3  43   0 0.00  0.0    2 12.5 23 140   M    M   8        30 140
 5  41  26  34   9  31   0 0.00  0.0    1 10.5 17 140   M    M   8        24 140
 6  55  40  48  22  17   0 0.56  0.0    0 12.3 38 260   M    M  10 13     50 280
 7  53  30  42  16  23   0    T    T    0 19.9 35 270   M    M   7 1      48 260
 8  37  24  31   5  34   0    T    T    0 26.4 43 270   M    M   5 1      59 280
 9  33  19  26  -1  39   0 0.00  0.0    0 10.6 17 320   M    M   1        24 330
10  19   6  13 -14  52   0 0.00  0.0    0 12.7 22 340   M    M   0        30 340
11  25   4  15 -13  50   0 0.00  0.0    0  9.2 16 350   M    M   0        21 310
12  24   9  17 -11  48   0 0.05  0.5    1  4.2 10 110   M    M   4 1      14 100
13  26  13  20  -9  45   0 0.03  0.3    0  8.2 15  40   M    M  10 18     20  40
14  27   6  17 -12  48   0 0.00  0.0    T  7.9 16 330   M    M   2        22 330
15  36  10  23  -6  42   0 0.00  0.0    0  7.4 16 300   M    M   0        24 290
16  42  14  28  -2  37   0 0.00  0.0    0  4.9 12 140   M    M   1        15 140
17  36  30  33   3  32   0 0.23  1.6    1  8.0 16 280   M    M  10 16     22 300
18  35  27  31   0  34   0 0.02  0.0    1  9.5 17 300   M    M  10 1      25 340
19  47  21  34   3  31   0 0.00  0.0    0  8.4 21 150   M    M   2        26 140
20  53  29  41   9  24   0 0.00  0.0    0  4.3 14 360   M    M   3 1      20  10
21  38  20  29  -3  36   0 0.00  0.0    0 10.7 20 340   M    M   1        33 320
22  35  14  25  -7  40   0 0.00  0.0    0  5.9 13 100   M    M   0        16  80
23  41  26  34   1  31   0 0.05  0.0    0 10.7 23 160   M    M  10 1      29 170
================================================================================
SM  815  412       874   0  1.20     5.0 231.1          M      106
================================================================================
AV 35.4 17.9                              10.0 FASTST   M    M   5    MAX(MPH)
                                 MISC ---->  # 43 270               # 59  280
================================================================================
NOTES:
# LAST OF SEVERAL OCCURRENCES

COLUMN 17 PEAK WIND IN M.P.H.

PRELIMINARY LOCAL CLIMATOLOGICAL DATA (WS FORM: F-6) , PAGE 2

                                          STATION:  WAUSAU WI
                                          MONTH:    MARCH
                                          YEAR:     2017
                                          LATITUDE:   44 55 N
                                          LONGITUDE:  89 37 W

[TEMPERATURE DATA]      [PRECIPITATION DATA]       SYMBOLS USED IN COLUMN 16

AVERAGE MONTHLY: 26.7   TOTAL FOR MONTH:   1.20    1 = FOG OR MIST
DPTR FM NORMAL:  -1.5   DPTR FM NORMAL:   -0.05    2 = FOG REDUCING VISIBILITY
HIGHEST:    55 ON  6    GRTST 24HR  0.56 ON  6- 6      TO 1/4 MILE OR LESS
LOWEST:      3 ON  3                               3 = THUNDER
                        SNOW, ICE PELLETS, HAIL    4 = ICE PELLETS
                        TOTAL MONTH:   5.0 INCHES  5 = HAIL
                        GRTST 24HR   2.6 ON   M    6 = FREEZING RAIN OR DRIZZLE
                        GRTST DEPTH:   3 ON  2, 1  7 = DUSTSTORM OR SANDSTORM:
                                                       VSBY 1/2 MILE OR LESS
                                                   8 = SMOKE OR HAZE
[NO. OF DAYS WITH]      [WEATHER - DAYS WITH]      9 = BLOWING SNOW
                                                   X = TORNADO
MAX 32 OR BELOW:   8    0.01 INCH OR MORE:   7
MAX 90 OR ABOVE:   0    0.10 INCH OR MORE:   3
MIN 32 OR BELOW:  22    0.50 INCH OR MORE:   1
MIN  0 OR BELOW:   0    1.00 INCH OR MORE:   0

[HDD (BASE 65) ]
TOTAL THIS MO.   874    CLEAR  (SCALE 0-3)  11
DPTR FM NORMAL    30    PTCLDY (SCALE 4-7)   6
TOTAL FM JUL 1  6100    CLOUDY (SCALE 8-10)  6
DPTR FM NORMAL  -880

[CDD (BASE 65) ]
TOTAL THIS MO.     0
DPTR FM NORMAL     0    [PRESSURE DATA]
TOTAL FM JAN 1     0    HIGHEST SLP M ON M
DPTR FM NORMAL     0    LOWEST  SLP 29.28 ON  7

[REMARKS]
