000
CXUS52 KGSP 280817
CF6AVL
PRELIMINARY LOCAL CLIMATOLOGICAL DATA (WS FORM: F-6)

                                          STATION:   ASHEVILLE NC
                                          MONTH:     MAY
                                          YEAR:      2016
                                          LATITUDE:   35 25 N
                                          LONGITUDE:  82 33 W

  TEMPERATURE IN F:       :PCPN:    SNOW:  WIND      :SUNSHINE: SKY     :PK WND
================================================================================
1   2   3   4   5  6A  6B    7    8   9   10  11  12  13   14  15   16   17  18
                                     12Z  AVG MX 2MIN
DY MAX MIN AVG DEP HDD CDD  WTR  SNW DPTH SPD SPD DIR MIN PSBL S-S WX    SPD DR
================================================================================

 1  77  59  68   9   0   3 0.33  0.0    0  4.9 14 170   M    M   6 13     18 200
 2  79  58  69   9   0   4 0.30  0.0    0  4.8 17 340   M    M   4 123    24 200
 3  74  55  65   5   0   0 0.10  0.0    0  9.5 22 340   M    M   5 1      28 350
 4  66  46  56  -4   9   0    T  0.0    0  9.7 21 340   M    M   5        26 350
 5  55  44  50 -10  15   0 0.01  0.0    0 16.9 26 340   M    M   6        38 330
 6  63  45  54  -7  11   0    T  0.0    0 13.2 28 340   M    M   5        36 340
 7  78  43  61   0   4   0 0.00  0.0    0  5.1 26 340   M    M   2        34 300
 8  81  58  70   9   0   5 0.00  0.0    0  6.2 16 340   M    M   4        23 300
 9  76  56  66   5   0   1    T  0.0    0  3.8 17 190   M    M   2        22 190
10  81  59  70   8   0   5 0.00  0.0    0  7.4 23 200   M    M   2        33 210
11  78  54  66   4   0   1 0.02  0.0    0  3.7 14 340   M    M   3 123    18 350
12  79  56  68   6   0   3 0.12  0.0    0  4.6 14 200   M    M   5 123    16 190
13  72  56  64   2   1   0 0.04  0.0    0 10.7 25 340   M    M   3 18     30 340
14  77  45  61  -2   4   0 0.00  0.0    0  8.6 25 340   M    M   1        33 320
15  63  41  52 -11  13   0 0.00  0.0    0 14.4 26 340   M    M   0        37 340
16  67  42  55  -8  10   0 0.00  0.0    0  5.0 14 140   M    M   2        21 140
17  70  54  62  -1   3   0 0.15  0.0    0  2.9 10 160   M    M  10 18     13 170
18  77  58  68   4   0   3 0.10  0.0    0  3.1 14 330   M    M   8 13     19 330
19  63  56  60  -4   5   0 0.00  0.0    0  4.9 10 170   M    M  10 18     13 160
20  58  54  56  -8   9   0 0.37  0.0    0  4.8 13 170   M    M  10 18     16 170
21  76  54  65   1   0   0 0.00  0.0    0  7.1 22 340   M    M   7 18     27 330
22  71  54  63  -2   2   0 0.01  0.0    0 13.1 32 330   M    M   5        39 330
23  73  45  59  -6   6   0    T  0.0    0  6.3 25 340   M    M   3 12     31 340
24  80  48  64  -1   1   0 0.00  0.0    0  2.5 13 360   M    M   1 1      17 350
25  81  50  66   1   0   1    T  0.0    0  3.2 15 190   M    M   4        20 180
26  82  58  70   4   0   5    T  0.0    0  3.6 23 340   M    M   2 3      28 340
27  80  59  70   4   0   5 0.28  0.0    0  3.3 14 180   M    M   4 12     20 170
================================================================================
SM 1977 1407        93  36  1.83     0.0 183.3          M      119
================================================================================
AV 73.2 52.1                               6.8 FASTST   M    M   4    MAX(MPH)
                                 MISC ---->  # 32 330               # 39  330
================================================================================
NOTES:
# LAST OF SEVERAL OCCURRENCES

COLUMN 17 PEAK WIND IN M.P.H.

PRELIMINARY LOCAL CLIMATOLOGICAL DATA (WS FORM: F-6) , PAGE 2

                                          STATION:  ASHEVILLE NC
                                          MONTH:    MAY
                                          YEAR:     2016
                                          LATITUDE:   35 25 N
                                          LONGITUDE:  82 33 W

[TEMPERATURE DATA]      [PRECIPITATION DATA]       SYMBOLS USED IN COLUMN 16

AVERAGE MONTHLY: 62.7   TOTAL FOR MONTH:   1.83    1 = FOG OR MIST
DPTR FM NORMAL:   0.0   DPTR FM NORMAL:   -1.32    2 = FOG REDUCING VISIBILITY
HIGHEST:    82 ON 26    GRTST 24HR  1.40 ON 30- 1      TO 1/4 MILE OR LESS
LOWEST:     41 ON 15                               3 = THUNDER
                        SNOW, ICE PELLETS, HAIL    4 = ICE PELLETS
                        TOTAL MONTH:   0.0 INCH    5 = HAIL
                        GRTST 24HR     0.0         6 = FREEZING RAIN OR DRIZZLE
                        GRTST DEPTH:   0           7 = DUSTSTORM OR SANDSTORM:
                                                       VSBY 1/2 MILE OR LESS
                                                   8 = SMOKE OR HAZE
[NO. OF DAYS WITH]      [WEATHER - DAYS WITH]      9 = BLOWING SNOW
                                                   X = TORNADO
MAX 32 OR BELOW:   0    0.01 INCH OR MORE:  12
MAX 90 OR ABOVE:   0    0.10 INCH OR MORE:   8
MIN 32 OR BELOW:   0    0.50 INCH OR MORE:   0
MIN  0 OR BELOW:   0    1.00 INCH OR MORE:   0

[HDD (BASE 65) ]
TOTAL THIS MO.    93    CLEAR  (SCALE 0-3)  10
DPTR FM NORMAL   -10    PTCLDY (SCALE 4-7)  14
TOTAL FM JUL 1  3456    CLOUDY (SCALE 8-10)  3
DPTR FM NORMAL  -719

[CDD (BASE 65) ]
TOTAL THIS MO.    36
DPTR FM NORMAL    -5    [PRESSURE DATA]
TOTAL FM JAN 1    52    HIGHEST SLP M ON M
DPTR FM NORMAL     3    LOWEST  SLP 29.58 ON  5

[REMARKS]
