000
CXUS51 KBGM 290800
CF6AVP
PRELIMINARY LOCAL CLIMATOLOGICAL DATA (WS FORM: F-6)

                                          STATION:   AVOCA PA
                                          MONTH:     DECEMBER
                                          YEAR:      2014
                                          LATITUDE:   41 19 N
                                          LONGITUDE:  75 44 W

  TEMPERATURE IN F:       :PCPN:    SNOW:  WIND      :SUNSHINE: SKY     :PK WND
================================================================================
1   2   3   4   5  6A  6B    7    8   9   10  11  12  13   14  15   16   17  18
                                     12Z  AVG MX 2MIN
DY MAX MIN AVG DEP HDD CDD  WTR  SNW DPTH SPD SPD DIR MIN PSBL S-S WX    SPD DR
================================================================================

 1  49  33  41   5  24   0    T  0.0    M  8.3 18 320   M    M   7        28 330
 2  41  26  34  -1  31   0 0.08  0.6    M  6.3 16 330   M    M   6 18     26 170
 3  42  34  38   3  27   0 0.07  0.0    M  7.5 17 250   M    M   9 1      26 270
 4  38  28  33  -2  32   0 0.00  0.0    M  7.3 16 300   M    M   0        20 330
 5  39  26  33  -1  32   0 0.30  0.0    M  5.6 13 280   M    M   7 18     13 280
 6  40  36  38   4  27   0 0.76  0.0    M  6.9 22 340   M    M  10 1      28 350
 7  39  25  32  -1  33   0 0.00  0.0    M 11.5 23 360   M    M   3        31  10
 8  32  23  28  -5  37   0 0.00  0.0    M  5.5 14  60   M    M   5        21 130
 9  39  30  35   2  30   0 0.36    T    M  6.5 18 350   M    M  10 168    24 320
10  37  27  32   0  33   0 0.23  1.9    M 13.0 25 330   M    M  10 1      31 340
11  31  26  29  -3  36   0 0.11  1.9    M  7.2 21 290   M    M  10 1      27 300
12  33  28  31  -1  34   0    T    T    M  7.6 16 290   M    M  10 18     26 300
13  36  32  34   3  31   0 0.00  0.0    M  5.9 16 310   M    M  10 8      22 280
14  40  33  37   6  28   0    T    T    M  6.6 17 320   M    M  10 18     23 300
15  38  34  36   5  29   0 0.00  0.0    M  5.2 15 340   M    M  10        20 320
16  45  36  41  11  24   0 0.11  0.0    M  1.8 10 210   M    M  10 18     19 210
17  46  35  41  11  24   0 0.09    T    M  9.2 25 280   M    M  10 1      30 280
18  36  32  34   4  31   0 0.03    M    M 11.8 26 290   M    M  10 1      36 290
19  34  29  32   3  33   0    T    M    M 11.2 18 330   M    M  10        26 310
20  31  29  30   1  35   0    T    T    M  5.7 14 350   M    M  10 8      19 360
21  32  29  31   2  34   0 0.00  0.0    M  4.1 12 340   M    M  10        14 340
22  43  30  37   8  28   0    T  0.0    M  4.2 13 160   M    M   9 1      20 150
23  48  39  44  16  21   0 0.05  0.0    M  5.4 13 320   M    M  10 1      18 180
24  59  46  53  25  12   0 0.44  0.0    M  5.8 13 210   M    M  10 1      21 210
25  61  39  50  22  15   0 0.14  0.0    M 13.0 31 260   M    M  10 1      37 260
26  45  32  39  11  26   0 0.00  0.0    M  6.7 13 200   M    M   0        19 210
27  52  30  41  13  24   0 0.00  0.0    M  5.1 14 200   M    M   1 1      19 190
28  50  35  43  16  22   0 0.01  0.0    M  9.3 18 320   M    M   9        26 320
================================================================================
SM 1156  882       793   0  2.78     4.4 204.2          M      226
================================================================================
AV 41.3 31.5                               7.3 FASTST   M    M   8    MAX(MPH)
                                 MISC ---->  # 31 260               # 37  260
================================================================================
NOTES:
# LAST OF SEVERAL OCCURRENCES

COLUMN 17 PEAK WIND IN M.P.H.

PRELIMINARY LOCAL CLIMATOLOGICAL DATA (WS FORM: F-6) , PAGE 2

                                          STATION:  AVOCA PA
                                          MONTH:    DECEMBER
                                          YEAR:     2014
                                          LATITUDE:   41 19 N
                                          LONGITUDE:  75 44 W

[TEMPERATURE DATA]      [PRECIPITATION DATA]       SYMBOLS USED IN COLUMN 16

AVERAGE MONTHLY: 36.4   TOTAL FOR MONTH:   2.78    1 = FOG OR MIST
DPTR FM NORMAL:   5.3   DPTR FM NORMAL:    0.32    2 = FOG REDUCING VISIBILITY
HIGHEST:    61 ON 25    GRTST 24HR  0.97 ON  5- 6      TO 1/4 MILE OR LESS
LOWEST:     23 ON  8                               3 = THUNDER
                        SNOW, ICE PELLETS, HAIL    4 = ICE PELLETS
                        TOTAL MONTH:   4.4 INCHES  5 = HAIL
                        GRTST 24HR   1.9 ON   M    6 = FREEZING RAIN OR DRIZZLE
                        GRTST DEPTH:  M  ON   M    7 = DUSTSTORM OR SANDSTORM:
                                                       VSBY 1/2 MILE OR LESS
                                                   8 = SMOKE OR HAZE
[NO. OF DAYS WITH]      [WEATHER - DAYS WITH]      9 = BLOWING SNOW
                                                   X = TORNADO
MAX 32 OR BELOW:   4    0.01 INCH OR MORE:  14
MAX 90 OR ABOVE:   0    0.10 INCH OR MORE:   8
MIN 32 OR BELOW:  17    0.50 INCH OR MORE:   1
MIN  0 OR BELOW:   0    1.00 INCH OR MORE:   0

[HDD (BASE 65) ]
TOTAL THIS MO.   793    CLEAR  (SCALE 0-3)   4
DPTR FM NORMAL  -158    PTCLDY (SCALE 4-7)   4
TOTAL FM JUL 1  1983    CLOUDY (SCALE 8-10) 20
DPTR FM NORMAL  -281

[CDD (BASE 65) ]
TOTAL THIS MO.     0
DPTR FM NORMAL     0    [PRESSURE DATA]
TOTAL FM JAN 1   686    HIGHEST SLP 30.65 ON  8
DPTR FM NORMAL   106    LOWEST  SLP 29.43 ON M

[REMARKS]
