000
CXUS51 KOKX 250702
CF6BDR
PRELIMINARY LOCAL CLIMATOLOGICAL DATA (WS FORM: F-6)

                                          STATION:   BRIDGEPORT CT
                                          MONTH:     SEPTEMBER
                                          YEAR:      2017
                                          LATITUDE:   41 10 N
                                          LONGITUDE:  73  8 W

  TEMPERATURE IN F:       :PCPN:    SNOW:  WIND      :SUNSHINE: SKY     :PK WND
================================================================================
1   2   3   4   5  6A  6B    7    8   9   10  11  12  13   14  15   16   17  18
                                     12Z  AVG MX 2MIN
DY MAX MIN AVG DEP HDD CDD  WTR  SNW DPTH SPD SPD DIR MIN PSBL S-S WX    SPD DR
================================================================================

 1  73  52  63  -8   2   0 0.00  0.0    0  9.3 21 340   M    M   0        29 310
 2  65  51  58 -13   7   0 0.10  0.0    0  7.3 17 100   M    M   2        22  90
 3  70  57  64  -6   1   0 0.69  0.0    0 12.4 24  90   M    M   8 1      31  90
 4  80  60  70   0   0   5 0.00  0.0    0 12.3 20 200   M    M   0        24 210
 5  82  70  76   6   0  11 0.12  0.0    0  9.5 18 190   M    M   2 1      26 200
 6  75  61  68  -2   0   3 0.61  0.0    0  6.2 17  30   M    M   9 18     20  30
 7  73  60  67  -2   0   2 0.01  0.0    0  9.2 18 220   M    M   3 1      23 220
 8  73  56  65  -4   0   0 0.00  0.0    0  6.9 16 290   M    M   2        20 210
 9  70  55  63  -6   2   0 0.00  0.0    0  8.7 16 350   M    M   1        21 350
10  75  55  65  -3   0   0 0.00  0.0    0  8.8 18  30   M    M   2        24  30
11  78  53  66  -2   0   1 0.00  0.0    0  5.5 15 220   M    M   0        17 220
12  77  55  66  -2   0   1 0.00  0.0    0  4.0 13 230   M    M   0        16 240
13  80  58  69   2   0   4    T  0.0    0  5.6 15 220   M    M   3        18 220
14  78  68  73   6   0   8    T  0.0    0  5.4 13 190   M    M   7 13     17 190
15  83  68  76   9   0  11 0.00  0.0    0  3.9 10 210   M    M   3 1      12 200
16  78  69  74   8   0   9 0.00  0.0    0  4.6 12 160   M    M   4 18     14 150
17  76  67  72   6   0   7 0.00  0.0    0  4.3 12 190   M    M   6 18     14 180
18  76  66  71   6   0   6    T  0.0    0  9.5 16 100   M    M  10 1      20 100
19  76  69  73   8   0   8 0.19  0.0    0 16.5 23  20   M    M   8 1      32  40
20  80  71  76  11   0  11 0.00  0.0    0 16.2 26 360   M    M   6        36  10
21  77  70  74  10   0   9 0.00  0.0    0 10.9 22  10   M    M   0        29  10
22  84  67  76  12   0  11 0.00  0.0    0 15.4 23  10   M    M   3        30  10
23  87  67  77  13   0  12 0.00  0.0    0  8.1 21 360   M    M   1        27  10
24  84  63  74  11   0   9 0.00  0.0    0  2.7  9 220   M    M   0        13 230
================================================================================
SM 1850 1488        12 128  1.72     0.0 203.2          M       80
================================================================================
AV 77.1 62.0                               8.5 FASTST   M    M   3    MAX(MPH)
                                 MISC ---->  # 26 360               # 36   10
================================================================================
NOTES:
# LAST OF SEVERAL OCCURRENCES

COLUMN 17 PEAK WIND IN M.P.H.

PRELIMINARY LOCAL CLIMATOLOGICAL DATA (WS FORM: F-6) , PAGE 2

                                          STATION:  BRIDGEPORT CT
                                          MONTH:    SEPTEMBER
                                          YEAR:     2017
                                          LATITUDE:   41 10 N
                                          LONGITUDE:  73  8 W

[TEMPERATURE DATA]      [PRECIPITATION DATA]       SYMBOLS USED IN COLUMN 16

AVERAGE MONTHLY: 69.5   TOTAL FOR MONTH:   1.72    1 = FOG OR MIST
DPTR FM NORMAL:   2.2   DPTR FM NORMAL:   -1.02    2 = FOG REDUCING VISIBILITY
HIGHEST:    87 ON 23    GRTST 24HR  0.69 ON  3- 3      TO 1/4 MILE OR LESS
LOWEST:     51 ON  2                               3 = THUNDER
                        SNOW, ICE PELLETS, HAIL    4 = ICE PELLETS
                        TOTAL MONTH:   0.0 INCH    5 = HAIL
                        GRTST 24HR     0.0         6 = FREEZING RAIN OR DRIZZLE
                        GRTST DEPTH:   0           7 = DUSTSTORM OR SANDSTORM:
                                                       VSBY 1/2 MILE OR LESS
                                                   8 = SMOKE OR HAZE
[NO. OF DAYS WITH]      [WEATHER - DAYS WITH]      9 = BLOWING SNOW
                                                   X = TORNADO
MAX 32 OR BELOW:   0    0.01 INCH OR MORE:   6
MAX 90 OR ABOVE:   0    0.10 INCH OR MORE:   5
MIN 32 OR BELOW:   0    0.50 INCH OR MORE:   2
MIN  0 OR BELOW:   0    1.00 INCH OR MORE:   0

[HDD (BASE 65) ]
TOTAL THIS MO.    12    CLEAR  (SCALE 0-3)  15
DPTR FM NORMAL   -25    PTCLDY (SCALE 4-7)   7
TOTAL FM JUL 1    12    CLOUDY (SCALE 8-10)  2
DPTR FM NORMAL   -29

[CDD (BASE 65) ]
TOTAL THIS MO.   128
DPTR FM NORMAL    37    [PRESSURE DATA]
TOTAL FM JAN 1   965    HIGHEST SLP M ON M
DPTR FM NORMAL   156    LOWEST  SLP 29.70 ON  5

[REMARKS]
