000
CXUS55 KCTP 271131
CF6BFD
PRELIMINARY LOCAL CLIMATOLOGICAL DATA (WS FORM: F-6)

                                          STATION:   BRADFORD
                                          MONTH:     JULY
                                          YEAR:      2016
                                          LATITUDE:   41 47 N
                                          LONGITUDE:  78 38 W

  TEMPERATURE IN F:       :PCPN:    SNOW:  WIND      :SUNSHINE: SKY     :PK WND
================================================================================
1   2   3   4   5  6A  6B    7    8   9   10  11  12  13   14  15   16   17  18
                                     12Z  AVG MX 2MIN
DY MAX MIN AVG DEP HDD CDD  WTR  SNW DPTH SPD SPD DIR MIN PSBL S-S WX    SPD DR
================================================================================

 1  72  49  61  -4   4   0 0.15    M    M  6.0 17 310   M    M   5 13     24 290
 2  72  41  57  -8   8   0 0.00    M    M  5.7 17 320   M    M   1 1      22 340
 3  75  41  58  -7   7   0 0.00    M    M  2.2  9 320   M    M   0        13 210
 4  77  43  60  -5   5   0 0.00    M    M  5.9 16 130   M    M   4        22 110
 5  80  59  70   5   0   5 0.06    M    M  4.2 13 280   M    M   8 12     19 290
 6  84  55  70   5   0   5 0.03    M    M  4.5 15 250   M    M   5 123    22 230
 7  84  61  73   8   0   8    T    M    M  4.9 17 280   M    M   6 1      24 280
 8  81  61  71   6   0   6 0.99    M    M  4.2 14 310   M    M   6 123    20 240
 9  75  62  69   4   0   4 0.24    M    M  9.3 21 310   M    M   7 13     27 300
10  75  52  64  -1   1   0    T    M    M  9.2 22 330   M    M   5 1      27 330
11  81  48  65   0   0   0 0.00    M    M  2.5 13 330   M    M   1        16 330
12  84  53  69   4   0   4 0.00    M    M  4.1 13 170   M    M   2 1      16 150
13  85  66  76  10   0  11    T    M    M  5.5 13 240   M    M   3 18     20 290
14  81  66  74   8   0   9 0.17    M    M  6.3 15 250   M    M   4 13     22 270
15  80  57  69   3   0   4 0.00    M    M  7.1 21 280   M    M   3 1      30 270
16  75  53  64  -2   1   0    T    M    M  2.7 10 320   M    M   6 12     13 310
17  80  51  66   0   0   1 0.00    M    M  5.1 14 240   M    M   2 1      24 250
18  80  59  70   4   0   5 1.31    M    M  8.2 20 290   M    M   2 123    27 270
19  76  50  63  -3   2   0 0.00    M    M  5.0 17 330   M    M   2 1      22 320
20  79  45  62  -4   3   0 0.00    M    M  2.6 10 290   M    M   0        14 280
21  83  47  65  -1   0   0 0.00    M    M  3.3 14 290   M    M   0        19 290
22  85  64  75   9   0  10 0.48    M    M  7.7 20 290   M    M   1 13     28 290
23  87  59  73   8   0   8 0.00    M    M  6.9 22 320   M    M   1 12     26 320
24  84  55  70   5   0   5 0.00    M    M  3.1 10 200   M    M   1 1      15 190
25  85  67  76  11   0  11 0.43    M    M  6.1 31 330   M    M   4 123    39 320
26  81  58  70   5   0   5 0.00    M    M  5.4 14 300   M    M   1 1      23 310
================================================================================
SM 2081 1422        31 101  3.86    M    137.7          M       80
================================================================================
AV 80.0 54.7                               5.3 FASTST   M    M   3    MAX(MPH)
                                 MISC ---->  # 31 330               # 39  320
================================================================================
NOTES:
# LAST OF SEVERAL OCCURRENCES

COLUMN 17 PEAK WIND IN M.P.H.

PRELIMINARY LOCAL CLIMATOLOGICAL DATA (WS FORM: F-6) , PAGE 2

                                          STATION:  BRADFORD
                                          MONTH:    JULY
                                          YEAR:     2016
                                          LATITUDE:   41 47 N
                                          LONGITUDE:  78 38 W

[TEMPERATURE DATA]      [PRECIPITATION DATA]       SYMBOLS USED IN COLUMN 16

AVERAGE MONTHLY: 67.4   TOTAL FOR MONTH:   3.86    1 = FOG OR MIST
DPTR FM NORMAL:   2.0   DPTR FM NORMAL:    0.34    2 = FOG REDUCING VISIBILITY
HIGHEST:    87 ON 23    GRTST 24HR  1.31 ON 18-18      TO 1/4 MILE OR LESS
LOWEST:     41 ON  3, 2                            3 = THUNDER
                        SNOW, ICE PELLETS, HAIL    4 = ICE PELLETS
                        TOTAL MONTH:    M          5 = HAIL
                        GRTST 24HR    M  ON   M    6 = FREEZING RAIN OR DRIZZLE
                        GRTST DEPTH:  M  ON   M    7 = DUSTSTORM OR SANDSTORM:
                                                       VSBY 1/2 MILE OR LESS
                                                   8 = SMOKE OR HAZE
[NO. OF DAYS WITH]      [WEATHER - DAYS WITH]      9 = BLOWING SNOW
                                                   X = TORNADO
MAX 32 OR BELOW:   0    0.01 INCH OR MORE:   9
MAX 90 OR ABOVE:   0    0.10 INCH OR MORE:   7
MIN 32 OR BELOW:   0    0.50 INCH OR MORE:   2
MIN  0 OR BELOW:   0    1.00 INCH OR MORE:   1

[HDD (BASE 65) ]
TOTAL THIS MO.    31    CLEAR  (SCALE 0-3)  15
DPTR FM NORMAL    30    PTCLDY (SCALE 4-7)  11
TOTAL FM JUL 1    31    CLOUDY (SCALE 8-10)  0
DPTR FM NORMAL    30

[CDD (BASE 65) ]
TOTAL THIS MO.   101
DPTR FM NORMAL    41    [PRESSURE DATA]
TOTAL FM JAN 1   152    HIGHEST SLP M ON M
DPTR FM NORMAL    42    LOWEST  SLP 29.71 ON  7

[REMARKS]
