000
CXUS55 KCYS 191001
CF6BFF
PRELIMINARY LOCAL CLIMATOLOGICAL DATA (WS FORM: F-6)

                                          STATION:   SCOTTSBLUFF NE AIRPORT
                                          MONTH:     APRIL
                                          YEAR:      2014
                                          LATITUDE:   41 52 N
                                          LONGITUDE: 103 36 W

  TEMPERATURE IN F:       :PCPN:    SNOW:  WIND      :SUNSHINE: SKY     :PK WND
================================================================================
1   2   3   4   5  6A  6B    7    8   9   10  11  12  13   14  15   16   17  18
                                     12Z  AVG MX 2MIN
DY MAX MIN AVG DEP HDD CDD  WTR  SNW DPTH SPD SPD DIR MIN PSBL S-S WX    SPD DR
================================================================================

 1  54  24  39  -3  26   0    T  0.0    0 14.3 25 130   M    M   8 1      33 130
 2  53  32  43   0  22   0 0.00  0.0    0 13.3 21 150   M    M   8        27 130
 3  51  22  37  -6  28   0 0.00  0.0    0 16.1 33 350   M    M   3        42 350
 4  59  16  38  -5  27   0 0.00  0.0    0  5.0 17 220   M    M   3        26 220
 5  64  27  46   3  19   0 0.00  0.0    0  6.0 18 300   M    M   1        24 300
 6  60  27  44   0  21   0    T  0.0    0  8.0 31 360   M    M   1        39 340
 7  56  33  45   1  20   0 0.00  0.0    0 16.1 36 340   M    M   4        45 350
 8  73  33  53   9  12   0 0.00  0.0    0  8.9 24 310   M    M   2        30 310
 9  81  34  58  14   7   0 0.00  0.0    0 13.1 29 290   M    M   0 8      40 300
10  65  38  52   7  13   0 0.00  0.0    0  6.6 21  20   M    M   4        25  20
11  77  27  52   7  13   0 0.00  0.0    0  7.4 26 230   M    M   0        34 230
12  70  38  54   9  11   0    T  0.0    0 13.5 35  50   M    M   3        41  40
13  42  26  34 -12  31   0 0.09  1.1    0 15.7 33  30   M    M  10 18     41  30
14  45  15  30 -16  35   0    T    T    1 12.5 28 300   M    M   2 1      35 310
15  66  21  44  -2  21   0 0.00  0.0    0 14.0 37 250   M    M   2        50 250
16  55  33  44  -3  21   0    T  0.0    0 19.0 33 250   M    M   5        50 330
17  60  33  47   0  18   0 0.00  0.0    0 13.6 24 120   M    M   5        29 120
18  84  36  60  13   5   0 0.00  0.0    0 11.8 25 200   M    M   0        36 210
================================================================================
SM 1115  515       350   0  0.09     1.1 214.9          M       61
================================================================================
AV 61.9 28.6                              11.9 FASTST   M    M   3    MAX(MPH)
                                 MISC ---->  # 37 250               # 50  250
================================================================================
NOTES:
# LAST OF SEVERAL OCCURRENCES

COLUMN 17 PEAK WIND IN M.P.H.

PRELIMINARY LOCAL CLIMATOLOGICAL DATA (WS FORM: F-6) , PAGE 2

                                          STATION:  SCOTTSBLUFF NE AIRPORT
                                          MONTH:    APRIL
                                          YEAR:     2014
                                          LATITUDE:   41 52 N
                                          LONGITUDE: 103 36 W

[TEMPERATURE DATA]      [PRECIPITATION DATA]       SYMBOLS USED IN COLUMN 16

AVERAGE MONTHLY: 45.3   TOTAL FOR MONTH:   0.09    1 = FOG OR MIST
DPTR FM NORMAL:   0.6   DPTR FM NORMAL:   -0.95    2 = FOG REDUCING VISIBILITY
HIGHEST:    84 ON 18    GRTST 24HR  0.09 ON 13-13      TO 1/4 MILE OR LESS
LOWEST:     15 ON 14                               3 = THUNDER
                        SNOW, ICE PELLETS, HAIL    4 = ICE PELLETS
                        TOTAL MONTH:   1.1 INCHES  5 = HAIL
                        GRTST 24HR   1.1 ON   M    6 = FREEZING RAIN OR DRIZZLE
                        GRTST DEPTH:   1 ON 14     7 = DUSTSTORM OR SANDSTORM:
                                                       VSBY 1/2 MILE OR LESS
                                                   8 = SMOKE OR HAZE
[NO. OF DAYS WITH]      [WEATHER - DAYS WITH]      9 = BLOWING SNOW
                                                   X = TORNADO
MAX 32 OR BELOW:   0    0.01 INCH OR MORE:   1
MAX 90 OR ABOVE:   0    0.10 INCH OR MORE:   0
MIN 32 OR BELOW:  10    0.50 INCH OR MORE:   0
MIN  0 OR BELOW:   0    1.00 INCH OR MORE:   0

[HDD (BASE 65) ]
TOTAL THIS MO.   350    CLEAR  (SCALE 0-3)   9
DPTR FM NORMAL   -16    PTCLDY (SCALE 4-7)   8
TOTAL FM JUL 1  6213    CLOUDY (SCALE 8-10)  1
DPTR FM NORMAL   106

[CDD (BASE 65) ]
TOTAL THIS MO.     0
DPTR FM NORMAL     0    [PRESSURE DATA]
TOTAL FM JAN 1     0    HIGHEST SLP M ON M
DPTR FM NORMAL     0    LOWEST  SLP 29.53 ON 12

[REMARKS]
