000
CXUS55 KBYZ 291055
CF6BHK
PRELIMINARY LOCAL CLIMATOLOGICAL DATA (WS FORM: F-6)

                                          STATION:   BAKER MT
                                          MONTH:     AUGUST
                                          YEAR:      2015
                                          LATITUDE:   46 20 N
                                          LONGITUDE: 104 15 W

  TEMPERATURE IN F:       :PCPN:    SNOW:  WIND      :SUNSHINE: SKY     :PK WND
================================================================================
1   2   3   4   5  6A  6B    7    8   9   10  11  12  13   14  15   16   17  18
                                     12Z  AVG MX 2MIN
DY MAX MIN AVG DEP HDD CDD  WTR  SNW DPTH SPD SPD DIR MIN PSBL S-S WX    SPD DR
================================================================================

 1  99  55  77   5   0  12 0.00    M    M  7.4 25 330   M    M   0        32 330
 2  87  51  69  -3   0   4 0.00    M    M  7.7 16  20   M    M   0        23  20
 3  88  50  69  -3   0   4 0.00    M    M  8.2 17  80   M    M   0        20  40
 4  92  54  73   1   0   8 0.17    M    M 12.8 40 260   M    M   3 13     52 250
 5  88  59  74   2   0   9 0.09    M    M  9.1 28 190   M    M   2 3      36 150
 6  83  56  70  -2   0   5 0.14    M    M 11.6 24 290   M    M   5 1      32 280
 7  83  55  69  -3   0   4 0.01    M    M  7.9 30 280   M    M   2        39 280
 8  83  48  66  -6   0   1 0.09    M    M  6.3 23 170   M    M   3        29 180
 9  79  56  68  -4   0   3 0.04    M    M  2.0 14  10   M    M   6 3      17  10
10  86  51  69  -3   0   4 0.00    M    M  5.3 15 120   M    M   0        19 150
11  94  55  75   4   0  10 0.00    M    M 13.9 24 150   M    M   0        31 140
12 101  60  81  10   0  16 0.64    M    M  8.6 45 280   M    M   0 13     53 270
13  96  61  79   8   0  14 0.00    M    M  5.0 14  60   M    M   1        19 180
14 101  65  83  12   0  18 0.00    M    M 13.2 24 150   M    M   0        32 150
15  93  64  79   9   0  14 0.00    M    M 13.0 25 290   M    M   0        37 290
16  70  46  58 -12   7   0 0.02    M    M  7.8 16 310   M    M   6        21 310
17  67  43  55 -15  10   0 0.49    M    M  5.2 14 100   M    M   5 1      18 140
18  71  52  62  -8   3   0 0.38    M    M  6.2 22 350   M    M   9 13     25 350
19  73  47  60  -9   5   0 0.00    M    M  7.3 14 270   M    M   1        17 270
20  86  47  67  -2   0   2 0.00    M    M  7.6 16 270   M    M   1 8      22 290
21  90  56  73   4   0   8 0.00    M    M  6.4 18 320   M    M   3 8      24 330
22  72  42  57 -11   8   0 0.13    M    M 25.1 44 290   M    M   8 138    55 310
23  71  39  55 -13  10   0 0.00    M    M  8.0 16 280   M    M   0        21 280
24  81  38  60  -8   5   0 0.00    M    M 10.0 20 150   M    M   0        25 140
25  90  52  71   4   0   6 0.00    M    M 15.0 29 140   M    M   0        34 150
26  93  55  74   7   0   9 0.00    M    M 10.2 20 110   M    M   0        23 110
27  91  61  76  10   0  11 0.00    M    M  6.1 14  30   M    M   1        16 110
28  87  58  73   7   0   8 0.00    M    M  5.6 16 290   M    M   3 8      20 300
================================================================================
SM 2395 1476        48 170  2.20    M    252.5          M       59
================================================================================
AV 85.5 52.7                               9.0 FASTST   M    M   2    MAX(MPH)
                                 MISC ---->  # 45 280               # 55  310
================================================================================
NOTES:
# LAST OF SEVERAL OCCURRENCES

COLUMN 17 PEAK WIND IN M.P.H.

PRELIMINARY LOCAL CLIMATOLOGICAL DATA (WS FORM: F-6) , PAGE 2

                                          STATION:  BAKER MT
                                          MONTH:    AUGUST
                                          YEAR:     2015
                                          LATITUDE:   46 20 N
                                          LONGITUDE: 104 15 W

[TEMPERATURE DATA]      [PRECIPITATION DATA]       SYMBOLS USED IN COLUMN 16

AVERAGE MONTHLY: 69.1   TOTAL FOR MONTH:   2.20    1 = FOG OR MIST
DPTR FM NORMAL:  -0.9   DPTR FM NORMAL:    0.96    2 = FOG REDUCING VISIBILITY
HIGHEST:   101 ON 14,12 GRTST 24HR  0.81 ON 17-18      TO 1/4 MILE OR LESS
LOWEST:     38 ON 24                               3 = THUNDER
                        SNOW, ICE PELLETS, HAIL    4 = ICE PELLETS
                        TOTAL MONTH:    M          5 = HAIL
                        GRTST 24HR    M  ON   M    6 = FREEZING RAIN OR DRIZZLE
                        GRTST DEPTH:  M  ON   M    7 = DUSTSTORM OR SANDSTORM:
                                                       VSBY 1/2 MILE OR LESS
                                                   8 = SMOKE OR HAZE
[NO. OF DAYS WITH]      [WEATHER - DAYS WITH]      9 = BLOWING SNOW
                                                   X = TORNADO
MAX 32 OR BELOW:   0    0.01 INCH OR MORE:  11
MAX 90 OR ABOVE:  11    0.10 INCH OR MORE:   6
MIN 32 OR BELOW:   0    0.50 INCH OR MORE:   1
MIN  0 OR BELOW:   0    1.00 INCH OR MORE:   0

[HDD (BASE 65) ]
TOTAL THIS MO.    48    CLEAR  (SCALE 0-3)  20
DPTR FM NORMAL    17    PTCLDY (SCALE 4-7)   7
TOTAL FM JUL 1    53    CLOUDY (SCALE 8-10)  1
DPTR FM NORMAL     1

[CDD (BASE 65) ]
TOTAL THIS MO.   170
DPTR FM NORMAL    -2    [PRESSURE DATA]
TOTAL FM JAN 1   470    HIGHEST SLP  0.00 ON M
DPTR FM NORMAL    39    LOWEST  SLP  0.00 ON M

[REMARKS]
