000
CXUS54 KBMX 201216
CF6BHM
PRELIMINARY LOCAL CLIMATOLOGICAL DATA (WS FORM: F-6)

                                          STATION:   BIRMINGHAM
                                          MONTH:     JANUARY
                                          YEAR:      2017
                                          LATITUDE:   33 34 N
                                          LONGITUDE:  86 45 W

  TEMPERATURE IN F:       :PCPN:    SNOW:  WIND      :SUNSHINE: SKY     :PK WND
================================================================================
1   2   3   4   5  6A  6B    7    8   9   10  11  12  13   14  15   16   17  18
                                     12Z  AVG MX 2MIN
DY MAX MIN AVG DEP HDD CDD  WTR  SNW DPTH SPD SPD DIR MIN PSBL S-S WX    SPD DR
================================================================================

 1  63  51  57  13   8   0 0.74  0.0    0  4.4 14 130   M    M   9 1      17 130
 2  64  59  62  18   3   0 1.66  0.0    0  8.5 25 280   M    M   9 13     37 280
 3  65  53  59  15   6   0    T  0.0    0  7.8 17 240   M    M   8        21 240
 4  55  33  44   0  21   0 0.00  0.0    0  9.7 20 350   M    M   8        24 340
 5  51  30  41  -3  24   0    T  0.0    0  6.3 15 340   M    M   7        19 340
 6  35  23  29 -15  36   0 0.16  0.3    0 12.0 20 340   M    M  10 146    24 350
 7  31  17  24 -20  41   0 0.00  0.0    0 13.0 23 340   M    M   2        31 350
 8  36  13  25 -19  40   0 0.00  0.0    0  4.0 10  70   M    M   4        13  60
 9  49  22  36  -8  29   0 0.00  0.0    0  5.7 16 180   M    M   3        23 140
10  60  43  52   8  13   0 0.00  0.0    0 10.7 20 180   M    M  10        31 140
11  69  58  64  20   1   0 0.00  0.0    0 12.2 21 180   M    M   9        30 180
12  74  59  67  23   0   2 0.00  0.0    0  9.1 18 190   M    M   8        26 190
13  78  57  68  24   0   3    T  0.0    0  3.1 12 240   M    M   8        16 220
14  76  50  63  19   2   0 0.00  0.0    0  1.9 12 240   M    M   5 1      14 220
15  73  47  60  16   5   0 0.00  0.0    0  1.8 12 240   M    M   6 1      15 200
16  72  51  62  18   3   0 0.00  0.0    0  6.3 16 160   M    M   7        22 160
17  77  62  70  26   0   5 0.00  0.0    0 10.3 22 200   M    M   9        27 210
18  67  55  61  17   4   0    T  0.0    0  3.1 10 320   M    M   8 1      14 310
19  66  56  61  17   4   0 1.27  0.0    0  6.1 20 210   M    M   9 13     25 210
================================================================================
SM 1161  839       240  10  3.83     0.3 136.0          M      139
================================================================================
AV 61.1 44.2                               7.2 FASTST   M    M   7    MAX(MPH)
                                 MISC ---->  # 25 280               # 37  280
================================================================================
NOTES:
# LAST OF SEVERAL OCCURRENCES

COLUMN 17 PEAK WIND IN M.P.H.

PRELIMINARY LOCAL CLIMATOLOGICAL DATA (WS FORM: F-6) , PAGE 2

                                          STATION:  BIRMINGHAM
                                          MONTH:    JANUARY
                                          YEAR:     2017
                                          LATITUDE:   33 34 N
                                          LONGITUDE:  86 45 W

[TEMPERATURE DATA]      [PRECIPITATION DATA]       SYMBOLS USED IN COLUMN 16

AVERAGE MONTHLY: 52.6   TOTAL FOR MONTH:   3.83    1 = FOG OR MIST
DPTR FM NORMAL:   8.6   DPTR FM NORMAL:    0.97    2 = FOG REDUCING VISIBILITY
HIGHEST:    78 ON 13    GRTST 24HR  1.72 ON  1- 2      TO 1/4 MILE OR LESS
LOWEST:     13 ON  8                               3 = THUNDER
                        SNOW, ICE PELLETS, HAIL    4 = ICE PELLETS
                        TOTAL MONTH:   0.3 INCH    5 = HAIL
                        GRTST 24HR   0.3 ON   M    6 = FREEZING RAIN OR DRIZZLE
                        GRTST DEPTH:   0           7 = DUSTSTORM OR SANDSTORM:
                                                       VSBY 1/2 MILE OR LESS
                                                   8 = SMOKE OR HAZE
[NO. OF DAYS WITH]      [WEATHER - DAYS WITH]      9 = BLOWING SNOW
                                                   X = TORNADO
MAX 32 OR BELOW:   1    0.01 INCH OR MORE:   4
MAX 90 OR ABOVE:   0    0.10 INCH OR MORE:   4
MIN 32 OR BELOW:   5    0.50 INCH OR MORE:   3
MIN  0 OR BELOW:   0    1.00 INCH OR MORE:   2

[HDD (BASE 65) ]
TOTAL THIS MO.   240    CLEAR  (SCALE 0-3)   1
DPTR FM NORMAL  -168    PTCLDY (SCALE 4-7)   8
TOTAL FM JUL 1   956    CLOUDY (SCALE 8-10) 10
DPTR FM NORMAL  -499

[CDD (BASE 65) ]
TOTAL THIS MO.    10
DPTR FM NORMAL    10    [PRESSURE DATA]
TOTAL FM JAN 1    10    HIGHEST SLP M ON M
DPTR FM NORMAL    10    LOWEST  SLP 29.77 ON 19

[REMARKS]
