000
CXUS55 KVEF 260940
CF6BIH
PRELIMINARY LOCAL CLIMATOLOGICAL DATA (WS FORM: F-6)

                                          STATION:   BISHOP CA
                                          MONTH:     SEPTEMBER
                                          YEAR:      2017
                                          LATITUDE:   37 22 N
                                          LONGITUDE: 118 22 W

  TEMPERATURE IN F:       :PCPN:    SNOW:  WIND      :SUNSHINE: SKY     :PK WND
================================================================================
1   2   3   4   5  6A  6B    7    8   9   10  11  12  13   14  15   16   17  18
                                     12Z  AVG MX 2MIN
DY MAX MIN AVG DEP HDD CDD  WTR  SNW DPTH SPD SPD DIR MIN PSBL S-S WX    SPD DR
================================================================================

 1  96  56  76   4   0  11 0.00  0.0    0  4.4 12 310   M    M   0        13 310
 2 101  56  79   7   0  14 0.00  0.0    0  5.4 15 190   M    M   0        21 210
 3  93  56  75   4   0  10    T  0.0    0  5.6 35 130   M    M   0 3      57 120
 4  96  58  77   6   0  12 0.00  0.0    0  7.2 21 160   M    M   0        28 170
 5  97  57  77   6   0  12 0.00  0.0    0  7.6 23 180   M    M   0        32 150
 6  93  55  74   3   0   9 0.00  0.0    0  6.7 30 150   M    M   1        38 150
 7  94  49  72   2   0   7 0.00  0.0    0  8.6 25 160   M    M   0        31 130
 8  92  50  71   1   0   6 0.00  0.0    0  9.8 26 180   M    M   0        34 160
 9  87  53  70   0   0   5 0.00  0.0    0  8.1 21 190   M    M   1        24 190
10  91  53  72   2   0   7 0.00  0.0    0  5.7 18 220   M    M   1        23 210
11  90  57  74   5   0   9    T  0.0    0  7.7 26 110   M    M   1 13     34 110
12  90  54  72   3   0   7    T  0.0    0  7.5 26 200   M    M   0        35 210
13  90  54  72   3   0   7 0.00  0.0    0 10.2 26 160   M    M   1 3      33 180
14  91  49  70   2   0   5 0.00  0.0    0  8.4 22 260   M    M   1 8      28 260
15  83  54  69   1   0   4 0.00  0.0    0 10.2 22  10   M    M   0        30 340
16  83  46  65  -3   0   0 0.00  0.0    0  7.3 17 160   M    M   2        23 160
17  86  48  67   0   0   2 0.00  0.0    0  4.3 13 150   M    M   1        17 150
18  88  46  67   0   0   2 0.00  0.0    0  8.7 24  20   M    M   0        32  20
19  88  47  68   1   0   3 0.00  0.0    0  6.7 18 360   M    M   0        26 360
20  88  45  67   1   0   2 0.00  0.0    0  9.2 26 260   M    M   1        35 260
21  72  40  56 -10   9   0    T  0.0    0 14.5 31 350   M    M   2        38 360
22  68  32  50 -16  15   0 0.00  0.0    0  9.3 26 360   M    M   4        39 360
23  69  41  55 -10  10   0 0.00  0.0    0 11.3 21  20   M    M   2        25  20
24  72  34  53 -12  12   0 0.00  0.0    0  6.5 14 360   M    M   0        18  10
25  77  37  57  -7   8   0 0.00  0.0    0  8.5 31 210   M    M   0        32 200
================================================================================
SM 2175 1227        54 134    T      0.0 199.4          M       18
================================================================================
AV 87.0 49.1                               8.0 FASTST   M    M   1    MAX(MPH)
                                 MISC ---->  # 35 130               # 57  120
================================================================================
NOTES:
# LAST OF SEVERAL OCCURRENCES

COLUMN 17 PEAK WIND IN M.P.H.

PRELIMINARY LOCAL CLIMATOLOGICAL DATA (WS FORM: F-6) , PAGE 2

                                          STATION:  BISHOP CA
                                          MONTH:    SEPTEMBER
                                          YEAR:     2017
                                          LATITUDE:   37 22 N
                                          LONGITUDE: 118 22 W

[TEMPERATURE DATA]      [PRECIPITATION DATA]       SYMBOLS USED IN COLUMN 16

AVERAGE MONTHLY: 68.0   TOTAL FOR MONTH:      T    1 = FOG OR MIST
DPTR FM NORMAL:  -0.4   DPTR FM NORMAL:   -0.14    2 = FOG REDUCING VISIBILITY
HIGHEST:   101 ON  2    GRTST 24HR    T  ON 21-21      TO 1/4 MILE OR LESS
LOWEST:     32 ON 22                               3 = THUNDER
                        SNOW, ICE PELLETS, HAIL    4 = ICE PELLETS
                        TOTAL MONTH:   0.0 INCH    5 = HAIL
                        GRTST 24HR     0.0         6 = FREEZING RAIN OR DRIZZLE
                        GRTST DEPTH:   0           7 = DUSTSTORM OR SANDSTORM:
                                                       VSBY 1/2 MILE OR LESS
                                                   8 = SMOKE OR HAZE
[NO. OF DAYS WITH]      [WEATHER - DAYS WITH]      9 = BLOWING SNOW
                                                   X = TORNADO
MAX 32 OR BELOW:   0    0.01 INCH OR MORE:   0
MAX 90 OR ABOVE:  13    0.10 INCH OR MORE:   0
MIN 32 OR BELOW:   1    0.50 INCH OR MORE:   0
MIN  0 OR BELOW:   0    1.00 INCH OR MORE:   0

[HDD (BASE 65) ]
TOTAL THIS MO.    54    CLEAR  (SCALE 0-3)  24
DPTR FM NORMAL    29    PTCLDY (SCALE 4-7)   1
TOTAL FM JUL 1    54    CLOUDY (SCALE 8-10)  0
DPTR FM NORMAL    27

[CDD (BASE 65) ]
TOTAL THIS MO.   134
DPTR FM NORMAL    23    [PRESSURE DATA]
TOTAL FM JAN 1  1407    HIGHEST SLP M ON M
DPTR FM NORMAL   319    LOWEST  SLP 29.43 ON 21

[REMARKS]
