000
CXUS55 KBYZ 211808
CF6BIL
PRELIMINARY LOCAL CLIMATOLOGICAL DATA (WS FORM: F-6)

                                          STATION:   BILLINGS MT
                                          MONTH:     FEBRUARY
                                          YEAR:      2017
                                          LATITUDE:   45 47 N
                                          LONGITUDE: 108 32 W

  TEMPERATURE IN F:       :PCPN:    SNOW:  WIND      :SUNSHINE: SKY     :PK WND
================================================================================
1   2   3   4   5  6A  6B    7    8   9   10  11  12  13   14  15   16   17  18
                                     12Z  AVG MX 2MIN
DY MAX MIN AVG DEP HDD CDD  WTR  SNW DPTH SPD SPD DIR MIN PSBL S-S WX    SPD DR
================================================================================

 1  18  -2   8 -20  57   0 0.08  2.1    5  7.8 16 320   M    M   5 18     19 320
 2  12  -4   4 -24  61   0    T    T    7  7.7 18 240   M    M   6 8      22 230
 3  29  -7  11 -17  54   0 0.00  0.0    6 10.7 24 240   M    M   5        29 240
 4  31   8  20  -9  45   0    T    T    6  8.4 18  20   M    M   8 1      23 340
 5  46   8  27  -2  38   0 0.00  0.0    6 10.8 24  50   M    M   7 1      29  50
 6  15   9  12 -17  53   0 0.14  2.6    5 11.0 24  50   M    M   9 129    27  50
 7  10   3   7 -22  58   0 0.20  4.2    7 10.0 17  60   M    M  10 19     20  70
 8  11  -2   5 -24  60   0 0.13  1.8   10  4.8 13  50   M    M   9 18     16  40
 9  52  10  31   2  34   0 0.00  0.0   11 12.1 26 240   M    M   8 1      32 240
10  49  31  40  11  25   0 0.00  0.0    6 11.6 32 290   M    M   8        40 290
11  41  25  33   3  32   0 0.00  0.0    T 14.3 39 310   M    M   2        51 310
12  43  21  32   2  33   0 0.00  0.0    T 17.1 28 240   M    M   3        35 240
13  51  31  41  11  24   0 0.00  0.0    0 13.7 23 240   M    M   6        28 240
14  48  30  39   9  26   0 0.00  0.0    0 19.2 31 240   M    M   1        38 240
15  57  39  48  18  17   0 0.00  0.0    0 20.4 31 240   M    M   2        38 240
16  58  42  50  20  15   0 0.00  0.0    0 15.7 29 240   M    M   5        36 250
17  55  36  46  15  19   0 0.00  0.0    0 11.7 31 280   M    M   4        39 280
18  54  34  44  13  21   0 0.00  0.0    0  5.1 13 210   M    M   8        15 210
19  56  34  45  14  20   0 0.00  0.0    0  7.8 23 330   M    M   7        29 340
20  56  33  45  14  20   0 0.00  0.0    0 13.9 23 220   M    M   5        31 200
================================================================================
SM  792  379       712   0  0.55    10.7 233.8          M      118
================================================================================
AV 39.6 19.0                              11.7 FASTST   M    M   6    MAX(MPH)
                                 MISC ---->  # 39 310               # 51  310
================================================================================
NOTES:
# LAST OF SEVERAL OCCURRENCES

COLUMN 17 PEAK WIND IN M.P.H.

PRELIMINARY LOCAL CLIMATOLOGICAL DATA (WS FORM: F-6) , PAGE 2

                                          STATION:  BILLINGS MT
                                          MONTH:    FEBRUARY
                                          YEAR:     2017
                                          LATITUDE:   45 47 N
                                          LONGITUDE: 108 32 W

[TEMPERATURE DATA]      [PRECIPITATION DATA]       SYMBOLS USED IN COLUMN 16

AVERAGE MONTHLY: 29.3   TOTAL FOR MONTH:   0.55    1 = FOG OR MIST
DPTR FM NORMAL:  -0.3   DPTR FM NORMAL:    0.23    2 = FOG REDUCING VISIBILITY
HIGHEST:    58 ON 16    GRTST 24HR  0.28 ON 31- 1      TO 1/4 MILE OR LESS
LOWEST:     -7 ON  3                               3 = THUNDER
                        SNOW, ICE PELLETS, HAIL    4 = ICE PELLETS
                        TOTAL MONTH:  10.7 INCHES  5 = HAIL
                        GRTST 24HR   4.2 ON  7- 7  6 = FREEZING RAIN OR DRIZZLE
                        GRTST DEPTH:  11 ON  9     7 = DUSTSTORM OR SANDSTORM:
                                                       VSBY 1/2 MILE OR LESS
                                                   8 = SMOKE OR HAZE
[NO. OF DAYS WITH]      [WEATHER - DAYS WITH]      9 = BLOWING SNOW
                                                   X = TORNADO
MAX 32 OR BELOW:   7    0.01 INCH OR MORE:   4
MAX 90 OR ABOVE:   0    0.10 INCH OR MORE:   3
MIN 32 OR BELOW:  14    0.50 INCH OR MORE:   0
MIN  0 OR BELOW:   4    1.00 INCH OR MORE:   0

[HDD (BASE 65) ]
TOTAL THIS MO.   712    CLEAR  (SCALE 0-3)   4
DPTR FM NORMAL     3    PTCLDY (SCALE 4-7)  13
TOTAL FM JUL 1  4817    CLOUDY (SCALE 8-10)  3
DPTR FM NORMAL   112

[CDD (BASE 65) ]
TOTAL THIS MO.     0
DPTR FM NORMAL     0    [PRESSURE DATA]
TOTAL FM JAN 1     0    HIGHEST SLP  0.00 ON 16
DPTR FM NORMAL     0    LOWEST  SLP  0.00 ON 16

[REMARKS]
