000
CXUS53 KBIS 200830
CF6BIS
PRELIMINARY LOCAL CLIMATOLOGICAL DATA (WS FORM: F-6)

                                          STATION:   BISMARCK ND
                                          MONTH:     OCTOBER
                                          YEAR:      2017
                                          LATITUDE:   46 46 N
                                          LONGITUDE: 100 45 W

  TEMPERATURE IN F:       :PCPN:    SNOW:  WIND      :SUNSHINE: SKY     :PK WND
================================================================================
1   2   3   4   5  6A  6B    7    8   9   10  11  12  13   14  15   16   17  18
                                     12Z  AVG MX 2MIN
DY MAX MIN AVG DEP HDD CDD  WTR  SNW DPTH SPD SPD DIR MIN PSBL S-S WX    SPD DR
================================================================================

 1  68  49  59   7   6   0 0.01  0.0    0  9.9 22 280   M    M   4        27 270
 2  61  43  52   1  13   0 0.00  0.0    0  8.1 21 290   M    M   1        26 270
 3  55  40  48  -3  17   0 0.00  0.0    0 13.9 28 270   M    M   5 8      35 270
 4  61  40  51   1  14   0 0.00  0.0    0  9.5 18 290   M    M   6 8      23 270
 5  64  37  51   1  14   0 0.00  0.0    0  4.6 10 350   M    M   6 8      16  30
 6  71  29  50   1  15   0 0.00  0.0    0  5.6 14 210   M    M   1 12     17 190
 7  73  42  58   9   7   0    T  0.0    0 10.8 31 280   M    M   2        42 280
 8  61  41  51   2  14   0 0.00  0.0    0 10.3 23 340   M    M   2        33 320
 9  51  30  41  -7  24   0 0.00  0.0    0  6.8 18 310   M    M   4        28 320
10  66  27  47  -1  18   0 0.00  0.0    0  9.6 21 220   M    M   0        26 210
11  64  39  52   5  13   0 0.00  0.0    0 11.0 22 170   M    M   0        28 160
12  58  29  44  -3  21   0 0.00  0.0    0  9.1 30 320   M    M   0 1      39 310
13  60  22  41  -5  24   0 0.00  0.0    0  6.2 22 150   M    M   1 1      25 150
14  49  25  37  -9  28   0 0.00  0.0    0  7.9 22 340   M    M   0        28 330
15  60  24  42  -3  23   0 0.00  0.0    0  7.2 31 320   M    M   1 1      43 320
16  74  28  51   6  14   0 0.00  0.0    0  7.1 24 270   M    M   0        30 280
17  80  30  55  11  10   0 0.00  0.0    0  7.0 23 250   M    M   0        27 240
18  63  35  49   5  16   0 0.00  0.0    0 10.5 28 320   M    M   0        36 330
19  80  34  57  13   8   0 0.00  0.0    0  7.7 15 150   M    M   0        17 150
================================================================================
SM 1219  644       299   0  0.01     0.0 162.8          M       33
================================================================================
AV 64.2 33.9                               8.6 FASTST   M    M   2    MAX(MPH)
                                 MISC ---->  # 31 280               # 43  320
================================================================================
NOTES:
# LAST OF SEVERAL OCCURRENCES

COLUMN 17 PEAK WIND IN M.P.H.

PRELIMINARY LOCAL CLIMATOLOGICAL DATA (WS FORM: F-6) , PAGE 2

                                          STATION:  BISMARCK ND
                                          MONTH:    OCTOBER
                                          YEAR:     2017
                                          LATITUDE:   46 46 N
                                          LONGITUDE: 100 45 W

[TEMPERATURE DATA]      [PRECIPITATION DATA]       SYMBOLS USED IN COLUMN 16

AVERAGE MONTHLY: 49.0   TOTAL FOR MONTH:   0.01    1 = FOG OR MIST
DPTR FM NORMAL:   1.4   DPTR FM NORMAL:   -0.80    2 = FOG REDUCING VISIBILITY
HIGHEST:    80 ON 19,17 GRTST 24HR  0.01 ON  1- 1      TO 1/4 MILE OR LESS
LOWEST:     22 ON 13                               3 = THUNDER
                        SNOW, ICE PELLETS, HAIL    4 = ICE PELLETS
                        TOTAL MONTH:   0.0 INCH    5 = HAIL
                        GRTST 24HR     0.0         6 = FREEZING RAIN OR DRIZZLE
                        GRTST DEPTH:   0           7 = DUSTSTORM OR SANDSTORM:
                                                       VSBY 1/2 MILE OR LESS
                                                   8 = SMOKE OR HAZE
[NO. OF DAYS WITH]      [WEATHER - DAYS WITH]      9 = BLOWING SNOW
                                                   X = TORNADO
MAX 32 OR BELOW:   0    0.01 INCH OR MORE:   1
MAX 90 OR ABOVE:   0    0.10 INCH OR MORE:   0
MIN 32 OR BELOW:   9    0.50 INCH OR MORE:   0
MIN  0 OR BELOW:   0    1.00 INCH OR MORE:   0

[HDD (BASE 65) ]
TOTAL THIS MO.   299    CLEAR  (SCALE 0-3)  14
DPTR FM NORMAL   -32    PTCLDY (SCALE 4-7)   5
TOTAL FM JUL 1   492    CLOUDY (SCALE 8-10)  0
DPTR FM NORMAL  -125

[CDD (BASE 65) ]
TOTAL THIS MO.     0
DPTR FM NORMAL     0    [PRESSURE DATA]
TOTAL FM JAN 1   615    HIGHEST SLP M ON M
DPTR FM NORMAL    96    LOWEST  SLP 29.40 ON  7

[REMARKS]
