000
CXUS53 KGRR 241017
CF6BIV
PRELIMINARY LOCAL CLIMATOLOGICAL DATA (WS FORM: F-6)

                                          STATION:   HOLLAND
                                          MONTH:     FEBRUARY
                                          YEAR:      2018
                                          LATITUDE:   42 49 N
                                          LONGITUDE:  86 10 W

  TEMPERATURE IN F:       :PCPN:    SNOW:  WIND      :SUNSHINE: SKY     :PK WND
================================================================================
1   2   3   4   5  6A  6B    7    8   9   10  11  12  13   14  15   16   17  18
                                     12Z  AVG MX 2MIN
DY MAX MIN AVG DEP HDD CDD  WTR  SNW DPTH SPD SPD DIR MIN PSBL S-S WX    SPD DR
================================================================================

 1  37  12  25  -1  40   0 0.01    M    M 13.3 25 300   M    M   8 1      36 310
 2  18  12  15 -11  50   0 0.02    M    M  8.7 16 260   M    M   9 1      22 260
 3  35  17  26   0  39   0 0.04    M    M 12.9 32 240   M    M  10 18     38 240
 4  33  17  25  -1  40   0 0.14    M    M 10.8 22 220   M    M  10 1      29 200
 5  18  11  15 -11  50   0 0.02    M    M 10.5 21 250   M    M   9 18     25 250
 6  22  13  18  -9  47   0 0.05    M    M  4.2 14 290   M    M   9 1      19 310
 7  23  16  20  -7  45   0 0.08    M    M  3.9 10 350   M    M  10 18     16 320
 8  21  17  19  -8  46   0 0.01    M    M  8.8 20 260   M    M  10 18     24 270
 9  24  17  21  -6  44   0 0.22    M    M  5.8 12 100   M    M   9 18     14  50
10  24  15  20  -7  45   0    T    M    M  4.9  9  20   M    M   7 8      13  20
11  26  18  22  -5  43   0 0.25    M    M  7.4 15 320   M    M   8 1      20 310
12  26   8  17 -11  48   0 0.00    M    M  4.9 13 320   M    M   2        17 310
13  31   5  18 -10  47   0 0.00    M    M  5.6 12 170   M    M   4        14 150
14  47  23  35   7  30   0 0.00    M    M 12.2 21 230   M    M   2 18     27 230
15  43  35  39  11  26   0 0.00    M    M 10.3 26 240   M    M   8 128    32 230
16  37  18  28   0  37   0    T    M    M  7.4 16 350   M    M   6        24 360
17  34  19  27  -2  38   0 0.01    M    M  7.9 20 240   M    M   4 18     24 240
18  39  29  34   5  31   0 0.00    M    M 11.6 22 160   M    M   4        28 170
19  61  37  49  20  16   0 0.31    M    M 11.3 28 220   M    M   9 1      41 230
20  65  37  51  22  14   0 2.22    M    M 16.1 36 260   M    M  10 1      51 230
21  37  28  33   3  32   0 0.20    M    M  8.8 17 320   M    M   7 16     24 320
22  41  28  35   5  30   0 0.00    M    M 10.4 20 100   M    M   4        26 100
23  45  35  40  10  25   0 0.12    M    0 10.9 21 240   M    M  10 1      28 240
================================================================================
SM  787  467       863   0  3.70    M    208.6          M      169
================================================================================
AV 34.2 20.3                               9.1 FASTST   M    M   7    MAX(MPH)
                                 MISC ---->  # 36 260               # 51  230
================================================================================
NOTES:
# LAST OF SEVERAL OCCURRENCES

COLUMN 17 PEAK WIND IN M.P.H.

PRELIMINARY LOCAL CLIMATOLOGICAL DATA (WS FORM: F-6) , PAGE 2

                                          STATION:  HOLLAND
                                          MONTH:    FEBRUARY
                                          YEAR:     2018
                                          LATITUDE:   42 49 N
                                          LONGITUDE:  86 10 W

[TEMPERATURE DATA]      [PRECIPITATION DATA]       SYMBOLS USED IN COLUMN 16

AVERAGE MONTHLY: 27.3   TOTAL FOR MONTH:   3.70    1 = FOG OR MIST
DPTR FM NORMAL:  -0.5   DPTR FM NORMAL:    2.28    2 = FOG REDUCING VISIBILITY
HIGHEST:    65 ON 20    GRTST 24HR  2.22 ON 20-20      TO 1/4 MILE OR LESS
LOWEST:      5 ON 13                               3 = THUNDER
                        SNOW, ICE PELLETS, HAIL    4 = ICE PELLETS
                        TOTAL MONTH:    M          5 = HAIL
                        GRTST 24HR    M  ON   M    6 = FREEZING RAIN OR DRIZZLE
                        GRTST DEPTH:   0           7 = DUSTSTORM OR SANDSTORM:
                                                       VSBY 1/2 MILE OR LESS
                                                   8 = SMOKE OR HAZE
[NO. OF DAYS WITH]      [WEATHER - DAYS WITH]      9 = BLOWING SNOW
                                                   X = TORNADO
MAX 32 OR BELOW:  10    0.01 INCH OR MORE:  15
MAX 90 OR ABOVE:   0    0.10 INCH OR MORE:   7
MIN 32 OR BELOW:  19    0.50 INCH OR MORE:   1
MIN  0 OR BELOW:   0    1.00 INCH OR MORE:   1

[HDD (BASE 65) ]
TOTAL THIS MO.   863    CLEAR  (SCALE 0-3)   2
DPTR FM NORMAL     6    PTCLDY (SCALE 4-7)  10
TOTAL FM JUL 1  4395    CLOUDY (SCALE 8-10) 11
DPTR FM NORMAL    64

[CDD (BASE 65) ]
TOTAL THIS MO.     0
DPTR FM NORMAL     0    [PRESSURE DATA]
TOTAL FM JAN 1     0    HIGHEST SLP M ON M
DPTR FM NORMAL     0    LOWEST  SLP 29.65 ON 15

[REMARKS]
