000
CXUS51 KRLX 291131
CF6BKW
PRELIMINARY LOCAL CLIMATOLOGICAL DATA (WS FORM: F-6)

                                          STATION:   BECKLEY WV
                                          MONTH:     JULY
                                          YEAR:      2015
                                          LATITUDE:   37 46 N
                                          LONGITUDE:  81  7 W

  TEMPERATURE IN F:       :PCPN:    SNOW:  WIND      :SUNSHINE: SKY     :PK WND
================================================================================
1   2   3   4   5  6A  6B    7    8   9   10  11  12  13   14  15   16   17  18
                                     12Z  AVG MX 2MIN
DY MAX MIN AVG DEP HDD CDD  WTR  SNW DPTH SPD SPD DIR MIN PSBL S-S WX    SPD DR
================================================================================

 1  78  57  68  -2   0   3 0.02  0.0    0  7.6 16 290   M    M   5 18     22 270
 2  68  62  65  -5   0   0 1.25  0.0    0  4.0 10 360   M    M  10 18     13 260
 3  71  63  67  -3   0   2 0.42  0.0    0  7.4 13 160   M    M   9 1      21 150
 4  73  63  68  -2   0   3 0.90  0.0    0  5.0 12 280   M    M   7 1      15 240
 5  80  60  70  -1   0   5 1.23  0.0    0  7.5 24 230   M    M   4 138    35 240
 6  73  63  68  -3   0   3    T  0.0    0  5.8 15 260   M    M   7 1      19 260
 7  82  62  72   1   0   7    T  0.0    0  7.6 18 240   M    M   2 18     23 230
 8  74  68  71   0   0   6 0.36  0.0    0  7.3 17 260   M    M   8 18     27 270
 9  82  65  74   3   0   9 0.27  0.0    0  6.7 26 270   M    M   4 1      35 270
10  82  68  75   4   0  10 0.13  0.0    0  6.8 26 320   M    M   7 13     34 310
11  78  61  70  -1   0   5 0.17  0.0    0  6.0 16 220   M    M   5 18     22 220
12  77  59  68  -3   0   3 0.31  0.0    0  4.4 13 220   M    M   5 13     15 220
13  83  63  73   2   0   8 0.37  0.0    0  7.9 31 280   M    M   6 13     42 280
14  80  63  72   1   0   7 1.07  0.0    0  8.8 28 340   M    M   6 13     37 310
15  72  63  68  -3   0   3 0.04  0.0    0  6.9 14 340   M    M   9 1      19 320
16  83  64  74   3   0   9 0.00  0.0    0  4.5 10 140   M    M   5 1      18 140
17  85  67  76   5   0  11 0.00  0.0    0  7.2 14 220   M    M   2 1      19 150
18  86  70  78   7   0  13    T  0.0    0  5.5 13 280   M    M   4        18 260
19  86  69  78   7   0  13 0.00  0.0    0  5.3 13 320   M    M   3 18     17 310
20  83  68  76   5   0  11 0.07  0.0    0  5.5 14 260   M    M   5 1      20 260
21  79  67  73   2   0   8 1.09  0.0    0  6.3 17 310   M    M   6 138    24 290
22  79  63  71   0   0   6 0.00  0.0    0  3.4 12 350   M    M   4 12     15 320
23  80  58  69  -2   0   4 0.00  0.0    0  3.4 12 360   M    M   2        15 360
24  81  58  70  -1   0   5 0.00  0.0    0  2.8 13 360   M    M   1 1      16 360
25  82  58  70   0   0   5 0.00  0.0    0  3.0 10 330   M    M   2        13 310
26  83  60  72   2   0   7 0.00  0.0    0  1.8  9 320   M    M   1        12 260
27  83  68  76   6   0  11 0.00  0.0    0  2.6  9 230   M    M   3        13 220
28  84  68  76   6   0  11 0.76  0.0    0  3.4 12 290   M    M   4 13     15 290
================================================================================
SM 2227 1778         0 188  8.46     0.0 154.4          M      136
================================================================================
AV 79.5 63.5                               5.5 FASTST   M    M   5    MAX(MPH)
                                 MISC ---->  # 31 280               # 42  280
================================================================================
NOTES:
# LAST OF SEVERAL OCCURRENCES

COLUMN 17 PEAK WIND IN M.P.H.

PRELIMINARY LOCAL CLIMATOLOGICAL DATA (WS FORM: F-6) , PAGE 2

                                          STATION:  BECKLEY WV
                                          MONTH:    JULY
                                          YEAR:     2015
                                          LATITUDE:   37 46 N
                                          LONGITUDE:  81  7 W

[TEMPERATURE DATA]      [PRECIPITATION DATA]       SYMBOLS USED IN COLUMN 16

AVERAGE MONTHLY: 71.5   TOTAL FOR MONTH:   8.46    1 = FOG OR MIST
DPTR FM NORMAL:   0.8   DPTR FM NORMAL:    3.94    2 = FOG REDUCING VISIBILITY
HIGHEST:    86 ON 19,18 GRTST 24HR  1.29 ON  2- 3      TO 1/4 MILE OR LESS
LOWEST:     57 ON  1                               3 = THUNDER
                        SNOW, ICE PELLETS, HAIL    4 = ICE PELLETS
                        TOTAL MONTH:   0.0 INCH    5 = HAIL
                        GRTST 24HR     0.0         6 = FREEZING RAIN OR DRIZZLE
                        GRTST DEPTH:   0           7 = DUSTSTORM OR SANDSTORM:
                                                       VSBY 1/2 MILE OR LESS
                                                   8 = SMOKE OR HAZE
[NO. OF DAYS WITH]      [WEATHER - DAYS WITH]      9 = BLOWING SNOW
                                                   X = TORNADO
MAX 32 OR BELOW:   0    0.01 INCH OR MORE:  16
MAX 90 OR ABOVE:   0    0.10 INCH OR MORE:  13
MIN 32 OR BELOW:   0    0.50 INCH OR MORE:   6
MIN  0 OR BELOW:   0    1.00 INCH OR MORE:   4

[HDD (BASE 65) ]
TOTAL THIS MO.     0    CLEAR  (SCALE 0-3)   7
DPTR FM NORMAL     0    PTCLDY (SCALE 4-7)  18
TOTAL FM JUL 1     0    CLOUDY (SCALE 8-10)  3
DPTR FM NORMAL     0

[CDD (BASE 65) ]
TOTAL THIS MO.   188
DPTR FM NORMAL    20    [PRESSURE DATA]
TOTAL FM JAN 1   482    HIGHEST SLP M ON M
DPTR FM NORMAL   162    LOWEST  SLP 29.58 ON 14

[REMARKS]
