000
CXUS53 KIND 170730
CF6BMG
PRELIMINARY LOCAL CLIMATOLOGICAL DATA (WS FORM: F-6)

                                          STATION:   BLOOMINGTON IN
                                          MONTH:     JANUARY
                                          YEAR:      2017
                                          LATITUDE:   39  7 N
                                          LONGITUDE:  86 37 W

  TEMPERATURE IN F:       :PCPN:    SNOW:  WIND      :SUNSHINE: SKY     :PK WND
================================================================================
1   2   3   4   5  6A  6B    7    8   9   10  11  12  13   14  15   16   17  18
                                     12Z  AVG MX 2MIN
DY MAX MIN AVG DEP HDD CDD  WTR  SNW DPTH SPD SPD DIR MIN PSBL S-S WX    SPD DR
================================================================================

 1  46  22  34   5  31   0 0.00    M    M  4.4 13 130   M    M   3 1      15 110
 2  55  41  48  19  17   0 0.33    M    M  5.6 14 150   M    M  10 12     18 160
 3  55  34  45  16  20   0 0.36    M    M  6.6 20 290   M    M  10 12     27 290
 4  34  19  27  -2  38   0 0.00    M    M 10.2 15 290   M    M   2 1      24 290
 5  20   7  14 -15  51   0 0.03    M    M  4.2 10 300   M    M  10 18     13 300
 6  13   0   7 -22  58   0    T    M    M  3.8 10 300   M    M   1 1      14 290
 7  16  -5   6 -23  59   0 0.00    M    M  5.8 13 280   M    M   2        17 290
 8  21  -2  10 -19  55   0 0.00    M    M  4.3 10 150   M    M   2        15 280
 9  37  18  28  -1  37   0 0.00    M    M 10.4 17 230   M    M   4        24 210
10  56  37  47  18  18   0 0.39    M    M 18.3 32 190   M    M   9 13     47 210
11  65  26  46  17  19   0 0.08    M    M 10.6 26 200   M    M   6 128    39 220
12  66  31  49  20  16   0 0.48    M    M 14.9 29 220   M    M   9 1      46 220
13  33  26  30   1  35   0 0.03    M    M  8.9 15  50   M    M   7 8      18  40
14  37  32  35   6  30   0 0.32    M    M  4.4  9 360   M    M  10 1      12  30
15  37  33  35   6  30   0 0.08    M    M  5.2  9 110   M    M  10 18     11  40
16  54  37  46  17  19   0 0.45    M    M  6.9 14 130   M    M  10 12     19 130
================================================================================
SM  645  356       533   0  2.55    M    124.5          M      105
================================================================================
AV 40.3 22.3                               7.8 FASTST   M    M   7    MAX(MPH)
                                 MISC ---->  # 32 190               # 47  210
================================================================================
NOTES:
# LAST OF SEVERAL OCCURRENCES

COLUMN 17 PEAK WIND IN M.P.H.

PRELIMINARY LOCAL CLIMATOLOGICAL DATA (WS FORM: F-6) , PAGE 2

                                          STATION:  BLOOMINGTON IN
                                          MONTH:    JANUARY
                                          YEAR:     2017
                                          LATITUDE:   39  7 N
                                          LONGITUDE:  86 37 W

[TEMPERATURE DATA]      [PRECIPITATION DATA]       SYMBOLS USED IN COLUMN 16

AVERAGE MONTHLY: 31.3   TOTAL FOR MONTH:   2.55    1 = FOG OR MIST
DPTR FM NORMAL:   2.3   DPTR FM NORMAL:    0.55    2 = FOG REDUCING VISIBILITY
HIGHEST:    66 ON 12    GRTST 24HR  0.67 ON  2- 3      TO 1/4 MILE OR LESS
LOWEST:     -5 ON  7                               3 = THUNDER
                        SNOW, ICE PELLETS, HAIL    4 = ICE PELLETS
                        TOTAL MONTH:    M          5 = HAIL
                        GRTST 24HR    M  ON   M    6 = FREEZING RAIN OR DRIZZLE
                        GRTST DEPTH:  M  ON   M    7 = DUSTSTORM OR SANDSTORM:
                                                       VSBY 1/2 MILE OR LESS
                                                   8 = SMOKE OR HAZE
[NO. OF DAYS WITH]      [WEATHER - DAYS WITH]      9 = BLOWING SNOW
                                                   X = TORNADO
MAX 32 OR BELOW:   4    0.01 INCH OR MORE:  10
MAX 90 OR ABOVE:   0    0.10 INCH OR MORE:   6
MIN 32 OR BELOW:  11    0.50 INCH OR MORE:   0
MIN  0 OR BELOW:   3    1.00 INCH OR MORE:   0

[HDD (BASE 65) ]
TOTAL THIS MO.   533    CLEAR  (SCALE 0-3)   5
DPTR FM NORMAL   -43    PTCLDY (SCALE 4-7)   3
TOTAL FM JUL 1  2242    CLOUDY (SCALE 8-10)  8
DPTR FM NORMAL  -407

[CDD (BASE 65) ]
TOTAL THIS MO.     0
DPTR FM NORMAL     0    [PRESSURE DATA]
TOTAL FM JAN 1     0    HIGHEST SLP M ON M
DPTR FM NORMAL     0    LOWEST  SLP 29.59 ON 10

[REMARKS]
