000
CXUS53 KILX 250900
CF6BMI
PRELIMINARY LOCAL CLIMATOLOGICAL DATA (WS FORM: F-6)

                                          STATION:   BLOOMINGTON IL AIRPORT
                                          MONTH:     JULY
                                          YEAR:      2017
                                          LATITUDE:   40 28 N
                                          LONGITUDE:  88 56 W

  TEMPERATURE IN F:       :PCPN:    SNOW:  WIND      :SUNSHINE: SKY     :PK WND
================================================================================
1   2   3   4   5  6A  6B    7    8   9   10  11  12  13   14  15   16   17  18
                                     12Z  AVG MX 2MIN
DY MAX MIN AVG DEP HDD CDD  WTR  SNW DPTH SPD SPD DIR MIN PSBL S-S WX    SPD DR
================================================================================

 1  83  66  75   M   0  10 0.00    M    M 10.0 16 320   M    M   2        31 280
 2  89  59  74   M   0   9 0.00    M    M  7.7 14 270   M    M   1        20 240
 3  90  67  79   M   0  14 0.56    M    M  6.5  9 230   M    M   4         M  M
 4  87  65  76   M   0  11 0.01    M    M  4.0  7 350   M    M   1 13      M  M
 5  84  67  76   M   0  11 0.00    M    M  5.8  9 140   M    M   0 1       M  M
 6  90  68  79   M   0  14 0.00    M    M  7.0 12 350   M    M   1         M  M
 7  90  70  80   M   0  15 0.00    M    M 13.2 23 330   M    M   2        30 320
 8  83  63  73   M   0   8 0.00    M    M  8.6 17 330   M    M   1        20 350
 9  88  59  74   M   0   9 0.00    M    M  8.2 14 230   M    M   1         M  M
10  88  69  79   M   0  14    M    M    M 16.4 25 300   M    M   4 3      44 210
11  85  70  78   M   0  13 0.37    M    M 11.5 16 190   M    M   4 13      M  M
12  90  72  81   M   0  16 0.02    M    M 11.8 17 220   M    M   2        18 240
13  86  71  79   M   0  14 0.10    M    M  7.8 13 320   M    M   3 3       M  M
14  78  61  70   M   0   5 0.00    M    M  9.7 16 330   M    M   2        21 330
15  81  59  70   M   0   5 0.00    M    M  4.1  8 200   M    M   2         M  M
16  86  64  75   M   0  10 0.00    M    M  9.9 16  50   M    M   5        23  50
17  83  60  72   M   0   7 0.00    M    M  8.0 14  60   M    M   2         M  M
18  89  60  75   M   0  10    T    M    M  5.3 22 260   M    M   1        33 260
19  93  70  82   M   0  17    T    M    M  6.8 10 210   M    M   4         M  M
20  93  69  81   M   0  16 0.08    M    M 10.1 21 230   M    M   3 13     27 240
21  94  72  83   M   0  18 0.11    M    M  8.9 16 200   M    M   3 13      M  M
22  87  68  78   M   0  13 0.49    M    M  8.2 15 240   M    M   4 13      M  M
23  89  69  79   M   0  14 0.15    M    M  9.9 16 300   M    M   4 3      38 340
24  79  62  71   M   0   6 0.00    M    M  9.0 14  30   M    M   4 1      17  50
================================================================================
SM 2085 1580         0 279  1.89    M    208.4          M       60
================================================================================
AV 86.9 65.8                               8.7 FASTST   M    M   3    MAX(MPH)
                                 MISC ---->  # 25 300               # 44  210
================================================================================
NOTES:
# LAST OF SEVERAL OCCURRENCES

COLUMN 17 PEAK WIND IN M.P.H.

PRELIMINARY LOCAL CLIMATOLOGICAL DATA (WS FORM: F-6) , PAGE 2

                                          STATION:  BLOOMINGTON IL AIRPORT
                                          MONTH:    JULY
                                          YEAR:     2017
                                          LATITUDE:   40 28 N
                                          LONGITUDE:  88 56 W

[TEMPERATURE DATA]      [PRECIPITATION DATA]       SYMBOLS USED IN COLUMN 16

AVERAGE MONTHLY: 76.4   TOTAL FOR MONTH:   1.89    1 = FOG OR MIST
DPTR FM NORMAL:     M   DPTR FM NORMAL:       M    2 = FOG REDUCING VISIBILITY
HIGHEST:    94 ON 21    GRTST 24HR  0.56 ON  3- 3      TO 1/4 MILE OR LESS
LOWEST:     59 ON 15, 9                            3 = THUNDER
                        SNOW, ICE PELLETS, HAIL    4 = ICE PELLETS
                        TOTAL MONTH:    M          5 = HAIL
                        GRTST 24HR    M  ON   M    6 = FREEZING RAIN OR DRIZZLE
                        GRTST DEPTH:  M  ON   M    7 = DUSTSTORM OR SANDSTORM:
                                                       VSBY 1/2 MILE OR LESS
                                                   8 = SMOKE OR HAZE
[NO. OF DAYS WITH]      [WEATHER - DAYS WITH]      9 = BLOWING SNOW
                                                   X = TORNADO
MAX 32 OR BELOW:   0    0.01 INCH OR MORE:   9
MAX 90 OR ABOVE:   7    0.10 INCH OR MORE:   6
MIN 32 OR BELOW:   0    0.50 INCH OR MORE:   1
MIN  0 OR BELOW:   0    1.00 INCH OR MORE:   0

[HDD (BASE 65) ]
TOTAL THIS MO.     0    CLEAR  (SCALE 0-3)  15
DPTR FM NORMAL     M    PTCLDY (SCALE 4-7)   9
TOTAL FM JUL 1     0    CLOUDY (SCALE 8-10)  0
DPTR FM NORMAL     M

[CDD (BASE 65) ]
TOTAL THIS MO.   279
DPTR FM NORMAL     M    [PRESSURE DATA]
TOTAL FM JAN 1   590    HIGHEST SLP M ON M
DPTR FM NORMAL     M    LOWEST  SLP M ON M

[REMARKS]
