000
CXUS53 KILX 250900
CF6BMI
PRELIMINARY LOCAL CLIMATOLOGICAL DATA (WS FORM: F-6)

                                          STATION:   BLOOMINGTON IL AIRPORT
                                          MONTH:     MAY
                                          YEAR:      2016
                                          LATITUDE:   40 28 N
                                          LONGITUDE:  88 56 W

  TEMPERATURE IN F:       :PCPN:    SNOW:  WIND      :SUNSHINE: SKY     :PK WND
================================================================================
1   2   3   4   5  6A  6B    7    8   9   10  11  12  13   14  15   16   17  18
                                     12Z  AVG MX 2MIN
DY MAX MIN AVG DEP HDD CDD  WTR  SNW DPTH SPD SPD DIR MIN PSBL S-S WX    SPD DR
================================================================================

 1  57  49  53   M  12   0 0.11    M    M 10.6 14  10   M    M  10 12      M  M
 2  58  44  51   M  14   0 0.00    M    M  8.2 14  20   M    M   9 1       M  M
 3  67  40  54   M  11   0    T    M    M  8.9 16 220   M    M   4         M  M
 4  58  41  50   M  15   0 0.20    M    M 14.1 23 320   M    M   6 1      29 340
 5  67  38  53   M  12   0 0.00    M    M 11.0 16 350   M    M   2        18 340
 6  81  45  63   M   2   0    T    M    M  9.6 15 270   M    M   1        20 270
 7  76  51  64   M   1   0 0.02    M    M 11.7 17 250   M    M   1 3      22 250
 8  67  49  58   M   7   0 0.35    M    M  7.8 13 110   M    M   4 13      M  M
 9  67  53  60   M   5   0 1.91    M    M 13.8 20 180   M    M   8 1       M  M
10  73  59  66   M   0   1 0.13    M    M 10.4 18 180   M    M   7 1      22 150
11  78  57  68   M   0   3 0.08    M    M  8.1 24 170   M    M   4 123    29 170
12  71  53  62   M   3   0 0.00    M    M 13.1 22 290   M    M   4 1      27 300
13  71  46  59   M   6   0 0.40    M    M 12.3 31 320   M    M   3 1      39 320
14  55  39  47   M  18   0 0.00    M    M 18.3 29 320   M    M   5        36 320
15  59  40  50   M  15   0 0.00    M    M 10.8 21 350   M    M   2        31 350
16  64  41  53   M  12   0 0.02    M    M 10.6 16 220   M    M   2        22 240
17  60  44  52   M  13   0 0.01    M    M  5.9 12 100   M    M   4         M  M
18  72  41  57   M   8   0 0.00    M    M  6.3 12  80   M    M   2         M  M
19  74  47  61   M   4   0 0.00    M    M  6.7  8 130   M    M   1         M  M
20  72  53  63   M   2   0    T    M    M 11.1 22  90   M    M   3        28  90
21  79  53  66   M   0   1 0.00    M    M  9.2 17  20   M    M   2        24 360
22  87  52  70   M   0   5 0.00    M    M  6.9 15  80   M    M   0         M  M
23  85  51  68   M   0   3 0.00    M    M  7.8 13 170   M    M   0        24 200
24  86  59  73   M   0   8 0.00    M    M 12.5 20 190   M    M   1        27 190
================================================================================
SM 1684 1145       160  21  3.23    M    245.7          M       85
================================================================================
AV 70.2 47.7                              10.2 FASTST   M    M   4    MAX(MPH)
                                 MISC ---->    31   M                 39    M
================================================================================
NOTES:
# LAST OF SEVERAL OCCURRENCES

COLUMN 17 PEAK WIND IN M.P.H.

PRELIMINARY LOCAL CLIMATOLOGICAL DATA (WS FORM: F-6) , PAGE 2

                                          STATION:  BLOOMINGTON IL AIRPORT
                                          MONTH:    MAY
                                          YEAR:     2016
                                          LATITUDE:   40 28 N
                                          LONGITUDE:  88 56 W

[TEMPERATURE DATA]      [PRECIPITATION DATA]       SYMBOLS USED IN COLUMN 16

AVERAGE MONTHLY: 58.9   TOTAL FOR MONTH:   3.23    1 = FOG OR MIST
DPTR FM NORMAL:     M   DPTR FM NORMAL:       M    2 = FOG REDUCING VISIBILITY
HIGHEST:    87 ON 22    GRTST 24HR  1.91 ON  9- 9      TO 1/4 MILE OR LESS
LOWEST:     38 ON  5                               3 = THUNDER
                        SNOW, ICE PELLETS, HAIL    4 = ICE PELLETS
                        TOTAL MONTH:    M          5 = HAIL
                        GRTST 24HR    M  ON   M    6 = FREEZING RAIN OR DRIZZLE
                        GRTST DEPTH:  M  ON   M    7 = DUSTSTORM OR SANDSTORM:
                                                       VSBY 1/2 MILE OR LESS
                                                   8 = SMOKE OR HAZE
[NO. OF DAYS WITH]      [WEATHER - DAYS WITH]      9 = BLOWING SNOW
                                                   X = TORNADO
MAX 32 OR BELOW:   0    0.01 INCH OR MORE:  10
MAX 90 OR ABOVE:   0    0.10 INCH OR MORE:   6
MIN 32 OR BELOW:   0    0.50 INCH OR MORE:   1
MIN  0 OR BELOW:   0    1.00 INCH OR MORE:   1

[HDD (BASE 65) ]
TOTAL THIS MO.   160    CLEAR  (SCALE 0-3)  13
DPTR FM NORMAL     M    PTCLDY (SCALE 4-7)   9
TOTAL FM JUL 1  4844    CLOUDY (SCALE 8-10)  2
DPTR FM NORMAL     M

[CDD (BASE 65) ]
TOTAL THIS MO.    21
DPTR FM NORMAL     M    [PRESSURE DATA]
TOTAL FM JAN 1    34    HIGHEST SLP M ON M
DPTR FM NORMAL     M    LOWEST  SLP M ON M

[REMARKS]
