000
CXUS56 KBOI 181002
CF6BNO
PRELIMINARY LOCAL CLIMATOLOGICAL DATA (WS FORM: F-6)
STATION: BURNS OR
MONTH: MARCH
YEAR: 2024
LATITUDE: 43 34 N
LONGITUDE: 118 57 W
TEMPERATURE IN F: :PCPN: SNOW: WIND :SUNSHINE: SKY :PK WND
================================================================================
1 2 3 4 5 6A 6B 7 8 9 10 11 12 13 14 15 16 17 18
12Z AVG MX 2MIN
DY MAX MIN AVG DEP HDD CDD WTR SNW DPTH SPD SPD DIR MIN PSBL S-S WX SPD DR
================================================================================
1 45 25 35 0 30 0 0.06 M M 10.1 37 210 M M 8 128 51 210
2 35 15 25 -10 40 0 0.10 M M 10.5 28 270 M M 5 18 37 200
3 36 13 25 -11 40 0 0.05 M M 7.2 21 220 M M 7 1 28 250
4 36 20 28 -8 37 0 0.09 M M 8.1 20 230 M M 6 1 27 260
5 34 27 31 -5 34 0 0.38 M M 2.6 10 200 M M 10 1 14 190
6 35 10 23 -13 42 0 0.00 M M 3.8 9 200 M M 4 1 13 180
7 35 9 22 -15 43 0 0.00 M M 3.1 9 290 M M 1 128 11 150
8 42 12 27 -10 38 0 0.00 M M 5.3 15 70 M M 0 19 70
9 46 24 35 -2 30 0 T M M 6.9 16 210 M M 2 8 21 200
10 49 29 39 1 26 0 0.00 M M 8.3 23 200 M M 7 32 200
11 48 33 41 3 24 0 0.05 M M 8.7 26 230 M M 9 1 34 230
12 50 30 40 2 25 0 T M M 11.4 28 270 M M 6 40 240
13 45 25 35 -3 30 0 0.01 M M 9.4 21 320 M M 4 1 28 310
14 55 24 40 1 25 0 0.00 M M 6.4 16 360 M M 0 22 10
15 57 23 40 1 25 0 0.00 M M 5.9 15 100 M M 0 22 110
16 61 23 42 3 23 0 0.00 M M 6.5 15 110 M M 0 22 110
17 66 25 46 7 19 0 0.00 M M 4.1 10 70 M M 0 14 240
================================================================================
SM 775 367 531 0 0.74 M 118.3 M 69
================================================================================
AV 45.6 21.6 7.0 FASTST M M 4 MAX(MPH)
MISC ----> 37 210 51 210
================================================================================
NOTES:
# LAST OF SEVERAL OCCURRENCES
COLUMN 17 PEAK WIND IN M.P.H.
PRELIMINARY LOCAL CLIMATOLOGICAL DATA (WS FORM: F-6) , PAGE 2
STATION: BURNS OR
MONTH: MARCH
YEAR: 2024
LATITUDE: 43 34 N
LONGITUDE: 118 57 W
[TEMPERATURE DATA] [PRECIPITATION DATA] SYMBOLS USED IN COLUMN 16
AVERAGE MONTHLY: 33.6 TOTAL FOR MONTH: 0.74 1 = FOG OR MIST
DPTR FM NORMAL: -3.6 DPTR FM NORMAL: 0.23 2 = FOG REDUCING VISIBILITY
HIGHEST: 66 ON 17 GRTST 24HR 0.46 ON 4- 5 TO 1/4 MILE OR LESS
LOWEST: 9 ON 7 3 = THUNDER
SNOW, ICE PELLETS, HAIL 4 = ICE PELLETS
TOTAL MONTH: M 5 = HAIL
GRTST 24HR M ON M 6 = FREEZING RAIN OR DRIZZLE
GRTST DEPTH: M ON M 7 = DUSTSTORM OR SANDSTORM:
VSBY 1/2 MILE OR LESS
8 = SMOKE OR HAZE
[NO. OF DAYS WITH] [WEATHER - DAYS WITH] 9 = BLOWING SNOW
X = TORNADO
MAX 32 OR BELOW: 0 0.01 INCH OR MORE: 7
MAX 90 OR ABOVE: 0 0.10 INCH OR MORE: 2
MIN 32 OR BELOW: 16 0.50 INCH OR MORE: 0
MIN 0 OR BELOW: 0 1.00 INCH OR MORE: 0
[HDD (BASE 65) ]
TOTAL THIS MO. 531 CLEAR (SCALE 0-3) 7
DPTR FM NORMAL 59 PTCLDY (SCALE 4-7) 7
TOTAL FM JUL 1 5028 CLOUDY (SCALE 8-10) 3
DPTR FM NORMAL -637
[CDD (BASE 65) ]
TOTAL THIS MO. 0
DPTR FM NORMAL 0 [PRESSURE DATA]
TOTAL FM JAN 1 0 HIGHEST SLP M ON M
DPTR FM NORMAL 0 LOWEST SLP 29.29 ON 1
[REMARKS]