000
CXUS56 KBOI 221002
CF6BNO
PRELIMINARY LOCAL CLIMATOLOGICAL DATA (WS FORM: F-6)

                                          STATION:   BURNS OR
                                          MONTH:     MAY
                                          YEAR:      2015
                                          LATITUDE:   43 34 N
                                          LONGITUDE: 118 57 W

  TEMPERATURE IN F:       :PCPN:    SNOW:  WIND      :SUNSHINE: SKY     :PK WND
================================================================================
1   2   3   4   5  6A  6B    7    8   9   10  11  12  13   14  15   16   17  18
                                     12Z  AVG MX 2MIN
DY MAX MIN AVG DEP HDD CDD  WTR  SNW DPTH SPD SPD DIR MIN PSBL S-S WX    SPD DR
================================================================================

 1  76  24  50   3  15   0 0.00    M    M  5.3 16 290   M    M   0        19 290
 2  77  32  55   8  10   0 0.00    M    M  7.8 20 210   M    M   0 8      30 230
 3  76  36  56   8   9   0 0.00    M    M  5.8 16 220   M    M   3        21 210
 4  78  40  59  11   6   0 0.00    M    M  8.7 21 280   M    M   2        25 290
 5  65  33  49   1  16   0 0.00    M    M 12.1 22 290   M    M   1        28 250
 6  55  29  42  -7  23   0 0.00    M    M 11.0 28 290   M    M   2        35 270
 7  58  29  44  -5  21   0    T    M    M 11.7 23 320   M    M   5        30 320
 8  71  42  57   8   8   0 0.00    M    M 11.6 24 320   M    M   2        33 320
 9  72  34  53   3  12   0 0.00    M    M 11.9 22 330   M    M   0        30 330
10  71  27  49  -1  16   0 0.00    M    M  4.0 10 200   M    M   0        14 200
11  65  39  52   2  13   0 0.20    M    M  7.6 30 230   M    M   7 13     37 230
12  57  39  48  -2  17   0 0.16    M    M  7.4 23 210   M    M   9        27 210
13  57  33  45  -6  20   0 0.00    M    M  6.2 15 110   M    M   4        20 110
14  62  36  49  -2  16   0 0.05    M    M  9.3 22 280   M    M   7        28 280
15  49  42  46  -5  19   0 0.52    M    M 10.0 23 320   M    M  10 1      29 320
16  63  43  53   1  12   0 0.03    M    M  8.7 15 270   M    M   9        18 270
17  67  45  56   4   9   0 0.00    M    M  6.0 22  60   M    M   5        25  60
18  62  40  51  -1  14   0 0.10    M    M  6.4 21  50   M    M   6 1      24  60
19  61  44  53   1  12   0 0.28    M    M  4.5 16 330   M    M   9 13     20 320
20  61  49  55   3  10   0 0.24    M    M  5.6 17 160   M    M   8 13     24  50
21  65  46  56   3   9   0 0.07    M    M  3.1 16  30   M    M   7 3      20  30
================================================================================
SM 1368  782       287   0  1.65    M    164.7          M       96
================================================================================
AV 65.1 37.2                               7.8 FASTST   M    M   5    MAX(MPH)
                                 MISC ---->  # 30 230               # 37  230
================================================================================
NOTES:
# LAST OF SEVERAL OCCURRENCES

COLUMN 17 PEAK WIND IN M.P.H.

PRELIMINARY LOCAL CLIMATOLOGICAL DATA (WS FORM: F-6) , PAGE 2

                                          STATION:  BURNS OR
                                          MONTH:    MAY
                                          YEAR:     2015
                                          LATITUDE:   43 34 N
                                          LONGITUDE: 118 57 W

[TEMPERATURE DATA]      [PRECIPITATION DATA]       SYMBOLS USED IN COLUMN 16

AVERAGE MONTHLY: 51.2   TOTAL FOR MONTH:   1.65    1 = FOG OR MIST
DPTR FM NORMAL:   1.1   DPTR FM NORMAL:    0.85    2 = FOG REDUCING VISIBILITY
HIGHEST:    78 ON  4    GRTST 24HR  0.54 ON 14-15      TO 1/4 MILE OR LESS
LOWEST:     24 ON  1                               3 = THUNDER
                        SNOW, ICE PELLETS, HAIL    4 = ICE PELLETS
                        TOTAL MONTH:    M          5 = HAIL
                        GRTST 24HR    M  ON   M    6 = FREEZING RAIN OR DRIZZLE
                        GRTST DEPTH:  M  ON   M    7 = DUSTSTORM OR SANDSTORM:
                                                       VSBY 1/2 MILE OR LESS
                                                   8 = SMOKE OR HAZE
[NO. OF DAYS WITH]      [WEATHER - DAYS WITH]      9 = BLOWING SNOW
                                                   X = TORNADO
MAX 32 OR BELOW:   0    0.01 INCH OR MORE:   9
MAX 90 OR ABOVE:   0    0.10 INCH OR MORE:   6
MIN 32 OR BELOW:   5    0.50 INCH OR MORE:   1
MIN  0 OR BELOW:   0    1.00 INCH OR MORE:   0

[HDD (BASE 65) ]
TOTAL THIS MO.   287    CLEAR  (SCALE 0-3)   8
DPTR FM NORMAL   -29    PTCLDY (SCALE 4-7)   8
TOTAL FM JUL 1  6122    CLOUDY (SCALE 8-10)  5
DPTR FM NORMAL -1234

[CDD (BASE 65) ]
TOTAL THIS MO.     0
DPTR FM NORMAL     0    [PRESSURE DATA]
TOTAL FM JAN 1     0    HIGHEST SLP M ON M
DPTR FM NORMAL     0    LOWEST  SLP 29.51 ON 12

[REMARKS]
