755
CXUS55 KBOI 171002
CF6BOI
PRELIMINARY LOCAL CLIMATOLOGICAL DATA (WS FORM: F-6)

                                          STATION:   BOISE ID
                                          MONTH:     OCTOBER
                                          YEAR:      2017
                                          LATITUDE:   43 34 N
                                          LONGITUDE: 116 13 W

  TEMPERATURE IN F:       :PCPN:    SNOW:  WIND      :SUNSHINE: SKY     :PK WND
================================================================================
1   2   3   4   5  6A  6B    7    8   9   10  11  12  13   14  15   16   17  18
                                     12Z  AVG MX 2MIN
DY MAX MIN AVG DEP HDD CDD  WTR  SNW DPTH SPD SPD DIR MIN PSBL S-S WX    SPD DR
================================================================================

 1  61  40  51  -8  14   0    T  0.0    0  7.6 24 360   M    M   4 8      33 350
 2  60  34  47 -11  18   0    T  0.0    0  4.7 17 100   M    M   1        21 100
 3  61  36  49  -9  16   0 0.00  0.0    0  5.4 15 340   M    M   0        19 350
 4  56  40  48 -10  17   0 0.01  0.0    0  6.3 16 120   M    M   4        19 120
 5  62  39  51  -6  14   0 0.00  0.0    0  4.0 13 140   M    M   0 8      17 140
 6  70  41  56  -1   9   0 0.00  0.0    0  6.8 15 130   M    M   0        20 130
 7  69  43  56   0   9   0 0.00  0.0    0 10.4 23 330   M    M   0        33 330
 8  59  38  49  -7  16   0 0.03  0.0    0 12.0 25 320   M    M   4        35 320
 9  59  31  45 -11  20   0 0.00  0.0    0  5.1 13 130   M    M   0 8      18 140
10  69  41  55   0  10   0 0.00  0.0    0 13.6 28 150   M    M   0        37 120
11  57  42  50  -5  15   0 0.00  0.0    0  8.5 20 320   M    M   3        24 320
12  54  31  43 -11  22   0 0.00  0.0    0  4.8 17 120   M    M   2        20 300
13  50  34  42 -12  23   0 0.19    T    0  5.1 24 300   M    M   8 15     33 300
14  50  29  40 -14  25   0 0.00  0.0    0  4.5 12 310   M    M   0        16 270
15  61  34  48  -5  17   0 0.00  0.0    0  6.2 13 130   M    M   0 8      17 150
16  64  34  49  -4  16   0 0.00  0.0    0  4.2 13 110   M    M   0        15 110
================================================================================
SM  962  587       261   0  0.23    T    109.2          M       26
================================================================================
AV 60.1 36.7                               6.8 FASTST   M    M   2    MAX(MPH)
                                 MISC ---->  # 28 150               # 37  120
================================================================================
NOTES:
# LAST OF SEVERAL OCCURRENCES

COLUMN 17 PEAK WIND IN M.P.H.

PRELIMINARY LOCAL CLIMATOLOGICAL DATA (WS FORM: F-6) , PAGE 2

                                          STATION:  BOISE ID
                                          MONTH:    OCTOBER
                                          YEAR:     2017
                                          LATITUDE:   43 34 N
                                          LONGITUDE: 116 13 W

[TEMPERATURE DATA]      [PRECIPITATION DATA]       SYMBOLS USED IN COLUMN 16

AVERAGE MONTHLY: 48.4   TOTAL FOR MONTH:   0.23    1 = FOG OR MIST
DPTR FM NORMAL:  -7.4   DPTR FM NORMAL:   -0.11    2 = FOG REDUCING VISIBILITY
HIGHEST:    70 ON  6    GRTST 24HR  0.19 ON 13-13      TO 1/4 MILE OR LESS
LOWEST:     29 ON 14                               3 = THUNDER
                        SNOW, ICE PELLETS, HAIL    4 = ICE PELLETS
                        TOTAL MONTH:    T          5 = HAIL
                        GRTST 24HR    T  ON 13-13  6 = FREEZING RAIN OR DRIZZLE
                        GRTST DEPTH:   0           7 = DUSTSTORM OR SANDSTORM:
                                                       VSBY 1/2 MILE OR LESS
                                                   8 = SMOKE OR HAZE
[NO. OF DAYS WITH]      [WEATHER - DAYS WITH]      9 = BLOWING SNOW
                                                   X = TORNADO
MAX 32 OR BELOW:   0    0.01 INCH OR MORE:   3
MAX 90 OR ABOVE:   0    0.10 INCH OR MORE:   1
MIN 32 OR BELOW:   3    0.50 INCH OR MORE:   0
MIN  0 OR BELOW:   0    1.00 INCH OR MORE:   0

[HDD (BASE 65) ]
TOTAL THIS MO.   261    CLEAR  (SCALE 0-3)  12
DPTR FM NORMAL   108    PTCLDY (SCALE 4-7)   3
TOTAL FM JUL 1   392    CLOUDY (SCALE 8-10)  1
DPTR FM NORMAL   118

[CDD (BASE 65) ]
TOTAL THIS MO.     0
DPTR FM NORMAL    -7    [PRESSURE DATA]
TOTAL FM JAN 1  1341    HIGHEST SLP M ON M
DPTR FM NORMAL   400    LOWEST  SLP 29.74 ON 11

[REMARKS]
