000
CXUS55 KBOI 231355
CF6BOI
PRELIMINARY LOCAL CLIMATOLOGICAL DATA (WS FORM: F-6)

                                          STATION:   BOISE ID
                                          MONTH:     APRIL
                                          YEAR:      2014
                                          LATITUDE:   43 34 N
                                          LONGITUDE: 116 13 W

  TEMPERATURE IN F:       :PCPN:    SNOW:  WIND      :SUNSHINE: SKY     :PK WND
================================================================================
1   2   3   4   5  6A  6B    7    8   9   10  11  12  13   14  15   16   17  18
                                     12Z  AVG MX 2MIN
DY MAX MIN AVG DEP HDD CDD  WTR  SNW DPTH SPD SPD DIR MIN PSBL S-S WX    SPD DR
================================================================================

 1  45  35  40  -8  25   0 0.43  0.0    0  5.3 14 290   M    M   8 1      18 280
 2  54  34  44  -4  21   0 0.12  0.0    0  6.6 20  20   M    M   8 1      24 360
 3  57  33  45  -3  20   0 0.00  0.0    0  5.1 13 130   M    M   0        15 200
 4  57  39  48   0  17   0    T  0.0    0  4.4 15 120   M    M   6 8      20 120
 5  56  39  48  -1  17   0 0.00  0.0    0  6.6 18 330   M    M   5        22 320
 6  62  44  53   4  12   0 0.06  0.0    0  7.2 23 320   M    M   6        30 320
 7  68  38  53   4  12   0 0.00  0.0    0  4.5 10 140   M    M   0        15 310
 8  76  47  62  13   3   0 0.00  0.0    0  4.8 10 130   M    M   0         M  M
 9  70  44  57   8   8   0 0.00  0.0    0  8.2 17 340   M    M   0        22 330
10  65  38  52   2  13   0 0.00  0.0    0  4.6 16 320   M    M   0        22 320
11  67  39  53   3  12   0 0.00  0.0    0  4.3 15 330   M    M   0        22 300
12  63  41  52   2  13   0 0.00  0.0    0 11.2 25 320   M    M   0        30 330
13  62  39  51   1  14   0 0.00  0.0    0 17.1 30 320   M    M   0        38 300
14  64  33  49  -1  16   0 0.00  0.0    0  8.1 20 140   M    M   0        26 150
15  61  41  51   1  14   0 0.00  0.0    0 12.4 25 350   M    M   1        32 300
16  61  33  47  -4  18   0 0.00  0.0    0  5.4 16  10   M    M   1        21 300
17  75  41  58   7   7   0 0.15  0.0    0 12.8 37 290   M    M   2 1      46 300
18  62  46  54   3  11   0 0.01  0.0    0  7.9 18 340   M    M   4        26 330
19  75  43  59   8   6   0 0.00  0.0    0 10.5 36 310   M    M   0        45 310
20  64  42  53   1  12   0 0.00  0.0    0  9.9 30 320   M    M   0        38 320
21  75  42  59   7   6   0 0.00  0.0    0 10.6 22 150   M    M   1        29 170
22  61  37  49  -3  16   0 0.36  0.0    0  8.7 21 280   M    M   7 1      28 280
================================================================================
SM 1400  868       293   0  1.13     0.0 176.2          M       49
================================================================================
AV 63.6 39.5                               8.0 FASTST   M    M   2    MAX(MPH)
                                 MISC ---->  # 37 290               # 46  300
================================================================================
NOTES:
# LAST OF SEVERAL OCCURRENCES

COLUMN 17 PEAK WIND IN M.P.H.

PRELIMINARY LOCAL CLIMATOLOGICAL DATA (WS FORM: F-6) , PAGE 2

                                          STATION:  BOISE ID
                                          MONTH:    APRIL
                                          YEAR:     2014
                                          LATITUDE:   43 34 N
                                          LONGITUDE: 116 13 W

[TEMPERATURE DATA]      [PRECIPITATION DATA]       SYMBOLS USED IN COLUMN 16

AVERAGE MONTHLY: 51.5   TOTAL FOR MONTH:   1.13    1 = FOG OR MIST
DPTR FM NORMAL:   1.7   DPTR FM NORMAL:    0.23    2 = FOG REDUCING VISIBILITY
HIGHEST:    76 ON  8    GRTST 24HR  0.54 ON  1- 2      TO 1/4 MILE OR LESS
LOWEST:     33 ON 16,14                            3 = THUNDER
                        SNOW, ICE PELLETS, HAIL    4 = ICE PELLETS
                        TOTAL MONTH:   0.0 INCH    5 = HAIL
                        GRTST 24HR     0.0         6 = FREEZING RAIN OR DRIZZLE
                        GRTST DEPTH:   0           7 = DUSTSTORM OR SANDSTORM:
                                                       VSBY 1/2 MILE OR LESS
                                                   8 = SMOKE OR HAZE
[NO. OF DAYS WITH]      [WEATHER - DAYS WITH]      9 = BLOWING SNOW
                                                   X = TORNADO
MAX 32 OR BELOW:   0    0.01 INCH OR MORE:   6
MAX 90 OR ABOVE:   0    0.10 INCH OR MORE:   4
MIN 32 OR BELOW:   0    0.50 INCH OR MORE:   0
MIN  0 OR BELOW:   0    1.00 INCH OR MORE:   0

[HDD (BASE 65) ]
TOTAL THIS MO.   293    CLEAR  (SCALE 0-3)  15
DPTR FM NORMAL   -41    PTCLDY (SCALE 4-7)   7
TOTAL FM JUL 1  5221    CLOUDY (SCALE 8-10)  0
DPTR FM NORMAL    92

[CDD (BASE 65) ]
TOTAL THIS MO.     0
DPTR FM NORMAL     0    [PRESSURE DATA]
TOTAL FM JAN 1     0    HIGHEST SLP M ON M
DPTR FM NORMAL     0    LOWEST  SLP 29.59 ON 17

[REMARKS]
