000
CXUS51 KBOX 201200
CF6BOS
PRELIMINARY LOCAL CLIMATOLOGICAL DATA (WS FORM: F-6)

                                          STATION:   BOSTON MA
                                          MONTH:     AUGUST
                                          YEAR:      2014
                                          LATITUDE:   42 22 N
                                          LONGITUDE:  71  2 W

  TEMPERATURE IN F:       :PCPN:    SNOW:  WIND      :SUNSHINE: SKY     :PK WND
================================================================================
1   2   3   4   5  6A  6B    7    8   9   10  11  12  13   14  15   16   17  18
                                     12Z  AVG MX 2MIN
DY MAX MIN AVG DEP HDD CDD  WTR  SNW DPTH SPD SPD DIR MIN PSBL S-S WX    SPD DR
================================================================================

 1  82  65  74   0   0   9 0.00  0.0    M  9.0 20 110   M    M   6        23 210
 2  72  62  67  -7   0   2 0.03  0.0    M  5.1 13 120   M    M   9 18     16 110
 3  70  62  66  -8   0   1    T  0.0    M  5.2 13 100   M    M   8        15 110
 4  80  62  71  -2   0   6    T  0.0    M  7.8 15 120   M    M   5 1      18 240
 5  82  70  76   3   0  11 0.00  0.0    M  7.5 16 110   M    M   3 8      20 120
 6  83  70  77   4   0  12 0.01  0.0    M  8.1 16 320   M    M   7        22 300
 7  79  64  72  -1   0   7 0.01  0.0    M  8.4 20 310   M    M   4        23  60
 8  85  61  73   0   0   8 0.00  0.0    M  9.7 16 320   M    M   3        22 280
 9  78  65  72  -1   0   7 0.00  0.0    M  7.8 14 120   M    M   2        18 120
10  80  66  73   0   0   8 0.00  0.0    M  7.5 14  90   M    M   3        17  90
11  84  65  75   2   0  10 0.00  0.0    M  9.0 17 210   M    M   3        22 190
12  82  64  73   0   0   8 0.00  0.0    M  8.7 18 170   M    M   6        22 170
13  69  64  67  -6   0   2 1.06  0.0    M 14.2 25 100   M    M  10 1      31 100
14  77  62  70  -3   0   5 0.00  0.0    M 11.5 21 280   M    M   3        29 270
15  75  60  68  -5   0   3    T  0.0    M  8.0 18 240   M    M   6        29 250
16  78  61  70  -2   0   5 0.00  0.0    M 11.5 21 220   M    M   8        28 230
17  81  64  73   1   0   8    T  0.0    M  8.8 23 290   M    M   7        29 270
18  79  62  71  -1   0   6 0.00  0.0    M  9.6 18 320   M    M   3        23 310
19  74  59  67  -5   0   2 0.00  0.0    M  7.6 17 110   M    M   2        18  90
================================================================================
SM 1490 1208         0 120  1.11     0.0 165.0          M       98
================================================================================
AV 78.4 63.6                               8.7 FASTST   M    M   5    MAX(MPH)
                                 MISC ---->  # 25 100               # 31  100
================================================================================
NOTES:
# LAST OF SEVERAL OCCURRENCES

COLUMN 17 PEAK WIND IN M.P.H.

PRELIMINARY LOCAL CLIMATOLOGICAL DATA (WS FORM: F-6) , PAGE 2

                                          STATION:  BOSTON MA
                                          MONTH:    AUGUST
                                          YEAR:     2014
                                          LATITUDE:   42 22 N
                                          LONGITUDE:  71  2 W

[TEMPERATURE DATA]      [PRECIPITATION DATA]       SYMBOLS USED IN COLUMN 16

AVERAGE MONTHLY: 71.0   TOTAL FOR MONTH:   1.11    1 = FOG OR MIST
DPTR FM NORMAL:  -1.9   DPTR FM NORMAL:   -1.05    2 = FOG REDUCING VISIBILITY
HIGHEST:    85 ON  8    GRTST 24HR  1.06 ON 13-13      TO 1/4 MILE OR LESS
LOWEST:     59 ON 19                               3 = THUNDER
                        SNOW, ICE PELLETS, HAIL    4 = ICE PELLETS
                        TOTAL MONTH:   0.0 INCH    5 = HAIL
                        GRTST 24HR     0.0         6 = FREEZING RAIN OR DRIZZLE
                        GRTST DEPTH:  M  ON   M    7 = DUSTSTORM OR SANDSTORM:
                                                       VSBY 1/2 MILE OR LESS
                                                   8 = SMOKE OR HAZE
[NO. OF DAYS WITH]      [WEATHER - DAYS WITH]      9 = BLOWING SNOW
                                                   X = TORNADO
MAX 32 OR BELOW:   0    0.01 INCH OR MORE:   4
MAX 90 OR ABOVE:   0    0.10 INCH OR MORE:   1
MIN 32 OR BELOW:   0    0.50 INCH OR MORE:   1
MIN  0 OR BELOW:   0    1.00 INCH OR MORE:   1

[HDD (BASE 65) ]
TOTAL THIS MO.     0    CLEAR  (SCALE 0-3)   7
DPTR FM NORMAL     0    PTCLDY (SCALE 4-7)   9
TOTAL FM JUL 1     0    CLOUDY (SCALE 8-10)  3
DPTR FM NORMAL    -6

[CDD (BASE 65) ]
TOTAL THIS MO.   120
DPTR FM NORMAL   -33    [PRESSURE DATA]
TOTAL FM JAN 1   571    HIGHEST SLP M ON M
DPTR FM NORMAL   -14    LOWEST  SLP 29.60 ON 13

[REMARKS]
