000
CXUS54 KLZK 301130
CF6BPK
PRELIMINARY LOCAL CLIMATOLOGICAL DATA (WS FORM: F-6)

                                          STATION:   Mountain Home Airport
                                          MONTH:     SEPTEMBER
                                          YEAR:      2016
                                          LATITUDE:   36 22 N
                                          LONGITUDE:  92 28 W

  TEMPERATURE IN F:       :PCPN:    SNOW:  WIND      :SUNSHINE: SKY     :PK WND
================================================================================
1   2   3   4   5  6A  6B    7    8   9   10  11  12  13   14  15   16   17  18
                                     12Z  AVG MX 2MIN
DY MAX MIN AVG DEP HDD CDD  WTR  SNW DPTH SPD SPD DIR MIN PSBL S-S WX    SPD DR
================================================================================

 1  81  65  73  -3   0   8 0.00  0.0    0  3.6 12  90   M    M   3        18  90
 2  79  59  69  -7   0   4 0.00  0.0    0  3.5 12  80   M    M   2        18  80
 3  81  57  69  -7   0   4 0.00  0.0    0  2.5  9 130   M    M   2 1      13 110
 4  84  57  71  -4   0   6 0.00  0.0    0  2.3 12 210   M    M   0        14 200
 5  90  66  78   3   0  13 0.00  0.0    0  4.7 12 220   M    M   1        16 190
 6  90  73  82   8   0  17 0.00  0.0    0  4.6 12 200   M    M   1 1      15 200
 7  91  72  82   8   0  17 0.00  0.0    0  5.6 13 200   M    M   0        18 210
 8  90  72  81   7   0  16 0.01  0.0    0  5.0 13 210   M    M   2 3      20  20
 9  91  73  82   9   0  17 0.00  0.0    0  6.7 18 220   M    M   0        27 190
10  79  59  69  -4   0   4 0.02  0.0    0  4.0 12 350   M    M   2 1      19 320
11  80  53  67  -5   0   2 0.00  0.0    0  2.2  9 210   M    M   0        13 200
12  84  56  70  -2   0   5 0.00  0.0    0  4.7 13 220   M    M   0        19 230
13  88  63  76   4   0  11 0.00  0.0    0  1.9  7 140   M    M   0        10 150
14  86  69  78   7   0  13 0.00  0.0    0  2.2 10 180   M    M   4 138    13 180
15  89  68  79   8   0  14 0.01  0.0    0  2.4 12 110   M    M   2 13     16 130
16  88  68  78   8   0  13 1.53  0.0    0  5.2 14 210   M    M   4 13     23 230
17  82  67  75   5   0  10 0.00  0.0    0  1.3  7 240   M    M   5        10 260
18  84  63  74   4   0   9 0.01  0.0    0  3.2 14  90   M    M   2 1      22  80
19  88  60  74   5   0   9 0.00  0.0    0  2.3  8 200   M    M   1 12     11 210
20  89  65  77   8   0  12 0.00  0.0    0  1.2  7 120   M    M   1 1      12 140
21  87  63  75   7   0  10 0.00  0.0    0  1.8  8 200   M    M   1 12     12 180
22  89  62  76   8   0  11 0.00  0.0    0  1.1  7 200   M    M   0 1      10 190
23  87  64  76   9   0  11 0.00  0.0    0  1.7  8 210   M    M   2 12     10 190
24  90  66  78  11   0  13 0.00  0.0    0  2.7 10 200   M    M   1 1      15 190
25  89  66  78  12   0  13 0.00  0.0    0  2.8  9  10   M    M   2 1      18 360
26  76  50  63  -3   2   0 0.13  0.0    0  2.6  9  70   M    M   4 1      16  80
27  78  48  63  -3   2   0 0.01    M    0  2.4  8 270   M    M   1 12     13 270
28  81  53  67   2   0   2 0.00  0.0    0  4.6 12 350   M    M   0        20 320
29  75  50  63  -2   2   0 0.00  0.0    0  3.9 12  20   M    M   0        21  10
================================================================================
SM 2466 1807         6 264  1.72     0.0  92.7          M       43
================================================================================
AV 85.0 62.3                               3.2 FASTST   M    M   1    MAX(MPH)
                                 MISC ---->  # 18 220               # 27  190
================================================================================
NOTES:
# LAST OF SEVERAL OCCURRENCES

COLUMN 17 PEAK WIND IN M.P.H.

PRELIMINARY LOCAL CLIMATOLOGICAL DATA (WS FORM: F-6) , PAGE 2

                                          STATION:  Mountain Home Airport
                                          MONTH:    SEPTEMBER
                                          YEAR:     2016
                                          LATITUDE:   36 22 N
                                          LONGITUDE:  92 28 W

[TEMPERATURE DATA]      [PRECIPITATION DATA]       SYMBOLS USED IN COLUMN 16

AVERAGE MONTHLY: 73.7   TOTAL FOR MONTH:   1.72    1 = FOG OR MIST
DPTR FM NORMAL:   3.0   DPTR FM NORMAL:   -2.30    2 = FOG REDUCING VISIBILITY
HIGHEST:    91 ON  9, 7 GRTST 24HR  1.53 ON 16-16      TO 1/4 MILE OR LESS
LOWEST:     48 ON 27                               3 = THUNDER
                        SNOW, ICE PELLETS, HAIL    4 = ICE PELLETS
                        TOTAL MONTH:   0.0 INCH    5 = HAIL
                        GRTST 24HR     0.0         6 = FREEZING RAIN OR DRIZZLE
                        GRTST DEPTH:   0           7 = DUSTSTORM OR SANDSTORM:
                                                       VSBY 1/2 MILE OR LESS
                                                   8 = SMOKE OR HAZE
[NO. OF DAYS WITH]      [WEATHER - DAYS WITH]      9 = BLOWING SNOW
                                                   X = TORNADO
MAX 32 OR BELOW:   0    0.01 INCH OR MORE:   7
MAX 90 OR ABOVE:   6    0.10 INCH OR MORE:   2
MIN 32 OR BELOW:   0    0.50 INCH OR MORE:   1
MIN  0 OR BELOW:   0    1.00 INCH OR MORE:   1

[HDD (BASE 65) ]
TOTAL THIS MO.     6    CLEAR  (SCALE 0-3)  25
DPTR FM NORMAL   -18    PTCLDY (SCALE 4-7)   4
TOTAL FM JUL 1     6    CLOUDY (SCALE 8-10)  0
DPTR FM NORMAL   -19

[CDD (BASE 65) ]
TOTAL THIS MO.   264
DPTR FM NORMAL    73    [PRESSURE DATA]
TOTAL FM JAN 1  1621    HIGHEST SLP M ON M
DPTR FM NORMAL   108    LOWEST  SLP 29.83 ON  9

[REMARKS]
