000
CXUS54 KLCH 012110
CF6BPT
PRELIMINARY LOCAL CLIMATOLOGICAL DATA (WS FORM: F-6)

                                          STATION:   BEAUMONT PORT ARTHUR
                                          MONTH:     JUNE
                                          YEAR:      2015
                                          LATITUDE:   29 57 N
                                          LONGITUDE:  94  1 W

  TEMPERATURE IN F:       :PCPN:    SNOW:  WIND      :SUNSHINE: SKY     :PK WND
================================================================================
1   2   3   4   5  6A  6B    7    8   9   10  11  12  13   14  15   16   17  18
                                     12Z  AVG MX 2MIN
DY MAX MIN AVG DEP HDD CDD  WTR  SNW DPTH SPD SPD DIR MIN PSBL S-S WX    SPD DR
================================================================================

 1  89  68  79   0   0  14 0.00  0.0    0  5.7 12 300   M    M   2         M  M
 2  90  67  79   0   0  14 0.00  0.0    0  4.7 10  10   M    M   2        14 350
 3  91  69  80   0   0  15 0.00  0.0    0  3.3 13 150   M    M   2 1      15 150
 4  91  70  81   1   0  16 0.00  0.0    0  4.0 12  30   M    M   4 1      14  30
 5  93  72  83   3   0  18 0.00  0.0    0  3.8 12  10   M    M   3 1       M  M
 6  94  71  83   3   0  18 0.00  0.0    0  4.1 10  10   M    M   2 18     17  50
 7  94  73  84   4   0  19 0.00  0.0    0  5.3 15 170   M    M   1 1      17 160
 8  92  71  82   2   0  17 0.46  0.0    0  4.6 14  70   M    M   3 8      16 210
 9  93  73  83   3   0  18 0.08  0.0    0  5.2 20 140   M    M   2 13     24 150
10  92  73  83   2   0  18 1.77  0.0    0  5.1 18 100   M    M   2 13     22 100
11  92  74  83   2   0  18    T  0.0    0  6.8 17 160   M    M   2 1      22 150
12  92  76  84   3   0  19 0.19  0.0    0 11.6 22 150   M    M   4 18     30 100
13  83  75  79  -2   0  14 0.07  0.0    0 10.4 29 130   M    M   7 13     38 130
14  90  75  83   2   0  18 0.34  0.0    0 10.4 28 180   M    M   4 1      35 170
15  90  78  84   3   0  19 0.03  0.0    0 14.1 30  90   M    M   6 1      39 110
16  85  75  80  -1   0  15 0.74    M    0 15.2 23 120   M    M   8 1      45 170
17  86  73  80  -2   0  15 1.67  0.0    0 16.0 32 170   M    M  10 13     43 160
18  88  79  84   2   0  19    T  0.0    0  9.0 15 170   M    M   4        20 160
19  91  76  84   2   0  19    T  0.0    0  5.7 14 210   M    M   3 13     29 260
20  91  75  83   1   0  18    T  0.0    0  6.5 15 210   M    M   3        23 180
21  93  78  86   4   0  21 0.00  0.0    0  6.8 14 180   M    M   2        19 180
22  92  76  84   2   0  19 0.00  0.0    0  5.9 13 180   M    M   3        17 200
23  94  76  85   3   0  20 0.00  0.0    0  3.8 17  90   M    M   2 18     23  90
24  94  75  85   3   0  20 0.00  0.0    0  4.1 15 300   M    M   2 3      32 280
25  92  75  84   2   0  19    T  0.0    0  5.0 15 160   M    M   3 3      19 160
26  92  75  84   2   0  19 0.14  0.0    0  6.2 18 200   M    M   2 3      25 190
27   M   M   M   M   M   M 0.00  0.0    0 10.4 16 250   M    M   4 3      20 230
28  89  77  83   1   0  18 0.31  0.0    0   M   M   M   M    M   2 3       M  M
29  90  74  82   0   0  17 0.16  0.0    0  5.1 23 210   M    M   2 13     29 160
30  89  70  80  -2   0  15 0.65  0.0    0  4.8 24 220   M    M   4 138    33 220
================================================================================
SM 2632 2139         0 509  6.61     0.0 203.6          M      100
================================================================================
AV 90.8 73.8                               7.0 FASTST   M    M   3    MAX(MPH)
                                 MISC ---->  # 32 170                 45    M
================================================================================
NOTES:
# LAST OF SEVERAL OCCURRENCES

COLUMN 17 PEAK WIND IN M.P.H.

PRELIMINARY LOCAL CLIMATOLOGICAL DATA (WS FORM: F-6) , PAGE 2

                                          STATION:  BEAUMONT PORT ARTHUR
                                          MONTH:    JUNE
                                          YEAR:     2015
                                          LATITUDE:   29 57 N
                                          LONGITUDE:  94  1 W

[TEMPERATURE DATA]      [PRECIPITATION DATA]       SYMBOLS USED IN COLUMN 16

AVERAGE MONTHLY: 82.3   TOTAL FOR MONTH:   6.61    1 = FOG OR MIST
DPTR FM NORMAL:   1.1   DPTR FM NORMAL:   -0.48    2 = FOG REDUCING VISIBILITY
HIGHEST:    94 ON 24,23 GRTST 24HR  1.85 ON  9-10      TO 1/4 MILE OR LESS
LOWEST:     67 ON  2                               3 = THUNDER
                        SNOW, ICE PELLETS, HAIL    4 = ICE PELLETS
                        TOTAL MONTH:   0.0 INCH    5 = HAIL
                        GRTST 24HR     0.0         6 = FREEZING RAIN OR DRIZZLE
                        GRTST DEPTH:   0           7 = DUSTSTORM OR SANDSTORM:
                                                       VSBY 1/2 MILE OR LESS
                                                   8 = SMOKE OR HAZE
[NO. OF DAYS WITH]      [WEATHER - DAYS WITH]      9 = BLOWING SNOW
                                                   X = TORNADO
MAX 32 OR BELOW:   0    0.01 INCH OR MORE:  13
MAX 90 OR ABOVE:  22    0.10 INCH OR MORE:  10
MIN 32 OR BELOW:   0    0.50 INCH OR MORE:   4
MIN  0 OR BELOW:   0    1.00 INCH OR MORE:   2

[HDD (BASE 65) ]
TOTAL THIS MO.     0    CLEAR  (SCALE 0-3)  19
DPTR FM NORMAL     0    PTCLDY (SCALE 4-7)  10
TOTAL FM JUL 1  1362    CLOUDY (SCALE 8-10)  1
DPTR FM NORMAL   -39

[CDD (BASE 65) ]
TOTAL THIS MO.   509
DPTR FM NORMAL    25    [PRESSURE DATA]
TOTAL FM JAN 1  1234    HIGHEST SLP 30.08 ON 30
DPTR FM NORMAL   184    LOWEST  SLP 29.95 ON 28

[REMARKS]
#FINAL-06-15#
