000
CXUS54 KLCH 211710
CF6BPT
PRELIMINARY LOCAL CLIMATOLOGICAL DATA (WS FORM: F-6)

                                          STATION:   BEAUMONT PORT ARTHUR
                                          MONTH:     DECEMBER
                                          YEAR:      2014
                                          LATITUDE:   29 57 N
                                          LONGITUDE:  94  1 W

  TEMPERATURE IN F:       :PCPN:    SNOW:  WIND      :SUNSHINE: SKY     :PK WND
================================================================================
1   2   3   4   5  6A  6B    7    8   9   10  11  12  13   14  15   16   17  18
                                     12Z  AVG MX 2MIN
DY MAX MIN AVG DEP HDD CDD  WTR  SNW DPTH SPD SPD DIR MIN PSBL S-S WX    SPD DR
================================================================================

 1  80  52  66   9   0   1 0.02  0.0    0  6.5 18 340   M    M   7 128    22 340
 2  59  46  53  -4  12   0 0.00  0.0    0  8.5 17 360   M    M  10 1      22 360
 3  69  53  61   4   4   0 0.00  0.0    0  5.0 12  40   M    M   6 128    13  50
 4  68  55  62   6   3   0 0.00  0.0    0  6.2 13 120   M    M   9 1      15 120
 5  81  64  73  17   0   8 0.00  0.0    0  9.6 21 180   M    M   8 12     26 180
 6  77  60  69  13   0   4    T  0.0    0  8.8 20 360   M    M   9 12     24 350
 7  67  51  59   3   6   0 0.00  0.0    0 10.2 17  50   M    M   6        23  40
 8  67  43  55   0  10   0 0.00  0.0    0  6.5 14  10   M    M   0 1      20  20
 9  71  41  56   1   9   0 0.00  0.0    0  3.1  9  20   M    M   0 128    14  80
10  65  41  53  -2  12   0 0.00  0.0    0  4.9 12  70   M    M   0 12     14  70
11  72  49  61   6   4   0    T    M    0  6.9 13 120   M    M   7 1      16 170
12  69  50  60   5   5   0 0.01  0.0    0  6.0 14 120   M    M   7 1      18 120
13  69  50  60   6   5   0 0.00  0.0    0  8.5 16 110   M    M   5 12     20 110
14  73  59  66  12   0   1 0.00  0.0    0 13.4 22 140   M    M   7 18     27 120
15  80  62  71  17   0   6 0.02  0.0    0 11.2 22 210   M    M   7 1      31 220
16  67  44  56   2   9   0 0.00  0.0    0  9.3 20 350   M    M   2        26 360
17  64  45  55   1  10   0 0.00  0.0    0  9.1 15 100   M    M   5        19 100
18  64  58  61   7   4   0 0.04  0.0    0  8.9 14  60   M    M  10 18     18  70
19  60  50  55   1  10   0 2.16  0.0    0 13.4 25  50   M    M  10 13     29  30
20  60  47  54   1  11   0 0.00  0.0    0  9.5 16  20   M    M   7 1      21 360
================================================================================
SM 1382 1020       114  20  2.25     0.0 165.5          M      122
================================================================================
AV 69.1 51.0                               8.3 FASTST   M    M   6    MAX(MPH)
                                 MISC ---->  # 25  50               # 31  220
================================================================================
NOTES:
# LAST OF SEVERAL OCCURRENCES

COLUMN 17 PEAK WIND IN M.P.H.

PRELIMINARY LOCAL CLIMATOLOGICAL DATA (WS FORM: F-6) , PAGE 2

                                          STATION:  BEAUMONT PORT ARTHUR
                                          MONTH:    DECEMBER
                                          YEAR:     2014
                                          LATITUDE:   29 57 N
                                          LONGITUDE:  94  1 W

[TEMPERATURE DATA]      [PRECIPITATION DATA]       SYMBOLS USED IN COLUMN 16

AVERAGE MONTHLY: 60.0   TOTAL FOR MONTH:   2.25    1 = FOG OR MIST
DPTR FM NORMAL:   5.0   DPTR FM NORMAL:   -1.08    2 = FOG REDUCING VISIBILITY
HIGHEST:    81 ON  5    GRTST 24HR  2.16 ON 19-19      TO 1/4 MILE OR LESS
LOWEST:     41 ON 10, 9                            3 = THUNDER
                        SNOW, ICE PELLETS, HAIL    4 = ICE PELLETS
                        TOTAL MONTH:   0.0 INCH    5 = HAIL
                        GRTST 24HR     0.0         6 = FREEZING RAIN OR DRIZZLE
                        GRTST DEPTH:   0           7 = DUSTSTORM OR SANDSTORM:
                                                       VSBY 1/2 MILE OR LESS
                                                   8 = SMOKE OR HAZE
[NO. OF DAYS WITH]      [WEATHER - DAYS WITH]      9 = BLOWING SNOW
                                                   X = TORNADO
MAX 32 OR BELOW:   0    0.01 INCH OR MORE:   5
MAX 90 OR ABOVE:   0    0.10 INCH OR MORE:   1
MIN 32 OR BELOW:   0    0.50 INCH OR MORE:   1
MIN  0 OR BELOW:   0    1.00 INCH OR MORE:   1

[HDD (BASE 65) ]
TOTAL THIS MO.   114    CLEAR  (SCALE 0-3)   4
DPTR FM NORMAL  -101    PTCLDY (SCALE 4-7)  11
TOTAL FM JUL 1   351    CLOUDY (SCALE 8-10)  5
DPTR FM NORMAL   -59

[CDD (BASE 65) ]
TOTAL THIS MO.    20
DPTR FM NORMAL     0    [PRESSURE DATA]
TOTAL FM JAN 1  2931    HIGHEST SLP M ON M
DPTR FM NORMAL    56    LOWEST  SLP 29.94 ON 15

[REMARKS]
