000
CXUS54 KLCH 290830
CF6BPT
PRELIMINARY LOCAL CLIMATOLOGICAL DATA (WS FORM: F-6)

                                          STATION:   BEAUMONT PORT ARTHUR
                                          MONTH:     MAY
                                          YEAR:      2017
                                          LATITUDE:   29 57 N
                                          LONGITUDE:  94  1 W

  TEMPERATURE IN F:       :PCPN:    SNOW:  WIND      :SUNSHINE: SKY     :PK WND
================================================================================
1   2   3   4   5  6A  6B    7    8   9   10  11  12  13   14  15   16   17  18
                                     12Z  AVG MX 2MIN
DY MAX MIN AVG DEP HDD CDD  WTR  SNW DPTH SPD SPD DIR MIN PSBL S-S WX    SPD DR
================================================================================

 1  86  50  68  -4   0   3 0.00  0.0    0  6.4 16 180   M    M   0        21 170
 2  87  54  71  -2   0   6 0.00  0.0    0  9.5 18 150   M    M   M        27 130
 3  80  63  72  -1   0   7 1.60  0.0    0 14.0 24 170   M    M  10 13     32 180
 4  75  54  65  -8   0   0    T  0.0    0 14.4 29 330   M    M   M        36 320
 5  81  52  67  -6   0   2 0.00  0.0    0  7.9 20 300   M    M   0        25 270
 6  84  51  68  -6   0   3 0.00  0.0    0  3.5 13 310   M    M   0        16 310
 7  82  56  69  -5   0   4 0.00  0.0    0  4.5 14 150   M    M   2 1      18 150
 8  83  58  71  -3   0   6 0.00  0.0    0  6.7 15 130   M    M   6        23 130
 9  84  68  76   2   0  11 0.00  0.0    0  9.7 17 110   M    M   4        26 100
10  84  69  77   2   0  12 0.00  0.0    0 10.4 17 130   M    M   6        23 160
11  84  72  78   3   0  13 0.00  0.0    0  9.9 20 170   M    M   7 1      26 150
12  85  65  75   0   0  10 0.03  0.0    0  9.3 23 310   M    M   4 18     31 300
13  86  61  74  -1   0   9 0.00  0.0    0  8.3 22  70   M    M   2        26  80
14  86  59  73  -3   0   8 0.00  0.0    0  4.0 14 150   M    M   1 1      20  70
15  86  59  73  -3   0   8 0.00  0.0    0  5.4 14 180   M    M   2 128    27 120
16  87  66  77   1   0  12 0.00  0.0    0 13.9 22 150   M    M   2 18     30 140
17  87  74  81   5   0  16 0.00  0.0    0 14.9 25 150   M    M   7 8      33 150
18  87  75  81   5   0  16 0.00  0.0    0 13.9 25 130   M    M   8        30 120
19  87  77  82   5   0  17 0.00  0.0    0 16.6 25 130   M    M  10        33 130
20  91  74  83   6   0  18 0.00  0.0    0  9.4 22 140   M    M   5        27 140
21  79  71  75  -2   0  10 3.28  0.0    0  7.7 22  20   M    M   7 123    27  30
22  81  69  75  -2   0  10 0.45  0.0    0 10.3 23 150   M    M   9 13     33  10
23  83  66  75  -3   0  10 0.04  0.0    0  8.6 23 340   M    M   8 13     31 330
24  81  58  70  -8   0   5 0.00  0.0    0 11.1 26 310   M    M   2        39 320
25  86  56  71  -7   0   6 0.00  0.0    0 10.0 21 180   M    M   0        27 220
26  87  72  80   2   0  15 0.00  0.0    0 12.7 21 190   M    M   6        29 190
27  89  78  84   6   0  19    T  0.0    0 12.2 21 190   M    M   8        25 200
28  90  69  80   1   0  15 0.14  0.0    0  9.2 31 340   M    M   7 13     41 350
================================================================================
SM 2368 1796         0 271  5.54     0.0 274.4          M      123
================================================================================
AV 84.6 64.1                               9.8 FASTST   M    M   5    MAX(MPH)
                                 MISC ---->  # 31 340               # 41  350
================================================================================
NOTES:
# LAST OF SEVERAL OCCURRENCES

COLUMN 17 PEAK WIND IN M.P.H.

PRELIMINARY LOCAL CLIMATOLOGICAL DATA (WS FORM: F-6) , PAGE 2

                                          STATION:  BEAUMONT PORT ARTHUR
                                          MONTH:    MAY
                                          YEAR:     2017
                                          LATITUDE:   29 57 N
                                          LONGITUDE:  94  1 W

[TEMPERATURE DATA]      [PRECIPITATION DATA]       SYMBOLS USED IN COLUMN 16

AVERAGE MONTHLY: 74.4   TOTAL FOR MONTH:   5.54    1 = FOG OR MIST
DPTR FM NORMAL:  -1.2   DPTR FM NORMAL:    0.84    2 = FOG REDUCING VISIBILITY
HIGHEST:    91 ON 20    GRTST 24HR  3.28 ON 21-21      TO 1/4 MILE OR LESS
LOWEST:     50 ON  1                               3 = THUNDER
                        SNOW, ICE PELLETS, HAIL    4 = ICE PELLETS
                        TOTAL MONTH:   0.0 INCH    5 = HAIL
                        GRTST 24HR     0.0         6 = FREEZING RAIN OR DRIZZLE
                        GRTST DEPTH:   0           7 = DUSTSTORM OR SANDSTORM:
                                                       VSBY 1/2 MILE OR LESS
                                                   8 = SMOKE OR HAZE
[NO. OF DAYS WITH]      [WEATHER - DAYS WITH]      9 = BLOWING SNOW
                                                   X = TORNADO
MAX 32 OR BELOW:   0    0.01 INCH OR MORE:   6
MAX 90 OR ABOVE:   2    0.10 INCH OR MORE:   4
MIN 32 OR BELOW:   0    0.50 INCH OR MORE:   2
MIN  0 OR BELOW:   0    1.00 INCH OR MORE:   2

[HDD (BASE 65) ]
TOTAL THIS MO.     0    CLEAR  (SCALE 0-3)  10
DPTR FM NORMAL     0    PTCLDY (SCALE 4-7)  13
TOTAL FM JUL 1   614    CLOUDY (SCALE 8-10)  3
DPTR FM NORMAL  -786

[CDD (BASE 65) ]
TOTAL THIS MO.   271
DPTR FM NORMAL   -27    [PRESSURE DATA]
TOTAL FM JAN 1   847    HIGHEST SLP M ON M
DPTR FM NORMAL   322    LOWEST  SLP 29.74 ON M

[REMARKS]
