000
CXUS54 KBRO 210900
CF6BRO
PRELIMINARY LOCAL CLIMATOLOGICAL DATA (WS FORM: F-6)

                                          STATION:   BROWNSVILLE
                                          MONTH:     APRIL
                                          YEAR:      2014
                                          LATITUDE:   25 53 N
                                          LONGITUDE:  97 26 W

  TEMPERATURE IN F:       :PCPN:    SNOW:  WIND      :SUNSHINE: SKY     :PK WND
================================================================================
1   2   3   4   5  6A  6B    7    8   9   10  11  12  13   14  15   16   17  18
                                     12Z  AVG MX 2MIN
DY MAX MIN AVG DEP HDD CDD  WTR  SNW DPTH SPD SPD DIR MIN PSBL S-S WX    SPD DR
================================================================================

 1  80  73  77   5   0  12 0.00  0.0    0 14.7 24 140   M    M  10        31 140
 2  87  72  80   8   0  15 0.00  0.0    0 19.5 32 160   M    M   6 1      40 160
 3  89  72  81   8   0  16 0.00  0.0    0 19.4 32 180   M    M   8        43 180
 4  85  67  76   3   0  11    T  0.0    0 11.4 25  30   M    M   9        38  10
 5  74  67  71  -2   0   6    T  0.0    0  5.0 13  50   M    M  10 18     18  50
 6  83  65  74   1   0   9    T  0.0    0  8.1 18  10   M    M  10 1      26  10
 7  76  59  68  -5   0   3    T  0.0    0  7.3 14  60   M    M   3        18 360
 8  87  56  72  -2   0   7    T  0.0    0  8.9 22 340   M    M   1        30 320
 9  84  54  69  -5   0   4 0.00  0.0    0  9.4 24 150   M    M   0        30 150
10  84  63  74   0   0   9 0.00  0.0    0 17.0 31 160   M    M   0        38 160
11  85  63  74   0   0   9 0.00  0.0    0 15.5 26 150   M    M   0        33 150
12  82  70  76   2   0  11 0.00  0.0    0 15.7 29 140   M    M   5        35 140
13  87  73  80   6   0  15 0.00  0.0    0 18.7 31 160   M    M   8        39 160
14  87  58  73  -1   0   8    T  0.0    0 14.9 31 360   M    M   9        44 350
15  68  50  59 -16   6   0 0.00  0.0    0 13.7 23  40   M    M   0        32 360
16  76  46  61 -14   4   0 0.00  0.0    0  9.0 21 160   M    M   3        36 130
17  75  63  69  -6   0   4 0.28  0.0    0  7.6 16  60   M    M   6 3      21  70
18  78  62  70  -5   0   5 0.00  0.0    0  8.3 18  50   M    M   7        23  60
19  80  60  70  -5   0   5 0.00  0.0    0  8.6 17 120   M    M   3 1      23 140
20  84  67  76   0   0  11    T  0.0    0 12.5 22 130   M    M   6        28 130
================================================================================
SM 1631 1260        10 160  0.28     0.0 245.2          M      104
================================================================================
AV 81.6 63.0                              12.3 FASTST   M    M   5    MAX(MPH)
                                 MISC ---->  # 32 160               # 44  350
================================================================================
NOTES:
# LAST OF SEVERAL OCCURRENCES

COLUMN 17 PEAK WIND IN M.P.H.

PRELIMINARY LOCAL CLIMATOLOGICAL DATA (WS FORM: F-6) , PAGE 2

                                          STATION:  BROWNSVILLE
                                          MONTH:    APRIL
                                          YEAR:     2014
                                          LATITUDE:   25 53 N
                                          LONGITUDE:  97 26 W

[TEMPERATURE DATA]      [PRECIPITATION DATA]       SYMBOLS USED IN COLUMN 16

AVERAGE MONTHLY: 72.3   TOTAL FOR MONTH:   0.28    1 = FOG OR MIST
DPTR FM NORMAL:  -1.6   DPTR FM NORMAL:   -0.77    2 = FOG REDUCING VISIBILITY
HIGHEST:    89 ON  3    GRTST 24HR  0.28 ON 17-17      TO 1/4 MILE OR LESS
LOWEST:     46 ON 16                               3 = THUNDER
                        SNOW, ICE PELLETS, HAIL    4 = ICE PELLETS
                        TOTAL MONTH:   0.0 INCH    5 = HAIL
                        GRTST 24HR     0.0         6 = FREEZING RAIN OR DRIZZLE
                        GRTST DEPTH:   0           7 = DUSTSTORM OR SANDSTORM:
                                                       VSBY 1/2 MILE OR LESS
                                                   8 = SMOKE OR HAZE
[NO. OF DAYS WITH]      [WEATHER - DAYS WITH]      9 = BLOWING SNOW
                                                   X = TORNADO
MAX 32 OR BELOW:   0    0.01 INCH OR MORE:   1
MAX 90 OR ABOVE:   0    0.10 INCH OR MORE:   1
MIN 32 OR BELOW:   0    0.50 INCH OR MORE:   0
MIN  0 OR BELOW:   0    1.00 INCH OR MORE:   0

[HDD (BASE 65) ]
TOTAL THIS MO.    10    CLEAR  (SCALE 0-3)   6
DPTR FM NORMAL     4    PTCLDY (SCALE 4-7)   9
TOTAL FM JUL 1   824    CLOUDY (SCALE 8-10)  5
DPTR FM NORMAL   272

[CDD (BASE 65) ]
TOTAL THIS MO.   160
DPTR FM NORMAL   -25    [PRESSURE DATA]
TOTAL FM JAN 1   403    HIGHEST SLP M ON M
DPTR FM NORMAL   -97    LOWEST  SLP 29.59 ON  6

[REMARKS]
