000
CXUS53 KGRR 251017
CF6BTL
PRELIMINARY LOCAL CLIMATOLOGICAL DATA (WS FORM: F-6)

                                          STATION:   BATTLE CREEK MI
                                          MONTH:     OCTOBER
                                          YEAR:      2014
                                          LATITUDE:   42 17 N
                                          LONGITUDE:  85 14 W

  TEMPERATURE IN F:       :PCPN:    SNOW:  WIND      :SUNSHINE: SKY     :PK WND
================================================================================
1   2   3   4   5  6A  6B    7    8   9   10  11  12  13   14  15   16   17  18
                                     12Z  AVG MX 2MIN
DY MAX MIN AVG DEP HDD CDD  WTR  SNW DPTH SPD SPD DIR MIN PSBL S-S WX    SPD DR
================================================================================

 1  66  52  59   4   6   0 0.00    M    M  4.6 14 160   M    M   6        17 200
 2  71  56  64   9   1   0 1.55    M    M  7.7 18 250   M    M   6 1      22 190
 3  67  45  56   2   9   0 0.88    M    M 13.4 30 270   M    M   9 1      43 260
 4  47  40  44 -10  21   0    M    M    M 14.0 25 240   M    M  10 1      32 250
 5  56  40  48  -6  17   0    M    M    M 12.7 24 220   M    M   9        30 210
 6  62  43  53   0  12   0    M    M    M 10.0 37 220   M    M   7        48 230
 7  64  42  53   0  12   0 0.23    M    M 10.1 22 310   M    M   4 1      28 300
 8  60  42  51  -2  14   0 0.00    M    M 11.8 30 260   M    M   2        39 300
 9  58  37  48  -4  17   0 0.00    M    M  5.1 17 320   M    M   0        22 310
10  57  34  46  -6  19   0 0.00    M    M  2.6 10  20   M    M   M        14  10
11  59  31  45  -7  20   0    M    M    M   M  10  40   M    M   M        14  40
12  63  33  48  -3  17   0 0.00    M    M  7.7 17 130   M    M  10        23 160
13  71  52  62  11   3   0 0.25    M    M 10.3 22 160   M    M   8 1      30 140
14  72  58  65  14   0   0 0.16    M    M 10.4 26 170   M    M   8 1      34 180
15  59  51  55   5  10   0 0.01    M    M  4.4 13 160   M    M   9 1      15 160
16  61  45  53   3  12   0 0.02    M    M  6.0 16 260   M    M   9 12     19 280
17  62  47  55   5  10   0 0.07    M    M 13.4 23 320   M    M  10 1      31 320
18  52  34  43  -6  22   0    T    M    M 11.1 20 310   M    M   8 1      26 320
19  53  30  42  -7  23   0 0.00    M    M  6.4 15 240   M    M   1        19 210
20  60  47  54   5  11   0 0.04    M    M 10.4 18 330   M    M   8 3      24 340
21  50  34  42  -6  23   0 0.01    M    M  7.7 17  10   M    M   8 1      22  20
22  49  33  41  -7  24   0 0.00    M    M  3.8 12  50   M    M   6 1      15  50
23  58  29  44  -4  21   0 0.00    M    M  3.2 12 250   M    M   3 12     13 220
24  63  40  52   4  13   0 0.00    M    M  4.6 15 260   M    M   6 18     19 240
================================================================================
SM 1440  995       337   0  3.22    M    191.4          M      147
================================================================================
AV 60.0 41.5                               8.3 FASTST   M    M   7    MAX(MPH)
                                 MISC ---->  # 37 220               # 48  230
================================================================================
NOTES:
# LAST OF SEVERAL OCCURRENCES

COLUMN 17 PEAK WIND IN M.P.H.

PRELIMINARY LOCAL CLIMATOLOGICAL DATA (WS FORM: F-6) , PAGE 2

                                          STATION:  BATTLE CREEK MI
                                          MONTH:    OCTOBER
                                          YEAR:     2014
                                          LATITUDE:   42 17 N
                                          LONGITUDE:  85 14 W

[TEMPERATURE DATA]      [PRECIPITATION DATA]       SYMBOLS USED IN COLUMN 16

AVERAGE MONTHLY: 50.7   TOTAL FOR MONTH:   3.22    1 = FOG OR MIST
DPTR FM NORMAL:  -0.5   DPTR FM NORMAL:    0.77    2 = FOG REDUCING VISIBILITY
HIGHEST:    72 ON 14    GRTST 24HR  2.43 ON  2- 3      TO 1/4 MILE OR LESS
LOWEST:     29 ON 23                               3 = THUNDER
                        SNOW, ICE PELLETS, HAIL    4 = ICE PELLETS
                        TOTAL MONTH:    M          5 = HAIL
                        GRTST 24HR    M  ON   M    6 = FREEZING RAIN OR DRIZZLE
                        GRTST DEPTH:  M  ON   M    7 = DUSTSTORM OR SANDSTORM:
                                                       VSBY 1/2 MILE OR LESS
                                                   8 = SMOKE OR HAZE
[NO. OF DAYS WITH]      [WEATHER - DAYS WITH]      9 = BLOWING SNOW
                                                   X = TORNADO
MAX 32 OR BELOW:   0    0.01 INCH OR MORE:  10
MAX 90 OR ABOVE:   0    0.10 INCH OR MORE:   5
MIN 32 OR BELOW:   3    0.50 INCH OR MORE:   2
MIN  0 OR BELOW:   0    1.00 INCH OR MORE:   1

[HDD (BASE 65) ]
TOTAL THIS MO.   337    CLEAR  (SCALE 0-3)   4
DPTR FM NORMAL     3    PTCLDY (SCALE 4-7)   8
TOTAL FM JUL 1   506    CLOUDY (SCALE 8-10) 10
DPTR FM NORMAL   -25

[CDD (BASE 65) ]
TOTAL THIS MO.     0
DPTR FM NORMAL    -2    [PRESSURE DATA]
TOTAL FM JAN 1   593    HIGHEST SLP  0.00 ON  2
DPTR FM NORMAL    18    LOWEST  SLP 29.35 ON  3

[REMARKS]
