000
CXUS55 KMSO 290900
CF6BTM
PRELIMINARY LOCAL CLIMATOLOGICAL DATA (WS FORM: F-6)

                                          STATION:   BUTTE MT
                                          MONTH:     APRIL
                                          YEAR:      2017
                                          LATITUDE:   45 57 N
                                          LONGITUDE: 112 30 W

  TEMPERATURE IN F:       :PCPN:    SNOW:  WIND      :SUNSHINE: SKY     :PK WND
================================================================================
1   2   3   4   5  6A  6B    7    8   9   10  11  12  13   14  15   16   17  18
                                     12Z  AVG MX 2MIN
DY MAX MIN AVG DEP HDD CDD  WTR  SNW DPTH SPD SPD DIR MIN PSBL S-S WX    SPD DR
================================================================================

 1  59  23  41   5  24   0 0.00    M    M  5.9 20 290   M    M   3        25 290
 2  50  27  39   3  26   0    T    M    M 11.5 31 300   M    M   2        43 290
 3  37  19  28  -8  37   0    T    M    M  7.9 18 310   M    M   5        24 310
 4  47  20  34  -2  31   0    T    M    M  4.0 13 240   M    M   1 1      20 220
 5  53  22  38   1  27   0 0.00    M    M  5.4 18 310   M    M   6 8      23 320
 6  62  32  47  10  18   0    T    M    M  8.4 25 160   M    M   6        42 160
 7  58  32  45   8  20   0 0.09    M    M 11.5 39 170   M    M   4 1      47 180
 8  50  30  40   3  25   0 0.13    M    M  5.8 21 300   M    M   7 18     30 290
 9  41  24  33  -5  32   0 0.00    M    M  9.4 18 310   M    M   7        23 320
10  43  19  31  -7  34   0 0.09    M    M  5.3 24 300   M    M   5 128    33 300
11  50  21  36  -2  29   0    T    M    M  5.6 17 110   M    M   5        22 200
12  59  32  46   8  19   0 0.00    M    M  8.7 24 110   M    M   8        33 110
13  66  33  50  12  15   0 0.32    M    M 12.7 33 280   M    M   5 1      44 280
14  45  24  35  -3  30   0 0.24    M    M  6.4 22 330   M    M   7 12     29 320
15  42  22  32  -7  33   0 0.00    M    M  7.2 18 220   M    M   6        25 210
16  53  21  37  -2  28   0 0.00    M    M  6.2 20 100   M    M   2        26 100
17  52  34  43   4  22   0 0.08    M    M  8.5 26 310   M    M   7        32 250
18  54  32  43   4  22   0 0.09    M    M  5.9 24 300   M    M   6 3      31 320
19  57  30  44   4  21   0 0.00    M    M  4.7 13 330   M    M   2        17 340
20  52  27  40   0  25   0 0.17    M    M  7.2 24 310   M    M   6 1      31 310
21  46  31  39  -1  26   0    T    M    M  8.9 20 340   M    M   9        26 340
22  59  27  43   3  22   0 0.00    M    M  8.1 24 170   M    M   2        31 170
23  54  37  46   5  19   0    T    M    M  4.6 31 300   M    M   8        38 300
24  50  32  41   0  24   0 0.69    M    M  4.8 15 310   M    M   7 1      20 290
25  51  33  42   1  23   0 0.01    M    M  8.4 21 320   M    M   9 1      25 320
26  48  32  40  -2  25   0 0.11    M    M  4.3 20 310   M    M   9 18     29 310
27  44  30  37  -5  28   0    T    M    M 12.1 23 340   M    M   6 1      31  20
28  47  27  37  -5  28   0 0.00    M    M  6.9 17  10   M    M   7        25 310
================================================================================
SM 1429  773       713   0  2.02    M    206.3          M      157
================================================================================
AV 51.0 27.6                               7.4 FASTST   M    M   6    MAX(MPH)
                                 MISC ---->  # 39 170               # 47  180
================================================================================
NOTES:
# LAST OF SEVERAL OCCURRENCES

COLUMN 17 PEAK WIND IN M.P.H.

PRELIMINARY LOCAL CLIMATOLOGICAL DATA (WS FORM: F-6) , PAGE 2

                                          STATION:  BUTTE MT
                                          MONTH:    APRIL
                                          YEAR:     2017
                                          LATITUDE:   45 57 N
                                          LONGITUDE: 112 30 W

[TEMPERATURE DATA]      [PRECIPITATION DATA]       SYMBOLS USED IN COLUMN 16

AVERAGE MONTHLY: 39.3   TOTAL FOR MONTH:   2.02    1 = FOG OR MIST
DPTR FM NORMAL:   0.6   DPTR FM NORMAL:    0.94    2 = FOG REDUCING VISIBILITY
HIGHEST:    66 ON 13    GRTST 24HR  0.70 ON 24-25      TO 1/4 MILE OR LESS
LOWEST:     19 ON 10, 3                            3 = THUNDER
                        SNOW, ICE PELLETS, HAIL    4 = ICE PELLETS
                        TOTAL MONTH:    M          5 = HAIL
                        GRTST 24HR    M  ON   M    6 = FREEZING RAIN OR DRIZZLE
                        GRTST DEPTH:  M  ON   M    7 = DUSTSTORM OR SANDSTORM:
                                                       VSBY 1/2 MILE OR LESS
                                                   8 = SMOKE OR HAZE
[NO. OF DAYS WITH]      [WEATHER - DAYS WITH]      9 = BLOWING SNOW
                                                   X = TORNADO
MAX 32 OR BELOW:   0    0.01 INCH OR MORE:  11
MAX 90 OR ABOVE:   0    0.10 INCH OR MORE:   6
MIN 32 OR BELOW:  24    0.50 INCH OR MORE:   1
MIN  0 OR BELOW:   0    1.00 INCH OR MORE:   0

[HDD (BASE 65) ]
TOTAL THIS MO.   713    CLEAR  (SCALE 0-3)   6
DPTR FM NORMAL   -23    PTCLDY (SCALE 4-7)  19
TOTAL FM JUL 1  8338    CLOUDY (SCALE 8-10)  3
DPTR FM NORMAL    -9

[CDD (BASE 65) ]
TOTAL THIS MO.     0
DPTR FM NORMAL     0    [PRESSURE DATA]
TOTAL FM JAN 1     0    HIGHEST SLP M ON M
DPTR FM NORMAL     0    LOWEST  SLP 29.50 ON  7

[REMARKS]
