000
CXAK56 PAFG 221332
CF6BTT
PRELIMINARY LOCAL CLIMATOLOGICAL DATA (WS FORM: F-6)

                                          STATION:   BETTLES AK
                                          MONTH:     JUNE
                                          YEAR:      2017
                                          LATITUDE:   66 55 N
                                          LONGITUDE: 151 31 W

  TEMPERATURE IN F:       :PCPN:    SNOW:  WIND      :SUNSHINE: SKY     :PK WND
================================================================================
1   2   3   4   5  6A  6B    7    8   9   10  11  12  13   14  15   16   17  18
                                     12Z  AVG MX 2MIN
DY MAX MIN AVG DEP HDD CDD  WTR  SNW DPTH SPD SPD DIR MIN PSBL S-S WX    SPD DR
================================================================================

 1  69  34  52  -1  13   0 0.00  0.0    0  3.9 12 150   M    M   4        17  20
 2  71  40  56   2   9   0 0.00  0.0    0  4.3 12  40   M    M   4        14  50
 3  74  41  58   4   7   0 0.00  0.0    0  3.5 13 110   M    M   4        19  50
 4  78  36  57   2   8   0 0.00  0.0    0  1.8  9  30   M    M   4        15  40
 5  77  48  63   8   2   0    T  0.0    0  4.4 17 100   M    M   4        26 110
 6  77  46  62   6   3   0    T  0.0    0  4.0 10  50   M    M   3        16 350
 7  78  53  66  10   0   1 0.00  0.0    0  7.4 15  50   M    M   5        24  80
 8  75  60  68  12   0   3    T  0.0    0  8.6 20  30   M    M   8        30  40
 9  79  64  72  15   0   7 0.00  0.0    0  8.3 15  40   M    M   8        23  50
10  68  53  61   4   4   0 0.02  0.0    0  6.0 12  50   M    M  10        18  70
11  65  48  57  -1   8   0 0.05  0.0    0  4.0  9 310   M    M   9        16  40
12  70  44  57  -1   8   0 0.00  0.0    0  6.3 20 120   M    M   3        28 130
13  67  43  55  -3  10   0 0.00  0.0    0  2.9 10 140   M    M   3        16 200
14  72  46  59   0   6   0 0.00  0.0    0  3.0 12 180   M    M   5        18 180
15  75  48  62   3   3   0 0.00  0.0    0  5.0 18 250   M    M   5        25 260
16  69  44  57  -2   8   0 0.05    T    0  3.8 20 270   M    M   7 35     26 270
17  64  40  52  -8  13   0    T  0.0    0  5.6 16 240   M    M   7 13     21 200
18  73  47  60   0   5   0    T  0.0    0  5.7 14 160   M    M   7        19 170
19  73  42  58  -2   7   0 0.00  0.0    0  2.2  9 290   M    M   6        14 120
20  71  53  62   2   3   0 0.08  0.0    0  4.4 16 240   M    M   7 1      22 240
21  75  43  59  -1   6   0 0.00  0.0    0  8.0 17 250   M    M   3        23 220
================================================================================
SM 1520  973       123  11  0.20    T    103.1          M      116
================================================================================
AV 72.4 46.3                               4.9 FASTST   M    M   6    MAX(MPH)
                                 MISC ---->  # 20  30               # 30   40
================================================================================
NOTES:
# LAST OF SEVERAL OCCURRENCES

COLUMN 17 PEAK WIND IN M.P.H.

PRELIMINARY LOCAL CLIMATOLOGICAL DATA (WS FORM: F-6) , PAGE 2

                                          STATION:  BETTLES AK
                                          MONTH:    JUNE
                                          YEAR:     2017
                                          LATITUDE:   66 55 N
                                          LONGITUDE: 151 31 W

[TEMPERATURE DATA]      [PRECIPITATION DATA]       SYMBOLS USED IN COLUMN 16

AVERAGE MONTHLY: 59.4   TOTAL FOR MONTH:   0.20    1 = FOG OR MIST
DPTR FM NORMAL:   2.0   DPTR FM NORMAL:   -0.75    2 = FOG REDUCING VISIBILITY
HIGHEST:    79 ON  9    GRTST 24HR  0.08 ON 20-20      TO 1/4 MILE OR LESS
LOWEST:     34 ON  1                               3 = THUNDER
                        SNOW, ICE PELLETS, HAIL    4 = ICE PELLETS
                        TOTAL MONTH:    T          5 = HAIL
                        GRTST 24HR    T  ON 16-16  6 = FREEZING RAIN OR DRIZZLE
                        GRTST DEPTH:   0           7 = DUSTSTORM OR SANDSTORM:
                                                       VSBY 1/2 MILE OR LESS
                                                   8 = SMOKE OR HAZE
[NO. OF DAYS WITH]      [WEATHER - DAYS WITH]      9 = BLOWING SNOW
                                                   X = TORNADO
MAX 32 OR BELOW:   0    0.01 INCH OR MORE:   4
MAX 90 OR ABOVE:   0    0.10 INCH OR MORE:   0
MIN 32 OR BELOW:   0    0.50 INCH OR MORE:   0
MIN  0 OR BELOW:   0    1.00 INCH OR MORE:   0

[HDD (BASE 65) ]
TOTAL THIS MO.   123    CLEAR  (SCALE 0-3)   1
DPTR FM NORMAL   -44    PTCLDY (SCALE 4-7)  16
TOTAL FM JUL 1 14907    CLOUDY (SCALE 8-10)  4
DPTR FM NORMAL  -226

[CDD (BASE 65) ]
TOTAL THIS MO.    11
DPTR FM NORMAL     7    [PRESSURE DATA]
TOTAL FM JAN 1    11    HIGHEST SLP M ON M
DPTR FM NORMAL     6    LOWEST  SLP 29.65 ON 16

[REMARKS]
