000
CXUS55 KLOX 291655
CF6BUR
PRELIMINARY LOCAL CLIMATOLOGICAL DATA (WS FORM: F-6)

                                          STATION:   BOB HOPE AIRPORT (BURBANK) CA
                                          MONTH:     JUNE
                                          YEAR:      2015
                                          LATITUDE:   34 12 N
                                          LONGITUDE: 118 22 W

  TEMPERATURE IN F:       :PCPN:    SNOW:  WIND      :SUNSHINE: SKY     :PK WND
================================================================================
1   2   3   4   5  6A  6B    7    8   9   10  11  12  13   14  15   16   17  18
                                     12Z  AVG MX 2MIN
DY MAX MIN AVG DEP HDD CDD  WTR  SNW DPTH SPD SPD DIR MIN PSBL S-S WX    SPD DR
================================================================================

 1  79  58  69   2   0   4 0.00  0.0    0  6.4 14 170   M    M   3 18     18 190
 2  77  59  68   1   0   3 0.00  0.0    0  7.1 14 190   M    M   0        22 190
 3  75  60  68   1   0   3    T  0.0    0  6.0 12 190   M    M   8 18     16 120
 4  69  60  65  -2   0   0    T  0.0    0  4.7 14 150   M    M   7        16 150
 5  74  59  67  -1   0   2 0.00  0.0    0  6.1 15 160   M    M   5        22 160
 6  74  57  66  -2   0   1 0.00  0.0    0  5.7 13 110   M    M   1        16 170
 7  89  58  74   6   0   9 0.00  0.0    0  4.9 14 110   M    M   0        21 110
 8 102  63  83  15   0  18 0.00  0.0    0  5.5 17 120   M    M   0        22 120
 9  86  68  77   9   0  12 0.03  0.0    M  7.2 20 270   M    M   7        24 270
10  77  63  70   2   0   5 0.00  0.0    0  6.8 12 120   M    M   6 18     16 120
11  77  61  69   1   0   4 0.00  0.0    0  4.5 12 180   M    M   6 18     16 120
12  76  63  70   1   0   5 0.00  0.0    0  5.7 13 180   M    M   6 18     17 190
13  75  63  69   0   0   4 0.00  0.0    0  4.5 12 180   M    M   6 18     16 150
14  83  63  73   4   0   8 0.00  0.0    0  5.4 14 180   M    M   4 8      29 190
15  87  62  75   6   0  10 0.00  0.0    0  6.0 14 180   M    M   3 18      M  M
16  87  62  75   5   0  10 0.00  0.0    0  6.6 14 100   M    M   0        22 220
17  87  61  74   4   0   9 0.00  0.0    0  6.9 15 120   M    M   2 18      M  M
18  93  62  78   8   0  13 0.00  0.0    0  5.0 14 180   M    M   0 8      17 100
19  92  64  78   8   0  13 0.00  0.0    0  5.4 13 160   M    M   0        22 210
20  92  64  78   8   0  13 0.00  0.0    0  6.1 15 180   M    M   0        17 180
21  85  65  75   4   0  10 0.00  0.0    0  6.4 14 200   M    M   0 18     22 110
22  87  65  76   5   0  11 0.00  0.0    0  6.1 14 180   M    M   0        20 130
23  90  65  78   7   0  13 0.00  0.0    0  5.1 13 140   M    M   0        18  80
24  88  65  77   6   0  12 0.00  0.0    0  6.0 14 170   M    M   0        18 160
25  89  65  77   5   0  12 0.00  0.0    0  5.9 14 190   M    M   0        18 100
26  91  63  77   5   0  12 0.00  0.0    0  6.5 14 180   M    M   0 8       M  M
27  82  64  73   1   0   8    T  0.0    0  4.0 20 340   M    M   1        22 330
28  97  72  85  13   0  20 0.00  0.0    0  5.3 13 120   M    M   0        16  80
================================================================================
SM 2360 1754         0 244  0.03     0.0 161.9          M       65
================================================================================
AV 84.3 62.6                               5.8 FASTST   M    M   2    MAX(MPH)
                                 MISC ---->    20   M               # 29  190
================================================================================
NOTES:
# LAST OF SEVERAL OCCURRENCES

COLUMN 17 PEAK WIND IN M.P.H.

PRELIMINARY LOCAL CLIMATOLOGICAL DATA (WS FORM: F-6) , PAGE 2

                                          STATION:  BOB HOPE AIRPORT (BURBANK) CA
                                          MONTH:    JUNE
                                          YEAR:     2015
                                          LATITUDE:   34 12 N
                                          LONGITUDE: 118 22 W

[TEMPERATURE DATA]      [PRECIPITATION DATA]       SYMBOLS USED IN COLUMN 16

AVERAGE MONTHLY: 73.5   TOTAL FOR MONTH:   0.03    1 = FOG OR MIST
DPTR FM NORMAL:   4.1   DPTR FM NORMAL:   -0.08    2 = FOG REDUCING VISIBILITY
HIGHEST:   102 ON  8    GRTST 24HR  0.03 ON  9- 9      TO 1/4 MILE OR LESS
LOWEST:     57 ON  6                               3 = THUNDER
                        SNOW, ICE PELLETS, HAIL    4 = ICE PELLETS
                        TOTAL MONTH:   0.0 INCH    5 = HAIL
                        GRTST 24HR     0.0         6 = FREEZING RAIN OR DRIZZLE
                        GRTST DEPTH:   0           7 = DUSTSTORM OR SANDSTORM:
                                                       VSBY 1/2 MILE OR LESS
                                                   8 = SMOKE OR HAZE
[NO. OF DAYS WITH]      [WEATHER - DAYS WITH]      9 = BLOWING SNOW
                                                   X = TORNADO
MAX 32 OR BELOW:   0    0.01 INCH OR MORE:   1
MAX 90 OR ABOVE:   7    0.10 INCH OR MORE:   0
MIN 32 OR BELOW:   0    0.50 INCH OR MORE:   0
MIN  0 OR BELOW:   0    1.00 INCH OR MORE:   0

[HDD (BASE 65) ]
TOTAL THIS MO.     0    CLEAR  (SCALE 0-3)  17
DPTR FM NORMAL   -11    PTCLDY (SCALE 4-7)  11
TOTAL FM JUL 1   734    CLOUDY (SCALE 8-10)  0
DPTR FM NORMAL  -833

[CDD (BASE 65) ]
TOTAL THIS MO.   244
DPTR FM NORMAL   111    [PRESSURE DATA]
TOTAL FM JAN 1   511    HIGHEST SLP M ON M
DPTR FM NORMAL   254    LOWEST  SLP 29.70 ON 14

[REMARKS]
