000
CXUS54 KTSA 280840
CF6BVO
PRELIMINARY LOCAL CLIMATOLOGICAL DATA (WS FORM: F-6)

                                          STATION:   BARTLESVILLE OKLAHOMA
                                          MONTH:     MAY
                                          YEAR:      2016
                                          LATITUDE:   36 45 N
                                          LONGITUDE:  96  0 W

  TEMPERATURE IN F:       :PCPN:    SNOW:  WIND      :SUNSHINE: SKY     :PK WND
================================================================================
1   2   3   4   5  6A  6B    7    8   9   10  11  12  13   14  15   16   17  18
                                     12Z  AVG MX 2MIN
DY MAX MIN AVG DEP HDD CDD  WTR  SNW DPTH SPD SPD DIR MIN PSBL S-S WX    SPD DR
================================================================================

 1  67  42  55  -9  10   0 0.00  0.0    0  3.0 13  10   M    M   3        17 300
 2  62  41  52 -12  13   0 0.00  0.0    0  2.3  8  20   M    M   7 1      14 270
 3  74  38  56  -8   9   0 0.00  0.0    0  2.7  9 210   M    M   2 1      13 220
 4  78  45  62  -3   3   0 0.00  0.0    0  5.7 22  10   M    M   0        30  10
 5  79  39  59  -6   6   0 0.00  0.0    0  1.7 13  10   M    M   0        18  10
 6  82  42  62  -3   3   0 0.00  0.0    0  4.5 12 140   M    M   0        16 120
 7  85  49  67   2   0   2 0.00  0.0    0  6.0 16 210   M    M   0        23 200
 8  76  53  65  -1   0   0 0.01  0.0    0  7.8 18 160   M    M   4        27 150
 9  79  52  66   0   0   1 0.46  0.0    0  9.1 21 160   M    M   4 1      30 160
10  87  48  68   2   0   3 0.00  0.0    0  3.0 13 120   M    M   1 12     18 110
11  85  66  76  10   0  11 0.00  0.0    0  6.2 16 200   M    M   3 1      22 210
12  78  49  64  -3   1   0 0.02    M    0  3.2 15  10   M    M   3        22  10
13  84  46  65  -2   0   0    T    M    0  9.1 24  20   M    M   1 1      31  30
14  63  43  53 -14  12   0 0.00  0.0    0  8.3 24  10   M    M   2        35  20
15  68  49  59  -9   6   0 0.01    M    0  3.7 13 100   M    M   8 1      18  30
16  61  54  58 -10   7   0 1.21  0.0    0  5.7 15 160   M    M  10 1      22 150
17  60  52  56 -12   9   0 1.26  0.0    0 10.3 23  80   M    M   9 1      30  80
18  69  47  58 -10   7   0 0.00  0.0    0  7.4 15  60   M    M   5        20 100
19  62  44  53 -15  12   0 0.09    M    0  1.7  8  90   M    M   6 1       9  90
20  71  51  61  -8   4   0 0.03  0.0    0  1.7  9  90   M    M   8 18     11  90
21  79  51  65  -4   0   0 0.00  0.0    0  5.3 12 100   M    M   6 1      16  80
22  83  58  71   2   0   6 0.00  0.0    0  5.9 16 130   M    M   4        22 130
23  75  65  70   0   0   5 0.04  0.0    0  8.2 24 150   M    M   5 1      31 150
24  86  66  76   6   0  11    T  0.0    0  8.6 31 140   M    M   6        48 140
25  87  63  75   5   0  10 2.63  0.0    0 10.9 29 160   M    M   5 1      37 150
26  85  72  79   9   0  14 0.00  0.0    0 11.1 22 150   M    M   6 18     32 170
27  81  60  71   0   0   6    T  0.0    0  6.5 16 130   M    M   6        23 140
================================================================================
SM 2046 1385       102  69  5.76     0.0 159.6          M      114
================================================================================
AV 75.8 51.3                               5.9 FASTST   M    M   4    MAX(MPH)
                                 MISC ---->  # 31 140               # 48  140
================================================================================
NOTES:
# LAST OF SEVERAL OCCURRENCES

COLUMN 17 PEAK WIND IN M.P.H.

PRELIMINARY LOCAL CLIMATOLOGICAL DATA (WS FORM: F-6) , PAGE 2

                                          STATION:  BARTLESVILLE OKLAHOMA
                                          MONTH:    MAY
                                          YEAR:     2016
                                          LATITUDE:   36 45 N
                                          LONGITUDE:  96  0 W

[TEMPERATURE DATA]      [PRECIPITATION DATA]       SYMBOLS USED IN COLUMN 16

AVERAGE MONTHLY: 63.5   TOTAL FOR MONTH:   5.76    1 = FOG OR MIST
DPTR FM NORMAL:  -3.7   DPTR FM NORMAL:    1.16    2 = FOG REDUCING VISIBILITY
HIGHEST:    87 ON 25,10 GRTST 24HR  2.63 ON 25-25      TO 1/4 MILE OR LESS
LOWEST:     38 ON  3                               3 = THUNDER
                        SNOW, ICE PELLETS, HAIL    4 = ICE PELLETS
                        TOTAL MONTH:   0.0 INCH    5 = HAIL
                        GRTST 24HR     0.0         6 = FREEZING RAIN OR DRIZZLE
                        GRTST DEPTH:   0           7 = DUSTSTORM OR SANDSTORM:
                                                       VSBY 1/2 MILE OR LESS
                                                   8 = SMOKE OR HAZE
[NO. OF DAYS WITH]      [WEATHER - DAYS WITH]      9 = BLOWING SNOW
                                                   X = TORNADO
MAX 32 OR BELOW:   0    0.01 INCH OR MORE:  10
MAX 90 OR ABOVE:   0    0.10 INCH OR MORE:   4
MIN 32 OR BELOW:   0    0.50 INCH OR MORE:   3
MIN  0 OR BELOW:   0    1.00 INCH OR MORE:   3

[HDD (BASE 65) ]
TOTAL THIS MO.   102    CLEAR  (SCALE 0-3)  11
DPTR FM NORMAL    51    PTCLDY (SCALE 4-7)  14
TOTAL FM JUL 1  3493    CLOUDY (SCALE 8-10)  2
DPTR FM NORMAL  -571

[CDD (BASE 65) ]
TOTAL THIS MO.    69
DPTR FM NORMAL   -40    [PRESSURE DATA]
TOTAL FM JAN 1    96    HIGHEST SLP M ON M
DPTR FM NORMAL   -58    LOWEST  SLP 29.53 ON  9

[REMARKS]
