000
CXUS53 KLMK 190800
CF6BWG
PRELIMINARY LOCAL CLIMATOLOGICAL DATA (WS FORM: F-6)

                                          STATION:   BOWLING GREEN KY
                                          MONTH:     OCTOBER
                                          YEAR:      2017
                                          LATITUDE:   36 58 N
                                          LONGITUDE:  86 26 W

  TEMPERATURE IN F:       :PCPN:    SNOW:  WIND      :SUNSHINE: SKY     :PK WND
================================================================================
1   2   3   4   5  6A  6B    7    8   9   10  11  12  13   14  15   16   17  18
                                     12Z  AVG MX 2MIN
DY MAX MIN AVG DEP HDD CDD  WTR  SNW DPTH SPD SPD DIR MIN PSBL S-S WX    SPD DR
================================================================================

 1  80  49  65   1   0   0 0.00  0.0    0  4.8 13 130   M    M   0        15 120
 2  79  51  65   1   0   0 0.00  0.0    0  4.2 13 140   M    M   4        16 140
 3  84  59  72   9   0   7 0.00  0.0    0  3.5 14 180   M    M   3        18 220
 4  83  53  68   5   0   3 0.00  0.0    0  2.1 10 250   M    M   0 1      15 220
 5  84  55  70   8   0   5 0.00  0.0    0  1.1  9 250   M    M   0 1      13 250
 6  84  54  69   7   0   4 0.00  0.0    0  4.4 14 150   M    M   0 12     19 150
 7  82  59  71   9   0   6    T  0.0    0  9.4 18 190   M    M   5        26 180
 8  79  64  72  11   0   7 0.89  0.0    0  6.9 17 190   M    M  10 1      24 200
 9  85  69  77  16   0  12 0.00  0.0    0  3.0 12 250   M    M   6 1      14 230
10  81  70  76  15   0  11 0.23  0.0    0  5.5 14 160   M    M   9 1      17 140
11  75  57  66   6   0   1 0.00  0.0    0  5.6 13 300   M    M  10 1      19 280
12  65  53  59  -1   6   0 0.00  0.0    0  2.1  9  60   M    M   9 1      11  60
13  76  47  62   2   3   0 0.00  0.0    0  1.2  6 100   M    M   1 12     11 160
14  86  53  70  11   0   5 0.00  0.0    0  6.9 16 190   M    M   2 1      22 180
15  80  55  68   9   0   3 0.17  0.0    0  9.5 26 280   M    M   7 1      34 290
16  65  44  55  -4  10   0 0.00  0.0    0  4.7 15  40   M    M   3        21  50
17  69  39  54  -4  11   0 0.00  0.0    0  1.8 12 110   M    M   0 1      15  70
18  71  39  55  -3  10   0 0.00  0.0    0  3.4 15 220   M    M   0 1      21 180
================================================================================
SM 1408  970        40  64  1.29     0.0  80.1          M       69
================================================================================
AV 78.2 53.9                               4.4 FASTST   M    M   4    MAX(MPH)
                                 MISC ---->  # 26 280               # 34  290
================================================================================
NOTES:
# LAST OF SEVERAL OCCURRENCES

COLUMN 17 PEAK WIND IN M.P.H.

PRELIMINARY LOCAL CLIMATOLOGICAL DATA (WS FORM: F-6) , PAGE 2

                                          STATION:  BOWLING GREEN KY
                                          MONTH:    OCTOBER
                                          YEAR:     2017
                                          LATITUDE:   36 58 N
                                          LONGITUDE:  86 26 W

[TEMPERATURE DATA]      [PRECIPITATION DATA]       SYMBOLS USED IN COLUMN 16

AVERAGE MONTHLY: 66.1   TOTAL FOR MONTH:   1.29    1 = FOG OR MIST
DPTR FM NORMAL:   5.2   DPTR FM NORMAL:   -0.66    2 = FOG REDUCING VISIBILITY
HIGHEST:    86 ON 14    GRTST 24HR  0.89 ON  8- 8      TO 1/4 MILE OR LESS
LOWEST:     39 ON 18,17                            3 = THUNDER
                        SNOW, ICE PELLETS, HAIL    4 = ICE PELLETS
                        TOTAL MONTH:   0.0 INCH    5 = HAIL
                        GRTST 24HR     0.0         6 = FREEZING RAIN OR DRIZZLE
                        GRTST DEPTH:   0           7 = DUSTSTORM OR SANDSTORM:
                                                       VSBY 1/2 MILE OR LESS
                                                   8 = SMOKE OR HAZE
[NO. OF DAYS WITH]      [WEATHER - DAYS WITH]      9 = BLOWING SNOW
                                                   X = TORNADO
MAX 32 OR BELOW:   0    0.01 INCH OR MORE:   3
MAX 90 OR ABOVE:   0    0.10 INCH OR MORE:   3
MIN 32 OR BELOW:   0    0.50 INCH OR MORE:   1
MIN  0 OR BELOW:   0    1.00 INCH OR MORE:   0

[HDD (BASE 65) ]
TOTAL THIS MO.    40    CLEAR  (SCALE 0-3)  10
DPTR FM NORMAL   -62    PTCLDY (SCALE 4-7)   4
TOTAL FM JUL 1    59    CLOUDY (SCALE 8-10)  4
DPTR FM NORMAL   -79

[CDD (BASE 65) ]
TOTAL THIS MO.    64
DPTR FM NORMAL    37    [PRESSURE DATA]
TOTAL FM JAN 1  1586    HIGHEST SLP M ON M
DPTR FM NORMAL   104    LOWEST  SLP 29.65 ON  8

[REMARKS]
