000
CXUS55 KRIW 250945
CF6BYG
PRELIMINARY LOCAL CLIMATOLOGICAL DATA (WS FORM: F-6)

                                          STATION:   BUFFALO WY
                                          MONTH:     SEPTEMBER
                                          YEAR:      2016
                                          LATITUDE:   44 22 N
                                          LONGITUDE: 106 43 W

  TEMPERATURE IN F:       :PCPN:    SNOW:  WIND      :SUNSHINE: SKY     :PK WND
================================================================================
1   2   3   4   5  6A  6B    7    8   9   10  11  12  13   14  15   16   17  18
                                     12Z  AVG MX 2MIN
DY MAX MIN AVG DEP HDD CDD  WTR  SNW DPTH SPD SPD DIR MIN PSBL S-S WX    SPD DR
================================================================================

 1  90  60  75  10   0  10    T  0.0    0 11.5 25 270   M    M   0 3      31 270
 2  91  63  77  12   0  12 0.00  0.0    0  7.6 21 330   M    M   1        26 330
 3  79  55  67   3   0   2 0.04  0.0    0  9.6 31 330   M    M   1 3      46 340
 4  62  51  57  -7   8   0 0.10  0.0    0  8.4 17 150   M    M   9 12     26 340
 5  65  48  57  -6   8   0 0.12    M    0 10.6 22 340   M    M   5 123    29 330
 6  78  47  63   0   2   0 0.00  0.0    0  8.8 22 110   M    M   4        27 110
 7  70  48  59  -3   6   0 0.00  0.0    0  9.6 31 350   M    M   1        39 340
 8  76  52  64   2   1   0 0.01  0.0    0 10.9 30 330   M    M   2        42 340
 9  60  44  52 -10  13   0 0.30  0.0    0 14.3 32 350   M    M   4        41 330
10  79  40  60  -1   5   0 0.00  0.0    0  6.2 17 140   M    M   0        22 150
11  86  50  68   8   0   3 0.00  0.0    0 11.5 46 320   M    M   0        60 320
12  51  38  45 -15  20   0 0.24  0.0    0 11.5 25 330   M    M  10 1      36 340
13  49  38  44 -16  21   0 0.05  0.0    0  9.5 24 160   M    M   8 1      30 170
14  72  42  57  -2   8   0 0.00  0.0    0  8.5 23 160   M    M   1        27 340
15  62  48  55  -3  10   0 0.05  0.0    0  7.6 23 320   M    M   7        29 330
16  71  45  58   0   7   0 0.00  0.0    0  7.4 14 150   M    M   2        17 180
17  78  53  66   9   0   1 0.00  0.0    0  7.1 14 270   M    M   0        29 310
18  81  53  67  10   0   2 0.05  0.0    0  6.0 16 350   M    M   3        25 350
19  78  50  64   8   1   0 0.01  0.0    0  8.0 16 150   M    M   2        21 150
20  80  47  64   8   1   0 0.00  0.0    0  8.1 23 330   M    M   0        29 320
21  60  47  54  -1  11   0 0.07    M    0 10.9 24 340   M    M   6 1      29 330
22  61  50  56   1   9   0 0.26  0.0    0 14.2 30 180   M    M   8 12     36 170
23  68  49  59   5   6   0 0.65  0.0    0  9.3 24 330   M    M  10 13     30 330
24  51  42  47  -7  18   0 1.29  0.0    0 12.3 30 330   M    M  10 1      43 340
================================================================================
SM 1698 1160       155  30  3.24     0.0 229.4          M       94
================================================================================
AV 70.8 48.3                               9.6 FASTST   M    M   4    MAX(MPH)
                                 MISC ---->  # 46 320               # 60  320
================================================================================
NOTES:
# LAST OF SEVERAL OCCURRENCES

COLUMN 17 PEAK WIND IN M.P.H.

PRELIMINARY LOCAL CLIMATOLOGICAL DATA (WS FORM: F-6) , PAGE 2

                                          STATION:  BUFFALO WY
                                          MONTH:    SEPTEMBER
                                          YEAR:     2016
                                          LATITUDE:   44 22 N
                                          LONGITUDE: 106 43 W

[TEMPERATURE DATA]      [PRECIPITATION DATA]       SYMBOLS USED IN COLUMN 16

AVERAGE MONTHLY: 59.5   TOTAL FOR MONTH:   3.24    1 = FOG OR MIST
DPTR FM NORMAL:  -0.0   DPTR FM NORMAL:    2.27    2 = FOG REDUCING VISIBILITY
HIGHEST:    91 ON  2    GRTST 24HR  1.77 ON 23-24      TO 1/4 MILE OR LESS
LOWEST:     38 ON 13,12                            3 = THUNDER
                        SNOW, ICE PELLETS, HAIL    4 = ICE PELLETS
                        TOTAL MONTH:   0.0 INCH    5 = HAIL
                        GRTST 24HR     0.0         6 = FREEZING RAIN OR DRIZZLE
                        GRTST DEPTH:   0           7 = DUSTSTORM OR SANDSTORM:
                                                       VSBY 1/2 MILE OR LESS
                                                   8 = SMOKE OR HAZE
[NO. OF DAYS WITH]      [WEATHER - DAYS WITH]      9 = BLOWING SNOW
                                                   X = TORNADO
MAX 32 OR BELOW:   0    0.01 INCH OR MORE:  14
MAX 90 OR ABOVE:   2    0.10 INCH OR MORE:   7
MIN 32 OR BELOW:   0    0.50 INCH OR MORE:   2
MIN  0 OR BELOW:   0    1.00 INCH OR MORE:   1

[HDD (BASE 65) ]
TOTAL THIS MO.   155    CLEAR  (SCALE 0-3)  13
DPTR FM NORMAL   -16    PTCLDY (SCALE 4-7)   5
TOTAL FM JUL 1   194    CLOUDY (SCALE 8-10)  6
DPTR FM NORMAL   -42

[CDD (BASE 65) ]
TOTAL THIS MO.    30
DPTR FM NORMAL   -14    [PRESSURE DATA]
TOTAL FM JAN 1   624    HIGHEST SLP M ON M
DPTR FM NORMAL   134    LOWEST  SLP 29.55 ON M

[REMARKS]
