000
CXUS54 KHGX 281415
CF6BYY
PRELIMINARY LOCAL CLIMATOLOGICAL DATA (WS FORM: F-6)

                                          STATION:   Bay City
                                          MONTH:     MARCH
                                          YEAR:      2015
                                          LATITUDE:   28 58 N
                                          LONGITUDE:  95 52 W

  TEMPERATURE IN F:       :PCPN:    SNOW:  WIND      :SUNSHINE: SKY     :PK WND
================================================================================
1   2   3   4   5  6A  6B    7    8   9   10  11  12  13   14  15   16   17  18
                                     12Z  AVG MX 2MIN
DY MAX MIN AVG DEP HDD CDD  WTR  SNW DPTH SPD SPD DIR MIN PSBL S-S WX    SPD DR
================================================================================

 1  66  51  59   M   6   0 0.20  0.0    0  6.4  9 360   M    M  10 1       M  M
 2  63  49  56   M   9   0 0.00  0.0    0  5.8 10 360   M    M  10 12      M  M
 3  79  58  69   M   0   4 0.00  0.0    0 10.4 22 180   M    M   9 12     28 180
 4  80  45  63   M   2   0 0.00  0.0    0 11.3 22 350   M    M  10 1      27 320
 5  48  39  44   M  21   0 0.07  0.0    0 17.4 24 350   M    M   7 1      36 360
 6  55  33  44   M  21   0 0.00  0.0    0  6.1 13  40   M    M   2        18  40
 7  62  45  54   M  11   0 0.00  0.0    0  3.6  8 110   M    M  10         M  M
 8  56  52  54   M  11   0 0.72  0.0    0  5.6 13  80   M    M  10 1       M  M
 9  68  55  62   M   3   0 0.80  0.0    0  8.4 15 170   M    M  10 1      23 190
10  59  54  57   M   8   0 0.00  0.0    0  7.6 10 360   M    M  10         M  M
11  59  55  57   M   8   0 0.12  0.0    0  8.7 12  10   M    M  10        16  20
12  60  56  58   M   7   0 0.16  0.0    M  8.3 14 330   M    M  10 1       M  M
13  72  58  65   M   0   0 0.01  0.0    0  5.7 13 260   M    M   7 1      17 300
14  76  56  66   M   0   1 0.00  0.0    0  3.7  8 330   M    M   2 12      M  M
15  69  56  63   M   2   0 0.00  0.0    0  4.4 12 360   M    M   2        18 320
16  74  58  66   M   0   1 0.00  0.0    0  4.0  9  70   M    M   9 1       M  M
17  81  60  71   M   0   6 0.01  0.0    0  3.5 10 170   M    M   7 12      M  M
18  79  64  72   M   0   7 0.21  0.0    0  5.0 12 160   M    M   9 12      M  M
19  81  68  75   M   0  10 0.00  0.0    0  5.8 13 160   M    M   8 12      M  M
20  80  69  75   M   0  10 0.00  0.0    0  4.3  9 150   M    M   9 1       M  M
21  70  65  68   M   0   3 2.02  0.0    0  5.4 10  80   M    M   9 1       M  M
22  75  62  69   M   0   4 0.00  0.0    0  5.8 10 320   M    M   7         M  M
23  78  57  68   M   0   3 0.00  0.0    0  3.9 10 180   M    M   0 1       M  M
24  76  55  66   M   0   1 0.00  0.0    0  5.2  9 170   M    M   2 12      M  M
25  77  58  68   M   0   3 0.00  0.0    0  5.8 14 160   M    M   6 12     20 140
26  70  58  64   M   1   0 0.36  0.0    0  9.9 23 350   M    M   5 1      29 320
27  77  46  62   M   3   0 0.00  0.0    0  5.7 12 290   M    M   0         M  M
================================================================================
SM 1890 1482       113  53  4.68     0.0 177.7          M      190
================================================================================
AV 70.0 54.9                               6.6 FASTST   M    M   7    MAX(MPH)
                                 MISC ---->    24   M                 36    M
================================================================================
NOTES:
# LAST OF SEVERAL OCCURRENCES

COLUMN 17 PEAK WIND IN M.P.H.

PRELIMINARY LOCAL CLIMATOLOGICAL DATA (WS FORM: F-6) , PAGE 2

                                          STATION:  Bay City
                                          MONTH:    MARCH
                                          YEAR:     2015
                                          LATITUDE:   28 58 N
                                          LONGITUDE:  95 52 W

[TEMPERATURE DATA]      [PRECIPITATION DATA]       SYMBOLS USED IN COLUMN 16

AVERAGE MONTHLY: 62.4   TOTAL FOR MONTH:   4.68    1 = FOG OR MIST
DPTR FM NORMAL:     M   DPTR FM NORMAL:       M    2 = FOG REDUCING VISIBILITY
HIGHEST:    81 ON 19,17 GRTST 24HR  2.02 ON 21-21      TO 1/4 MILE OR LESS
LOWEST:     33 ON  6                               3 = THUNDER
                        SNOW, ICE PELLETS, HAIL    4 = ICE PELLETS
                        TOTAL MONTH:   0.0 INCH    5 = HAIL
                        GRTST 24HR     0.0         6 = FREEZING RAIN OR DRIZZLE
                        GRTST DEPTH:   0           7 = DUSTSTORM OR SANDSTORM:
                                                       VSBY 1/2 MILE OR LESS
                                                   8 = SMOKE OR HAZE
[NO. OF DAYS WITH]      [WEATHER - DAYS WITH]      9 = BLOWING SNOW
                                                   X = TORNADO
MAX 32 OR BELOW:   0    0.01 INCH OR MORE:  11
MAX 90 OR ABOVE:   0    0.10 INCH OR MORE:   8
MIN 32 OR BELOW:   0    0.50 INCH OR MORE:   3
MIN  0 OR BELOW:   0    1.00 INCH OR MORE:   1

[HDD (BASE 65) ]
TOTAL THIS MO.   113    CLEAR  (SCALE 0-3)   6
DPTR FM NORMAL     M    PTCLDY (SCALE 4-7)   6
TOTAL FM JUL 1  1231    CLOUDY (SCALE 8-10) 15
DPTR FM NORMAL     M

[CDD (BASE 65) ]
TOTAL THIS MO.    53
DPTR FM NORMAL     M    [PRESSURE DATA]
TOTAL FM JAN 1    64    HIGHEST SLP M ON M
DPTR FM NORMAL     M    LOWEST  SLP M ON M

[REMARKS]
