000
CXUS55 KABQ 301000
CF6CAO
PRELIMINARY LOCAL CLIMATOLOGICAL DATA (WS FORM: F-6)

                                          STATION:   CLAYTON  NM
                                          MONTH:     OCTOBER
                                          YEAR:      2014
                                          LATITUDE:   36 27 N
                                          LONGITUDE: 103  9 W

  TEMPERATURE IN F:       :PCPN:    SNOW:  WIND      :SUNSHINE: SKY     :PK WND
================================================================================
1   2   3   4   5  6A  6B    7    8   9   10  11  12  13   14  15   16   17  18
                                     12Z  AVG MX 2MIN
DY MAX MIN AVG DEP HDD CDD  WTR  SNW DPTH SPD SPD DIR MIN PSBL S-S WX    SPD DR
================================================================================

 1  76  51  64   4   1   0 0.00  0.0    0 12.5 23 190   M    M   1        28 190
 2  68  45  57  -2   8   0    T  0.0    0 13.6 29 350   M    M   3        37 350
 3  60  40  50  -9  15   0 0.00  0.0    0 11.2 29  10   M    M   2        38  10
 4  74  41  58   0   7   0 0.00  0.0    0  8.0 14  40   M    M   0        17 110
 5  77  47  62   4   3   0 0.00  0.0    0  8.1 16  50   M    M   0        22  40
 6  83  42  63   5   2   0 0.00  0.0    0  6.8 14 170   M    M   0        19 360
 7  82  54  68  10   0   3 0.00  0.0    0 10.2 21 360   M    M   0        25  10
 8  80  48  64   7   1   0 0.00  0.0    0  7.4 22 180   M    M   1        29 180
 9  72  54  63   6   2   0 0.41  0.0    0 10.3 28 350   M    M   7 13     34 350
10  55  45  50  -6  15   0 0.03  0.0    0 15.8 26  10   M    M  10 1      33  10
11  62  45  54  -2  11   0 0.00  0.0    0 11.5 21 200   M    M   5        26 200
12  76  43  60   4   5   0 0.12  0.0    0 19.6 41 360   M    M   3 3      51 360
13  60  41  51  -5  14   0 0.01  0.0    0 19.5 41 350   M    M   1        56 350
14  73  38  56   1   9   0 0.00  0.0    0  7.4 15 270   M    M   0        18 270
15  83  45  64   9   1   0 0.00  0.0    0 13.7 28 200   M    M   0        34 200
16  80  54  67  12   0   2 0.00  0.0    0 11.7 22 350   M    M   0        27 330
17  66  43  55   1  10   0 0.00  0.0    0  6.5 14 130   M    M   0        18  50
18  53  43  48  -6  17   0 0.09  0.0    0  9.3 17 200   M    M   5 1      22 220
19  75  46  61   7   4   0 0.00  0.0    0 11.5 23 220   M    M   0        29 230
20  72  47  60   6   5   0 0.00  0.0    0  7.5 15  50   M    M   0        19  50
21  73  49  61   8   4   0 0.00  0.0    0 13.0 28 180   M    M   1        32 190
22  76  52  64  11   1   0 0.00  0.0    0  9.2 21 200   M    M   2 1      25 200
23  76  49  63  10   2   0 0.00  0.0    0  8.3 20  30   M    M   0        23  40
24  84  52  68  16   0   3 0.00  0.0    0  9.8 18 200   M    M   0        24 190
25  86  51  69  17   0   4 0.00  0.0    0 11.5 23 190   M    M   0        29 180
26  84  51  68  16   0   3 0.00  0.0    0 13.4 28 230   M    M   0        36 250
27  61  37  49  -3  16   0 0.00  0.0    0 13.6 25  30   M    M   0        31  30
28  60  32  46  -5  19   0 0.00  0.0    0  9.0 23 210   M    M   0        29 220
29  72  38  55   4  10   0 0.00  0.0    0 10.2 20 190   M    M   0        23 180
================================================================================
SM 2099 1323       182  15  0.66     0.0 320.1          M       41
================================================================================
AV 72.4 45.6                              11.0 FASTST   M    M   1    MAX(MPH)
                                 MISC ---->  # 41 360               # 56  350
================================================================================
NOTES:
# LAST OF SEVERAL OCCURRENCES

COLUMN 17 PEAK WIND IN M.P.H.

PRELIMINARY LOCAL CLIMATOLOGICAL DATA (WS FORM: F-6) , PAGE 2

                                          STATION:  CLAYTON  NM
                                          MONTH:    OCTOBER
                                          YEAR:     2014
                                          LATITUDE:   36 27 N
                                          LONGITUDE: 103  9 W

[TEMPERATURE DATA]      [PRECIPITATION DATA]       SYMBOLS USED IN COLUMN 16

AVERAGE MONTHLY: 59.0   TOTAL FOR MONTH:   0.66    1 = FOG OR MIST
DPTR FM NORMAL:   3.9   DPTR FM NORMAL:   -0.39    2 = FOG REDUCING VISIBILITY
HIGHEST:    86 ON 25    GRTST 24HR  0.43 ON  9-10      TO 1/4 MILE OR LESS
LOWEST:     32 ON 28                               3 = THUNDER
                        SNOW, ICE PELLETS, HAIL    4 = ICE PELLETS
                        TOTAL MONTH:   0.0 INCH    5 = HAIL
                        GRTST 24HR     0.0         6 = FREEZING RAIN OR DRIZZLE
                        GRTST DEPTH:   0           7 = DUSTSTORM OR SANDSTORM:
                                                       VSBY 1/2 MILE OR LESS
                                                   8 = SMOKE OR HAZE
[NO. OF DAYS WITH]      [WEATHER - DAYS WITH]      9 = BLOWING SNOW
                                                   X = TORNADO
MAX 32 OR BELOW:   0    0.01 INCH OR MORE:   5
MAX 90 OR ABOVE:   0    0.10 INCH OR MORE:   2
MIN 32 OR BELOW:   1    0.50 INCH OR MORE:   0
MIN  0 OR BELOW:   0    1.00 INCH OR MORE:   0

[HDD (BASE 65) ]
TOTAL THIS MO.   182    CLEAR  (SCALE 0-3)  24
DPTR FM NORMAL  -115    PTCLDY (SCALE 4-7)   4
TOTAL FM JUL 1   229    CLOUDY (SCALE 8-10)  1
DPTR FM NORMAL  -152

[CDD (BASE 65) ]
TOTAL THIS MO.    15
DPTR FM NORMAL     9    [PRESSURE DATA]
TOTAL FM JAN 1  1130    HIGHEST SLP M ON M
DPTR FM NORMAL   225    LOWEST  SLP 29.57 ON 12

[REMARKS]
