000
CXUS55 KABQ 231000
CF6CAO
PRELIMINARY LOCAL CLIMATOLOGICAL DATA (WS FORM: F-6)

                                          STATION:   CLAYTON  NM
                                          MONTH:     MAY
                                          YEAR:      2015
                                          LATITUDE:   36 27 N
                                          LONGITUDE: 103  9 W

  TEMPERATURE IN F:       :PCPN:    SNOW:  WIND      :SUNSHINE: SKY     :PK WND
================================================================================
1   2   3   4   5  6A  6B    7    8   9   10  11  12  13   14  15   16   17  18
                                     12Z  AVG MX 2MIN
DY MAX MIN AVG DEP HDD CDD  WTR  SNW DPTH SPD SPD DIR MIN PSBL S-S WX    SPD DR
================================================================================

 1  75  47  61   4   4   0 0.02  0.0    0 11.5 28 360   M    M   3        35 340
 2  83  52  68  11   0   3 0.19  0.0    0 12.7 26 250   M    M   1 3      35 220
 3  81  48  65   7   0   0 0.17  0.0    0  9.5 28 230   M    M   3 3      38 250
 4  73  52  63   5   2   0 0.15  0.0    0  8.1 40 130   M    M   5 13     48 130
 5  64  48  56  -2   9   0 0.35  0.0    0  9.3 29 210   M    M   7 13     35 190
 6  77  47  62   4   3   0 0.00  0.0    0 14.9 29 240   M    M   1        39 210
 7  78  48  63   4   2   0 0.00  0.0    0  8.4 17  50   M    M   1        24 170
 8  68  49  59   0   6   0 0.02  0.0    0 14.7 25 130   M    M   7 12     30 130
 9  71  45  58  -1   7   0 0.59  0.0    0 16.3 41 210   M    M   5 123    52 240
10  61  36  49 -11  16   0 0.01  0.0    0 12.9 25 350   M    M   2        32 360
11  62  34  48 -12  17   0 0.00  0.0    0  8.4 21 160   M    M   3        27 160
12  68  43  56  -4   9   0 0.00  0.0    0 20.5 31 180   M    M   4        38 180
13  57  48  53  -8  12   0 0.60  0.0    0 10.6 25 180   M    M   9 12     32 170
14  77  47  62   1   3   0 0.04  0.0    0 12.8 33 180   M    M   1 13     44 170
15  74  48  61   0   4   0 0.33  0.0    0 16.9 43 190   M    M   4 13     51 180
16  67  46  57  -5   8   0    T  0.0    0 16.0 40 260   M    M   2        53 250
17  72  44  58  -4   7   0 0.00  0.0    0  9.7 21 170   M    M   0        26 170
18  66  48  57  -5   8   0 0.16  0.0    0 17.7 35  80   M    M   5 13     41  80
19  56  42  49 -13  16   0 2.83  0.0    0 17.0 33 310   M    M   9 123    41 320
20  56  38  47 -16  18   0    T  0.0    0 11.7 17  20   M    M  10 12     20 360
21  49  42  46 -17  19   0 0.24  0.0    0 10.4 18 160   M    M  10 12     22 160
22  68  46  57  -6   8   0 0.01  0.0    0 19.3 28 200   M    M   6 1      35 180
================================================================================
SM 1503  998       178   3  5.71     0.0 289.3          M       98
================================================================================
AV 68.3 45.4                              13.1 FASTST   M    M   4    MAX(MPH)
                                 MISC ---->  # 43 190               # 53  250
================================================================================
NOTES:
# LAST OF SEVERAL OCCURRENCES

COLUMN 17 PEAK WIND IN M.P.H.

PRELIMINARY LOCAL CLIMATOLOGICAL DATA (WS FORM: F-6) , PAGE 2

                                          STATION:  CLAYTON  NM
                                          MONTH:    MAY
                                          YEAR:     2015
                                          LATITUDE:   36 27 N
                                          LONGITUDE: 103  9 W

[TEMPERATURE DATA]      [PRECIPITATION DATA]       SYMBOLS USED IN COLUMN 16

AVERAGE MONTHLY: 56.8   TOTAL FOR MONTH:   5.71    1 = FOG OR MIST
DPTR FM NORMAL:  -3.3   DPTR FM NORMAL:    4.47    2 = FOG REDUCING VISIBILITY
HIGHEST:    83 ON  2    GRTST 24HR  2.99 ON 18-19      TO 1/4 MILE OR LESS
LOWEST:     34 ON 11                               3 = THUNDER
                        SNOW, ICE PELLETS, HAIL    4 = ICE PELLETS
                        TOTAL MONTH:   0.0 INCH    5 = HAIL
                        GRTST 24HR     0.0         6 = FREEZING RAIN OR DRIZZLE
                        GRTST DEPTH:   0           7 = DUSTSTORM OR SANDSTORM:
                                                       VSBY 1/2 MILE OR LESS
                                                   8 = SMOKE OR HAZE
[NO. OF DAYS WITH]      [WEATHER - DAYS WITH]      9 = BLOWING SNOW
                                                   X = TORNADO
MAX 32 OR BELOW:   0    0.01 INCH OR MORE:  15
MAX 90 OR ABOVE:   0    0.10 INCH OR MORE:  10
MIN 32 OR BELOW:   0    0.50 INCH OR MORE:   3
MIN  0 OR BELOW:   0    1.00 INCH OR MORE:   1

[HDD (BASE 65) ]
TOTAL THIS MO.   178    CLEAR  (SCALE 0-3)   9
DPTR FM NORMAL    49    PTCLDY (SCALE 4-7)   9
TOTAL FM JUL 1  4440    CLOUDY (SCALE 8-10)  4
DPTR FM NORMAL  -395

[CDD (BASE 65) ]
TOTAL THIS MO.     3
DPTR FM NORMAL   -22    [PRESSURE DATA]
TOTAL FM JAN 1     3    HIGHEST SLP M ON M
DPTR FM NORMAL   -28    LOWEST  SLP 29.59 ON  8

[REMARKS]
