000
CXUS55 KABQ 261000
CF6CAO
PRELIMINARY LOCAL CLIMATOLOGICAL DATA (WS FORM: F-6)

                                          STATION:   CLAYTON  NM
                                          MONTH:     JULY
                                          YEAR:      2017
                                          LATITUDE:   36 27 N
                                          LONGITUDE: 103  9 W

  TEMPERATURE IN F:       :PCPN:    SNOW:  WIND      :SUNSHINE: SKY     :PK WND
================================================================================
1   2   3   4   5  6A  6B    7    8   9   10  11  12  13   14  15   16   17  18
                                     12Z  AVG MX 2MIN
DY MAX MIN AVG DEP HDD CDD  WTR  SNW DPTH SPD SPD DIR MIN PSBL S-S WX    SPD DR
================================================================================

 1  85  53  69  -5   0   4 0.00  0.0    0 11.2 25 280   M    M   5        34 190
 2  94  57  76   2   0  11 0.06  0.0    0 14.1 32 320   M    M   0 3      39 320
 3  91  58  75   1   0  10 0.00  0.0    0  9.1 23 180   M    M   0        27 190
 4  92  52  72  -2   0   7 0.22  0.0    0 10.7 38 310   M    M   1 13     49 310
 5  91  57  74   0   0   9 0.00  0.0    0  7.1 16  80   M    M   1        23 250
 6  94  61  78   3   0  13 0.00  0.0    0  8.3 20 130   M    M   0        24  80
 7  92  64  78   3   0  13 0.00  0.0    0 10.4 29 320   M    M   0        35 310
 8  88  56  72  -3   0   7 0.05  0.0    0 10.1 26 290   M    M   1 3      34 280
 9  92  60  76   1   0  11 0.00  0.0    0  7.3 22 270   M    M   1        25 260
10  94  62  78   3   0  13 0.00  0.0    0 11.8 22 180   M    M   0        39 220
11  96  64  80   5   0  15 0.00  0.0    0 15.4 29 200   M    M   0        37 180
12  93  63  78   3   0  13 0.00  0.0    0 12.3 24 160   M    M   1        33 160
13  89  59  74  -1   0   9 0.00  0.0    0  8.9 29 300   M    M   2 3      36 310
14  84  61  73  -2   0   8    T  0.0    0  7.2 21 190   M    M   8 3      26 190
15  89  61  75   0   0  10    T  0.0    0  9.5 22  70   M    M   4 3      27 100
16  89  60  75   0   0  10 0.02  0.0    0 10.7 30 130   M    M   4        39 140
17  97  62  80   5   0  15 0.00  0.0    0 12.1 29 210   M    M   1        36 210
18  98  63  81   6   0  16 0.00  0.0    0 12.7 26 160   M    M   1        33 210
19  95  68  82   7   0  17 0.00  0.0    0 13.8 25 190   M    M   1        31 170
20  95  66  81   6   0  16 0.00  0.0    0 13.4 22 170   M    M   0        32 190
21  96  66  81   6   0  16 0.00  0.0    0 12.5 22 160   M    M   0        29 150
22  93  64  79   4   0  14 0.00  0.0    0 11.1 25 320   M    M   0        31 310
23  88  63  76   1   0  11 0.02  0.0    0 11.6 23  40   M    M   3        28  40
24  90  59  75   0   0  10 0.00  0.0    0  9.1 31 130   M    M   1        40 170
25  97  63  80   5   0  15 0.00  0.0    0 14.4 28 200   M    M   1        38 180
================================================================================
SM 2302 1522         0 293  0.37     0.0 274.8          M       36
================================================================================
AV 92.1 60.9                              11.0 FASTST   M    M   1    MAX(MPH)
                                 MISC ---->  # 38 310               # 49  310
================================================================================
NOTES:
# LAST OF SEVERAL OCCURRENCES

COLUMN 17 PEAK WIND IN M.P.H.

PRELIMINARY LOCAL CLIMATOLOGICAL DATA (WS FORM: F-6) , PAGE 2

                                          STATION:  CLAYTON  NM
                                          MONTH:    JULY
                                          YEAR:     2017
                                          LATITUDE:   36 27 N
                                          LONGITUDE: 103  9 W

[TEMPERATURE DATA]      [PRECIPITATION DATA]       SYMBOLS USED IN COLUMN 16

AVERAGE MONTHLY: 76.5   TOTAL FOR MONTH:   0.37    1 = FOG OR MIST
DPTR FM NORMAL:   1.7   DPTR FM NORMAL:   -1.71    2 = FOG REDUCING VISIBILITY
HIGHEST:    98 ON 18    GRTST 24HR  0.22 ON  4- 4      TO 1/4 MILE OR LESS
LOWEST:     52 ON  4                               3 = THUNDER
                        SNOW, ICE PELLETS, HAIL    4 = ICE PELLETS
                        TOTAL MONTH:   0.0 INCH    5 = HAIL
                        GRTST 24HR     0.0         6 = FREEZING RAIN OR DRIZZLE
                        GRTST DEPTH:   0           7 = DUSTSTORM OR SANDSTORM:
                                                       VSBY 1/2 MILE OR LESS
                                                   8 = SMOKE OR HAZE
[NO. OF DAYS WITH]      [WEATHER - DAYS WITH]      9 = BLOWING SNOW
                                                   X = TORNADO
MAX 32 OR BELOW:   0    0.01 INCH OR MORE:   5
MAX 90 OR ABOVE:  18    0.10 INCH OR MORE:   1
MIN 32 OR BELOW:   0    0.50 INCH OR MORE:   0
MIN  0 OR BELOW:   0    1.00 INCH OR MORE:   0

[HDD (BASE 65) ]
TOTAL THIS MO.     0    CLEAR  (SCALE 0-3)  21
DPTR FM NORMAL     0    PTCLDY (SCALE 4-7)   4
TOTAL FM JUL 1     0    CLOUDY (SCALE 8-10)  0
DPTR FM NORMAL     0

[CDD (BASE 65) ]
TOTAL THIS MO.   293
DPTR FM NORMAL    47    [PRESSURE DATA]
TOTAL FM JAN 1   523    HIGHEST SLP M ON M
DPTR FM NORMAL    43    LOWEST  SLP 29.67 ON 11

[REMARKS]
