000
CXUS55 KABQ 161000
CF6CAO
PRELIMINARY LOCAL CLIMATOLOGICAL DATA (WS FORM: F-6)

                                          STATION:   CLAYTON  NM
                                          MONTH:     JANUARY
                                          YEAR:      2018
                                          LATITUDE:   36 27 N
                                          LONGITUDE: 103  9 W

  TEMPERATURE IN F:       :PCPN:    SNOW:  WIND      :SUNSHINE: SKY     :PK WND
================================================================================
1   2   3   4   5  6A  6B    7    8   9   10  11  12  13   14  15   16   17  18
                                     12Z  AVG MX 2MIN
DY MAX MIN AVG DEP HDD CDD  WTR  SNW DPTH SPD SPD DIR MIN PSBL S-S WX    SPD DR
================================================================================

 1  24   1  13 -22  52   0 0.00  0.0    0 13.6 23 200   M    M   0        27 180
 2  41  -2  20 -15  45   0 0.00  0.0    0 10.6 24 360   M    M   0        30 360
 3  50  21  36   1  29   0 0.00  0.0    0  9.8 20 320   M    M   0        23 310
 4  56  17  37   2  28   0 0.00  0.0    0  8.7 20 350   M    M   0        24  10
 5  56  24  40   5  25   0 0.00  0.0    0  9.2 15 190   M    M   0 8      18 190
 6  56  33  45  10  20   0 0.00  0.0    0 12.5 22 180   M    M   0        28 260
 7  56  28  42   7  23   0    T  0.0    0 15.1 33 360   M    M   1        42 350
 8  56  27  42   7  23   0 0.00  0.0    0 11.8 20 200   M    M   0        25 240
 9  75  44  60  25   5   0 0.00  0.0    0 12.3 21 210   M    M   0 8      26 210
10  64  36  50  15  15   0    T  0.0    0 17.6 39 350   M    M   1        52 340
11  41  20  31  -4  34   0    T    T    0 14.9 39 360   M    M   1        48 360
12  60  17  39   4  26   0 0.00  0.0    0 11.5 26 340   M    M   3        34 350
13  49  18  34  -1  31   0 0.00  0.0    0 11.3 25 210   M    M   0        32 210
14  52  25  39   3  26   0 0.00  0.0    0 12.9 22 350   M    M   0        25 200
15  42   9  26 -10  39   0    T  0.0    0 19.1 35  10   M    M   8 16     43  10
================================================================================
SM  778  318       421   0    T     T    190.9          M       14
================================================================================
AV 51.9 21.2                              12.7 FASTST   M    M   1    MAX(MPH)
                                 MISC ---->  # 39 350               # 52  340
================================================================================
NOTES:
# LAST OF SEVERAL OCCURRENCES

COLUMN 17 PEAK WIND IN M.P.H.

PRELIMINARY LOCAL CLIMATOLOGICAL DATA (WS FORM: F-6) , PAGE 2

                                          STATION:  CLAYTON  NM
                                          MONTH:    JANUARY
                                          YEAR:     2018
                                          LATITUDE:   36 27 N
                                          LONGITUDE: 103  9 W

[TEMPERATURE DATA]      [PRECIPITATION DATA]       SYMBOLS USED IN COLUMN 16

AVERAGE MONTHLY: 36.5   TOTAL FOR MONTH:      T    1 = FOG OR MIST
DPTR FM NORMAL:   1.4   DPTR FM NORMAL:   -0.13    2 = FOG REDUCING VISIBILITY
HIGHEST:    75 ON  9    GRTST 24HR    T  ON 15-15      TO 1/4 MILE OR LESS
LOWEST:     -2 ON  2                               3 = THUNDER
                        SNOW, ICE PELLETS, HAIL    4 = ICE PELLETS
                        TOTAL MONTH:    T          5 = HAIL
                        GRTST 24HR    T  ON 11-11  6 = FREEZING RAIN OR DRIZZLE
                        GRTST DEPTH:   0           7 = DUSTSTORM OR SANDSTORM:
                                                       VSBY 1/2 MILE OR LESS
                                                   8 = SMOKE OR HAZE
[NO. OF DAYS WITH]      [WEATHER - DAYS WITH]      9 = BLOWING SNOW
                                                   X = TORNADO
MAX 32 OR BELOW:   1    0.01 INCH OR MORE:   0
MAX 90 OR ABOVE:   0    0.10 INCH OR MORE:   0
MIN 32 OR BELOW:  12    0.50 INCH OR MORE:   0
MIN  0 OR BELOW:   1    1.00 INCH OR MORE:   0

[HDD (BASE 65) ]
TOTAL THIS MO.   421    CLEAR  (SCALE 0-3)  14
DPTR FM NORMAL   -29    PTCLDY (SCALE 4-7)   1
TOTAL FM JUL 1  2183    CLOUDY (SCALE 8-10)  0
DPTR FM NORMAL  -255

[CDD (BASE 65) ]
TOTAL THIS MO.     0
DPTR FM NORMAL     0    [PRESSURE DATA]
TOTAL FM JAN 1     0    HIGHEST SLP M ON M
DPTR FM NORMAL     0    LOWEST  SLP 29.58 ON 10

[REMARKS]
